{"version":"1.0","provider_name":"Chambre Belge des Traducteurs et Interpr\u00e8tes | Belgische Kamer van Vertalers en Tolken","provider_url":"https:\/\/www.cbti-bkvt.org\/de\/","author_name":"CBTI Team","author_url":"https:\/\/www.cbti-bkvt.org\/de\/author\/cbtitrad__gestion\/","title":"Saint-J\u00e9r\u00f4me: excursion \u00e0 Ypres - Chambre Belge des Traducteurs et Interpr\u00e8tes | Belgische Kamer van Vertalers en Tolken","type":"rich","width":600,"height":338,"html":"<blockquote class=\"wp-embedded-content\" data-secret=\"a37IdaQKx1\"><a href=\"https:\/\/www.cbti-bkvt.org\/de\/evenement\/saint-jerome-excursion-a-ypres\/\">Saint-J\u00e9r\u00f4me: excursion \u00e0 Ypres<\/a><\/blockquote><iframe sandbox=\"allow-scripts\" security=\"restricted\" src=\"https:\/\/www.cbti-bkvt.org\/de\/evenement\/saint-jerome-excursion-a-ypres\/embed\/#?secret=a37IdaQKx1\" width=\"600\" height=\"338\" title=\"&#8220;Saint-J\u00e9r\u00f4me: excursion \u00e0 Ypres&#8221; &#8212; Chambre Belge des Traducteurs et Interpr\u00e8tes | Belgische Kamer van Vertalers en Tolken\" data-secret=\"a37IdaQKx1\" frameborder=\"0\" marginwidth=\"0\" marginheight=\"0\" scrolling=\"no\" class=\"wp-embedded-content\"><\/iframe><script>\n\/*! This file is auto-generated *\/\n!function(d,l){\"use strict\";l.querySelector&&d.addEventListener&&\"undefined\"!=typeof URL&&(d.wp=d.wp||{},d.wp.receiveEmbedMessage||(d.wp.receiveEmbedMessage=function(e){var t=e.data;if((t||t.secret||t.message||t.value)&&!\/[^a-zA-Z0-9]\/.test(t.secret)){for(var s,r,n,a=l.querySelectorAll('iframe[data-secret=\"'+t.secret+'\"]'),o=l.querySelectorAll('blockquote[data-secret=\"'+t.secret+'\"]'),c=new RegExp(\"^https?:$\",\"i\"),i=0;i<o.length;i++)o[i].style.display=\"none\";for(i=0;i<a.length;i++)s=a[i],e.source===s.contentWindow&&(s.removeAttribute(\"style\"),\"height\"===t.message?(1e3<(r=parseInt(t.value,10))?r=1e3:~~r<200&&(r=200),s.height=r):\"link\"===t.message&&(r=new URL(s.getAttribute(\"src\")),n=new URL(t.value),c.test(n.protocol))&&n.host===r.host&&l.activeElement===s&&(d.top.location.href=t.value))}},d.addEventListener(\"message\",d.wp.receiveEmbedMessage,!1),l.addEventListener(\"DOMContentLoaded\",function(){for(var e,t,s=l.querySelectorAll(\"iframe.wp-embedded-content\"),r=0;r<s.length;r++)(t=(e=s[r]).getAttribute(\"data-secret\"))||(t=Math.random().toString(36).substring(2,12),e.src+=\"#?secret=\"+t,e.setAttribute(\"data-secret\",t)),e.contentWindow.postMessage({message:\"ready\",secret:t},\"*\")},!1)))}(window,document);\n\/\/# sourceURL=https:\/\/www.cbti-bkvt.org\/wp-includes\/js\/wp-embed.min.js\n<\/script>\n","thumbnail_url":"https:\/\/www.cbti-bkvt.org\/wp-content\/uploads\/1024px-Ypres_grand_place-2-768x504.jpg","thumbnail_width":600,"thumbnail_height":394,"description":"La CBTI organise une journ\u00e9e d&#8217;excursion \u00e0 Ypres \u00e0 l&#8217;occasion de la Saint-J\u00e9r\u00f4me. 2014 \u00e9tant l&#8217;ann\u00e9e des comm\u00e9morations du centenaire de la Premi\u00e8re Guerre mondiale, le moment semble id\u00e9al pour visiter Ypres et le Westhoek. Le programme sera le suivant: 11h00Accueil et caf\u00e9 au restaurant Au Miroir (Grote Markt 12, 8900 Ypres). 11h30Visite du mus\u00e9e&hellip;&nbsp;Read More &raquo;"}

Chambre Belge des Traducteurs et Interprètes | Belgische Kamer van Vertalers en Tolken

Saint-Jérôme: excursion à Ypres - Chambre Belge des Traducteurs et Interprètes | Belgische Kamer van Vertalers en Tolken

<blockquote class="wp-embedded-content" data-secret="a37IdaQKx1"><a href="https://www.cbti-bkvt.org/de/evenement/saint-jerome-excursion-a-ypres/">Saint-Jérôme: excursion à Ypres</a></blockquote><iframe sandbox="allow-scripts" security="restricted" src="https://www.cbti-bkvt.org/de/evenement/saint-jerome-excursion-a-ypres/embed/#?secret=a37IdaQKx1" width="600" height="338" title="&#8220;Saint-Jérôme: excursion à Ypres&#8221; &#8212; Chambre Belge des Traducteurs et Interprètes | Belgische Kamer van Vertalers en Tolken" data-secret="a37IdaQKx1" frameborder="0" marginwidth="0" marginheight="0" scrolling="no" class="wp-embedded-content"></iframe><script>
/*! This file is auto-generated */
!function(d,l){"use strict";l.querySelector&&d.addEventListener&&"undefined"!=typeof URL&&(d.wp=d.wp||{},d.wp.receiveEmbedMessage||(d.wp.receiveEmbedMessage=function(e){var t=e.data;if((t||t.secret||t.message||t.value)&&!/[^a-zA-Z0-9]/.test(t.secret)){for(var s,r,n,a=l.querySelectorAll('iframe[data-secret="'+t.secret+'"]'),o=l.querySelectorAll('blockquote[data-secret="'+t.secret+'"]'),c=new RegExp("^https?:$","i"),i=0;i<o.length;i++)o[i].style.display="none";for(i=0;i<a.length;i++)s=a[i],e.source===s.contentWindow&&(s.removeAttribute("style"),"height"===t.message?(1e3<(r=parseInt(t.value,10))?r=1e3:~~r<200&&(r=200),s.height=r):"link"===t.message&&(r=new URL(s.getAttribute("src")),n=new URL(t.value),c.test(n.protocol))&&n.host===r.host&&l.activeElement===s&&(d.top.location.href=t.value))}},d.addEventListener("message",d.wp.receiveEmbedMessage,!1),l.addEventListener("DOMContentLoaded",function(){for(var e,t,s=l.querySelectorAll("iframe.wp-embedded-content"),r=0;r<s.length;r++)(t=(e=s[r]).getAttribute("data-secret"))||(t=Math.random().toString(36).substring(2,12),e.src+="#?secret="+t,e.setAttribute("data-secret",t)),e.contentWindow.postMessage({message:"ready",secret:t},"*")},!1)))}(window,document);
//# sourceURL=https://www.cbti-bkvt.org/wp-includes/js/wp-embed.min.js
</script>

La CBTI organise une journée d&#8217;excursion à Ypres à l&#8217;occasion de la Saint-Jérôme. 2014 étant l&#8217;année des commémorations du centenaire de la Première Guerre mondiale, le moment semble idéal pour visiter Ypres et le Westhoek. Le programme sera le suivant: 11h00Accueil et café au restaurant Au Miroir (Grote Markt 12, 8900 Ypres). 11h30Visite du musée&hellip;&nbsp;Read More &raquo;
