{"version":"1.0","provider_name":"Chambre Belge des Traducteurs et Interpr\u00e8tes | Belgische Kamer van Vertalers en Tolken","provider_url":"https:\/\/www.cbti-bkvt.org\/de\/","author_name":"CBTI Team","author_url":"https:\/\/www.cbti-bkvt.org\/de\/author\/cbtitrad__gestion\/","title":"La CBTI cr\u00e9e une Commission sectorielle \"Interpr\u00e8tes\" - Chambre Belge des Traducteurs et Interpr\u00e8tes | Belgische Kamer van Vertalers en Tolken","type":"rich","width":600,"height":338,"html":"<blockquote class=\"wp-embedded-content\" data-secret=\"yS1IHRa6S1\"><a href=\"https:\/\/www.cbti-bkvt.org\/de\/la-cbti-cree-une-commission-sectorielle-interpretes\/\">La CBTI cr\u00e9e une Commission sectorielle &#8220;Interpr\u00e8tes&#8221;<\/a><\/blockquote><iframe sandbox=\"allow-scripts\" security=\"restricted\" src=\"https:\/\/www.cbti-bkvt.org\/de\/la-cbti-cree-une-commission-sectorielle-interpretes\/embed\/#?secret=yS1IHRa6S1\" width=\"600\" height=\"338\" title=\"&#8220;La CBTI cr\u00e9e une Commission sectorielle &#8220;Interpr\u00e8tes&#8221;&#8221; &#8212; Chambre Belge des Traducteurs et Interpr\u00e8tes | Belgische Kamer van Vertalers en Tolken\" data-secret=\"yS1IHRa6S1\" frameborder=\"0\" marginwidth=\"0\" marginheight=\"0\" scrolling=\"no\" class=\"wp-embedded-content\"><\/iframe><script>\n\/*! This file is auto-generated *\/\n!function(d,l){\"use strict\";l.querySelector&&d.addEventListener&&\"undefined\"!=typeof URL&&(d.wp=d.wp||{},d.wp.receiveEmbedMessage||(d.wp.receiveEmbedMessage=function(e){var t=e.data;if((t||t.secret||t.message||t.value)&&!\/[^a-zA-Z0-9]\/.test(t.secret)){for(var s,r,n,a=l.querySelectorAll('iframe[data-secret=\"'+t.secret+'\"]'),o=l.querySelectorAll('blockquote[data-secret=\"'+t.secret+'\"]'),c=new RegExp(\"^https?:$\",\"i\"),i=0;i<o.length;i++)o[i].style.display=\"none\";for(i=0;i<a.length;i++)s=a[i],e.source===s.contentWindow&&(s.removeAttribute(\"style\"),\"height\"===t.message?(1e3<(r=parseInt(t.value,10))?r=1e3:~~r<200&&(r=200),s.height=r):\"link\"===t.message&&(r=new URL(s.getAttribute(\"src\")),n=new URL(t.value),c.test(n.protocol))&&n.host===r.host&&l.activeElement===s&&(d.top.location.href=t.value))}},d.addEventListener(\"message\",d.wp.receiveEmbedMessage,!1),l.addEventListener(\"DOMContentLoaded\",function(){for(var e,t,s=l.querySelectorAll(\"iframe.wp-embedded-content\"),r=0;r<s.length;r++)(t=(e=s[r]).getAttribute(\"data-secret\"))||(t=Math.random().toString(36).substring(2,12),e.src+=\"#?secret=\"+t,e.setAttribute(\"data-secret\",t)),e.contentWindow.postMessage({message:\"ready\",secret:t},\"*\")},!1)))}(window,document);\n\/\/# sourceURL=https:\/\/www.cbti-bkvt.org\/wp-includes\/js\/wp-embed.min.js\n<\/script>\n","thumbnail_url":"https:\/\/www.cbti-bkvt.org\/wp-content\/uploads\/Interpreter-min-2-768x576.jpg","thumbnail_width":600,"thumbnail_height":450,"description":"Le 21 novembre 2018, une dizaine d\u2019interpr\u00e8tes se sont r\u00e9unis au si\u00e8ge de la Chambre belge des traducteurs et interpr\u00e8tes, \u00e0 Bruxelles, pour fonder une Commission sectorielle qui se consacrera sp\u00e9cifiquement aux interpr\u00e8tes. Cet organe interne a \u00e9t\u00e9 mis sur pied sur la base d\u2019un r\u00e8glement \u00e9labor\u00e9 par les interpr\u00e8tes membres de la CBTI et&hellip;&nbsp;Read More &raquo;"}

Chambre Belge des Traducteurs et Interprètes | Belgische Kamer van Vertalers en Tolken

La CBTI crée une Commission sectorielle "Interprètes" - Chambre Belge des Traducteurs et Interprètes | Belgische Kamer van Vertalers en Tolken

<blockquote class="wp-embedded-content" data-secret="yS1IHRa6S1"><a href="https://www.cbti-bkvt.org/de/la-cbti-cree-une-commission-sectorielle-interpretes/">La CBTI crée une Commission sectorielle &#8220;Interprètes&#8221;</a></blockquote><iframe sandbox="allow-scripts" security="restricted" src="https://www.cbti-bkvt.org/de/la-cbti-cree-une-commission-sectorielle-interpretes/embed/#?secret=yS1IHRa6S1" width="600" height="338" title="&#8220;La CBTI crée une Commission sectorielle &#8220;Interprètes&#8221;&#8221; &#8212; Chambre Belge des Traducteurs et Interprètes | Belgische Kamer van Vertalers en Tolken" data-secret="yS1IHRa6S1" frameborder="0" marginwidth="0" marginheight="0" scrolling="no" class="wp-embedded-content"></iframe><script>
/*! This file is auto-generated */
!function(d,l){"use strict";l.querySelector&&d.addEventListener&&"undefined"!=typeof URL&&(d.wp=d.wp||{},d.wp.receiveEmbedMessage||(d.wp.receiveEmbedMessage=function(e){var t=e.data;if((t||t.secret||t.message||t.value)&&!/[^a-zA-Z0-9]/.test(t.secret)){for(var s,r,n,a=l.querySelectorAll('iframe[data-secret="'+t.secret+'"]'),o=l.querySelectorAll('blockquote[data-secret="'+t.secret+'"]'),c=new RegExp("^https?:$","i"),i=0;i<o.length;i++)o[i].style.display="none";for(i=0;i<a.length;i++)s=a[i],e.source===s.contentWindow&&(s.removeAttribute("style"),"height"===t.message?(1e3<(r=parseInt(t.value,10))?r=1e3:~~r<200&&(r=200),s.height=r):"link"===t.message&&(r=new URL(s.getAttribute("src")),n=new URL(t.value),c.test(n.protocol))&&n.host===r.host&&l.activeElement===s&&(d.top.location.href=t.value))}},d.addEventListener("message",d.wp.receiveEmbedMessage,!1),l.addEventListener("DOMContentLoaded",function(){for(var e,t,s=l.querySelectorAll("iframe.wp-embedded-content"),r=0;r<s.length;r++)(t=(e=s[r]).getAttribute("data-secret"))||(t=Math.random().toString(36).substring(2,12),e.src+="#?secret="+t,e.setAttribute("data-secret",t)),e.contentWindow.postMessage({message:"ready",secret:t},"*")},!1)))}(window,document);
//# sourceURL=https://www.cbti-bkvt.org/wp-includes/js/wp-embed.min.js
</script>

Le 21 novembre 2018, une dizaine d’interprètes se sont réunis au siège de la Chambre belge des traducteurs et interprètes, à Bruxelles, pour fonder une Commission sectorielle qui se consacrera spécifiquement aux interprètes. Cet organe interne a été mis sur pied sur la base d’un règlement élaboré par les interprètes membres de la CBTI et&hellip;&nbsp;Read More &raquo;
