{"id":25030,"date":"2023-02-05T12:48:03","date_gmt":"2023-02-05T12:48:03","guid":{"rendered":"https:\/\/www.cbti-bkvt.org\/evenement\/conference-beword-2023\/"},"modified":"2023-02-05T12:48:03","modified_gmt":"2023-02-05T12:48:03","slug":"conference-beword-2023","status":"publish","type":"evenement","link":"https:\/\/www.cbti-bkvt.org\/de\/evenement\/conference-beword-2023\/","title":{"rendered":"Conf\u00e9rence BeWord 2023"},"content":{"rendered":"<p><!--Conf\u00e9rence BeWord 2023--><\/p>\n<p>\u00c0 l\u2019occasion de la Journ\u00e9e mondiale de la traduction&nbsp;2023, la Chambre belge des Traducteurs et Interpr\u00e8tes a le plaisir de vous convier \u00e0 sa toute premi\u00e8re conf\u00e9rence internationale organis\u00e9e le 29&nbsp;septembre&nbsp;2023 \u00e0 Charleroi.<\/p>\n<p>Lors de cette conf\u00e9rence int\u00e9gralement en anglais, 6&nbsp;orateurs et oratrices viendront partager leurs conseils et leur exp\u00e9rience autour d\u2019une m\u00eame th\u00e9matique :  <\/p>\n<p><strong><em>Being a Language Professional in&nbsp;2023&nbsp;: Challenges &amp; Opportunities<\/em><\/strong><\/p>\n<p><em>What strategies can an experienced translator or interpreter implement to advance their career? International crises, the generalisation of machine translation and practices such as post-editing are all putting a strain on our daily jobs and force us to adapt. Yet the globalisation and digitalisation of our society create many promising opportunities for linguists. This event will explore what experienced language professionals can do to maintain a flourishing and exciting career.<\/em><\/p>\n<p>Vous pouvez d\u2019ores et d\u00e9j\u00e0 consulter le programme et de plus amples d\u00e9tails sur le site web de l\u2019\u00e9v\u00e9nement&nbsp;: <a href=\"http:\/\/www.beword-conference.be\">http:\/\/www.beword-conference.be<\/a>. Les tickets au tarif pr\u00e9f\u00e9rentiel Early Bird seront mis en vente \u00e0 partir du 1er&nbsp;mars prochain. L\u2019occasion de faire le plein d\u2019id\u00e9es et de r\u00e9seauter entre coll\u00e8gues !<\/p>\n","protected":false},"featured_media":10622,"parent":0,"template":"","meta":{"_acf_changed":false,"pmpro_default_level":"","neve_meta_sidebar":"","neve_meta_container":"","neve_meta_enable_content_width":"","neve_meta_content_width":0,"neve_meta_title_alignment":"","neve_meta_author_avatar":"","neve_post_elements_order":"","neve_meta_disable_header":"","neve_meta_disable_footer":"","neve_meta_disable_title":"","neve_meta_reading_time":"","_links_to":"","_links_to_target":""},"evenement-type":[420],"class_list":["post-25030","evenement","type-evenement","status-publish","has-post-thumbnail","hentry","evenement-type-konferenzen","pmpro-has-access"],"acf":[],"yoast_head":"<!-- This site is optimized with the Yoast SEO plugin v27.4 - https:\/\/yoast.com\/product\/yoast-seo-wordpress\/ -->\n<title>Chambre Belge des Traducteurs et Interpr\u00e8tes | Belgische Kamer van Vertalers en Tolken<\/title>\n<meta name=\"robots\" content=\"index, follow, max-snippet:-1, max-image-preview:large, max-video-preview:-1\" \/>\n<link rel=\"canonical\" href=\"https:\/\/www.cbti-bkvt.org\/de\/evenement\/conference-beword-2023\/\" \/>\n<meta property=\"og:locale\" content=\"de_DE\" \/>\n<meta property=\"og:type\" content=\"article\" \/>\n<meta property=\"og:title\" content=\"Conf\u00e9rence BeWord 2023 - Chambre Belge des Traducteurs et Interpr\u00e8tes | Belgische Kamer van Vertalers en Tolken\" \/>\n<meta property=\"og:description\" content=\"\u00c0 l\u2019occasion de la Journ\u00e9e mondiale de la traduction&nbsp;2023, la Chambre belge des Traducteurs et Interpr\u00e8tes a le plaisir de vous convier \u00e0 sa toute premi\u00e8re conf\u00e9rence internationale organis\u00e9e le 29&nbsp;septembre&nbsp;2023 \u00e0 Charleroi. Lors de cette conf\u00e9rence int\u00e9gralement en anglais, 6&nbsp;orateurs et oratrices viendront partager leurs conseils et leur exp\u00e9rience autour d\u2019une m\u00eame th\u00e9matique :&hellip;&nbsp;Read More &raquo;Conf\u00e9rence BeWord 2023\" \/>\n<meta property=\"og:url\" content=\"https:\/\/www.cbti-bkvt.org\/de\/evenement\/conference-beword-2023\/\" \/>\n<meta property=\"og:site_name\" content=\"Chambre Belge des Traducteurs et Interpr\u00e8tes | Belgische Kamer van Vertalers en Tolken\" \/>\n<meta name=\"twitter:card\" content=\"summary_large_image\" \/>\n<meta name=\"twitter:label1\" content=\"Est. reading time\" \/>\n\t<meta name=\"twitter:data1\" content=\"1 minute\" \/>\n<script type=\"application\/ld+json\" class=\"yoast-schema-graph\">{\"@context\":\"https:\\\/\\\/schema.org\",\"@graph\":[{\"@type\":\"WebPage\",\"@id\":\"https:\\\/\\\/www.cbti-bkvt.org\\\/de\\\/evenement\\\/conference-beword-2023\\\/\",\"url\":\"https:\\\/\\\/www.cbti-bkvt.org\\\/de\\\/evenement\\\/conference-beword-2023\\\/\",\"name\":\"Conf\u00e9rence BeWord 2023 - Chambre Belge des Traducteurs et Interpr\u00e8tes | Belgische Kamer van Vertalers en Tolken\",\"isPartOf\":{\"@id\":\"https:\\\/\\\/www.cbti-bkvt.org\\\/de\\\/#website\"},\"primaryImageOfPage\":{\"@id\":\"https:\\\/\\\/www.cbti-bkvt.org\\\/de\\\/evenement\\\/conference-beword-2023\\\/#primaryimage\"},\"image\":{\"@id\":\"https:\\\/\\\/www.cbti-bkvt.org\\\/de\\\/evenement\\\/conference-beword-2023\\\/#primaryimage\"},\"thumbnailUrl\":\"https:\\\/\\\/www.cbti-bkvt.org\\\/wp-content\\\/uploads\\\/visuel-min-5.png\",\"datePublished\":\"2023-02-05T12:48:03+00:00\",\"breadcrumb\":{\"@id\":\"https:\\\/\\\/www.cbti-bkvt.org\\\/de\\\/evenement\\\/conference-beword-2023\\\/#breadcrumb\"},\"inLanguage\":\"de-DE\",\"potentialAction\":[{\"@type\":\"ReadAction\",\"target\":[\"https:\\\/\\\/www.cbti-bkvt.org\\\/de\\\/evenement\\\/conference-beword-2023\\\/\"]}]},{\"@type\":\"ImageObject\",\"inLanguage\":\"de-DE\",\"@id\":\"https:\\\/\\\/www.cbti-bkvt.org\\\/de\\\/evenement\\\/conference-beword-2023\\\/#primaryimage\",\"url\":\"https:\\\/\\\/www.cbti-bkvt.org\\\/wp-content\\\/uploads\\\/visuel-min-5.png\",\"contentUrl\":\"https:\\\/\\\/www.cbti-bkvt.org\\\/wp-content\\\/uploads\\\/visuel-min-5.png\",\"width\":940,\"height\":653},{\"@type\":\"BreadcrumbList\",\"@id\":\"https:\\\/\\\/www.cbti-bkvt.org\\\/de\\\/evenement\\\/conference-beword-2023\\\/#breadcrumb\",\"itemListElement\":[{\"@type\":\"ListItem\",\"position\":1,\"name\":\"Home\",\"item\":\"https:\\\/\\\/www.cbti-bkvt.org\\\/de\\\/\"},{\"@type\":\"ListItem\",\"position\":2,\"name\":\"\u00c9v\u00e8nements\",\"item\":\"https:\\\/\\\/www.cbti-bkvt.org\\\/de\\\/evenement\\\/\"},{\"@type\":\"ListItem\",\"position\":3,\"name\":\"Conf\u00e9rence BeWord 2023\"}]},{\"@type\":\"WebSite\",\"@id\":\"https:\\\/\\\/www.cbti-bkvt.org\\\/de\\\/#website\",\"url\":\"https:\\\/\\\/www.cbti-bkvt.org\\\/de\\\/\",\"name\":\"Chambre Belge des Traducteurs et Interpr\u00e8tes | Belgische Kamer van Vertalers en Tolken\",\"description\":\"M\u00e9tiers de la traduction \u00e9crite, l\u2019interpr\u00e9tation de conf\u00e9rence, la traduction et l\u2019interpr\u00e9tation en milieu judiciaire.\",\"potentialAction\":[{\"@type\":\"SearchAction\",\"target\":{\"@type\":\"EntryPoint\",\"urlTemplate\":\"https:\\\/\\\/www.cbti-bkvt.org\\\/de\\\/?s={search_term_string}\"},\"query-input\":{\"@type\":\"PropertyValueSpecification\",\"valueRequired\":true,\"valueName\":\"search_term_string\"}}],\"inLanguage\":\"de-DE\"}]}<\/script>\n<!-- \/ Yoast SEO plugin. -->","yoast_head_json":{"title":"Chambre Belge des Traducteurs et Interpr\u00e8tes | Belgische Kamer van Vertalers en Tolken","robots":{"index":"index","follow":"follow","max-snippet":"max-snippet:-1","max-image-preview":"max-image-preview:large","max-video-preview":"max-video-preview:-1"},"canonical":"https:\/\/www.cbti-bkvt.org\/de\/evenement\/conference-beword-2023\/","og_locale":"de_DE","og_type":"article","og_title":"Conf\u00e9rence BeWord 2023 - Chambre Belge des Traducteurs et Interpr\u00e8tes | Belgische Kamer van Vertalers en Tolken","og_description":"\u00c0 l\u2019occasion de la Journ\u00e9e mondiale de la traduction&nbsp;2023, la Chambre belge des Traducteurs et Interpr\u00e8tes a le plaisir de vous convier \u00e0 sa toute premi\u00e8re conf\u00e9rence internationale organis\u00e9e le 29&nbsp;septembre&nbsp;2023 \u00e0 Charleroi. Lors de cette conf\u00e9rence int\u00e9gralement en anglais, 6&nbsp;orateurs et oratrices viendront partager leurs conseils et leur exp\u00e9rience autour d\u2019une m\u00eame th\u00e9matique :&hellip;&nbsp;Read More &raquo;Conf\u00e9rence BeWord 2023","og_url":"https:\/\/www.cbti-bkvt.org\/de\/evenement\/conference-beword-2023\/","og_site_name":"Chambre Belge des Traducteurs et Interpr\u00e8tes | Belgische Kamer van Vertalers en Tolken","twitter_card":"summary_large_image","twitter_misc":{"Est. reading time":"1 minute"},"schema":{"@context":"https:\/\/schema.org","@graph":[{"@type":"WebPage","@id":"https:\/\/www.cbti-bkvt.org\/de\/evenement\/conference-beword-2023\/","url":"https:\/\/www.cbti-bkvt.org\/de\/evenement\/conference-beword-2023\/","name":"Conf\u00e9rence BeWord 2023 - Chambre Belge des Traducteurs et Interpr\u00e8tes | Belgische Kamer van Vertalers en Tolken","isPartOf":{"@id":"https:\/\/www.cbti-bkvt.org\/de\/#website"},"primaryImageOfPage":{"@id":"https:\/\/www.cbti-bkvt.org\/de\/evenement\/conference-beword-2023\/#primaryimage"},"image":{"@id":"https:\/\/www.cbti-bkvt.org\/de\/evenement\/conference-beword-2023\/#primaryimage"},"thumbnailUrl":"https:\/\/www.cbti-bkvt.org\/wp-content\/uploads\/visuel-min-5.png","datePublished":"2023-02-05T12:48:03+00:00","breadcrumb":{"@id":"https:\/\/www.cbti-bkvt.org\/de\/evenement\/conference-beword-2023\/#breadcrumb"},"inLanguage":"de-DE","potentialAction":[{"@type":"ReadAction","target":["https:\/\/www.cbti-bkvt.org\/de\/evenement\/conference-beword-2023\/"]}]},{"@type":"ImageObject","inLanguage":"de-DE","@id":"https:\/\/www.cbti-bkvt.org\/de\/evenement\/conference-beword-2023\/#primaryimage","url":"https:\/\/www.cbti-bkvt.org\/wp-content\/uploads\/visuel-min-5.png","contentUrl":"https:\/\/www.cbti-bkvt.org\/wp-content\/uploads\/visuel-min-5.png","width":940,"height":653},{"@type":"BreadcrumbList","@id":"https:\/\/www.cbti-bkvt.org\/de\/evenement\/conference-beword-2023\/#breadcrumb","itemListElement":[{"@type":"ListItem","position":1,"name":"Home","item":"https:\/\/www.cbti-bkvt.org\/de\/"},{"@type":"ListItem","position":2,"name":"\u00c9v\u00e8nements","item":"https:\/\/www.cbti-bkvt.org\/de\/evenement\/"},{"@type":"ListItem","position":3,"name":"Conf\u00e9rence BeWord 2023"}]},{"@type":"WebSite","@id":"https:\/\/www.cbti-bkvt.org\/de\/#website","url":"https:\/\/www.cbti-bkvt.org\/de\/","name":"Chambre Belge des Traducteurs et Interpr\u00e8tes | Belgische Kamer van Vertalers en Tolken","description":"M\u00e9tiers de la traduction \u00e9crite, l\u2019interpr\u00e9tation de conf\u00e9rence, la traduction et l\u2019interpr\u00e9tation en milieu judiciaire.","potentialAction":[{"@type":"SearchAction","target":{"@type":"EntryPoint","urlTemplate":"https:\/\/www.cbti-bkvt.org\/de\/?s={search_term_string}"},"query-input":{"@type":"PropertyValueSpecification","valueRequired":true,"valueName":"search_term_string"}}],"inLanguage":"de-DE"}]}},"_links":{"self":[{"href":"https:\/\/www.cbti-bkvt.org\/de\/wp-json\/wp\/v2\/evenement\/25030","targetHints":{"allow":["GET"]}}],"collection":[{"href":"https:\/\/www.cbti-bkvt.org\/de\/wp-json\/wp\/v2\/evenement"}],"about":[{"href":"https:\/\/www.cbti-bkvt.org\/de\/wp-json\/wp\/v2\/types\/evenement"}],"wp:featuredmedia":[{"embeddable":true,"href":"https:\/\/www.cbti-bkvt.org\/de\/wp-json\/wp\/v2\/media\/10622"}],"wp:attachment":[{"href":"https:\/\/www.cbti-bkvt.org\/de\/wp-json\/wp\/v2\/media?parent=25030"}],"wp:term":[{"taxonomy":"evenement-type","embeddable":true,"href":"https:\/\/www.cbti-bkvt.org\/de\/wp-json\/wp\/v2\/evenement-type?post=25030"}],"curies":[{"name":"wp","href":"https:\/\/api.w.org\/{rel}","templated":true}]}}

Conférence BeWord 2023

<p><!--Conférence BeWord 2023--></p>
<p>À l’occasion de la Journée mondiale de la traduction&nbsp;2023, la Chambre belge des Traducteurs et Interprètes a le plaisir de vous convier à sa toute première conférence internationale organisée le 29&nbsp;septembre&nbsp;2023 à Charleroi.</p>
<p>Lors de cette conférence intégralement en anglais, 6&nbsp;orateurs et oratrices viendront partager leurs conseils et leur expérience autour d’une même thématique :  </p>
<p><strong><em>Being a Language Professional in&nbsp;2023&nbsp;: Challenges &amp; Opportunities</em></strong></p>
<p><em>What strategies can an experienced translator or interpreter implement to advance their career? International crises, the generalisation of machine translation and practices such as post-editing are all putting a strain on our daily jobs and force us to adapt. Yet the globalisation and digitalisation of our society create many promising opportunities for linguists. This event will explore what experienced language professionals can do to maintain a flourishing and exciting career.</em></p>
<p>Vous pouvez d’ores et déjà consulter le programme et de plus amples détails sur le site web de l’événement&nbsp;: <a href="http://www.beword-conference.be">http://www.beword-conference.be</a>. Les tickets au tarif préférentiel Early Bird seront mis en vente à partir du 1er&nbsp;mars prochain. L’occasion de faire le plein d’idées et de réseauter entre collègues !</p>

<!-- This site is optimized with the Yoast SEO plugin v27.4 - https://yoast.com/product/yoast-seo-wordpress/ -->
<title>Chambre Belge des Traducteurs et Interprètes | Belgische Kamer van Vertalers en Tolken</title>
<meta name="robots" content="index, follow, max-snippet:-1, max-image-preview:large, max-video-preview:-1" />
<link rel="canonical" href="https://www.cbti-bkvt.org/de/evenement/conference-beword-2023/" />
<meta property="og:locale" content="de_DE" />
<meta property="og:type" content="article" />
<meta property="og:title" content="Conférence BeWord 2023 - Chambre Belge des Traducteurs et Interprètes | Belgische Kamer van Vertalers en Tolken" />
<meta property="og:description" content="À l’occasion de la Journée mondiale de la traduction&nbsp;2023, la Chambre belge des Traducteurs et Interprètes a le plaisir de vous convier à sa toute première conférence internationale organisée le 29&nbsp;septembre&nbsp;2023 à Charleroi. Lors de cette conférence intégralement en anglais, 6&nbsp;orateurs et oratrices viendront partager leurs conseils et leur expérience autour d’une même thématique :&hellip;&nbsp;Read More &raquo;Conférence BeWord 2023" />
<meta property="og:url" content="https://www.cbti-bkvt.org/de/evenement/conference-beword-2023/" />
<meta property="og:site_name" content="Chambre Belge des Traducteurs et Interprètes | Belgische Kamer van Vertalers en Tolken" />
<meta name="twitter:card" content="summary_large_image" />
<meta name="twitter:label1" content="Est. reading time" />
	<meta name="twitter:data1" content="1 minute" />
<script type="application/ld+json" class="yoast-schema-graph">{"@context":"https:\/\/schema.org","@graph":[{"@type":"WebPage","@id":"https:\/\/www.cbti-bkvt.org\/de\/evenement\/conference-beword-2023\/","url":"https:\/\/www.cbti-bkvt.org\/de\/evenement\/conference-beword-2023\/","name":"Conférence BeWord 2023 - Chambre Belge des Traducteurs et Interprètes | Belgische Kamer van Vertalers en Tolken","isPartOf":{"@id":"https:\/\/www.cbti-bkvt.org\/de\/#website"},"primaryImageOfPage":{"@id":"https:\/\/www.cbti-bkvt.org\/de\/evenement\/conference-beword-2023\/#primaryimage"},"image":{"@id":"https:\/\/www.cbti-bkvt.org\/de\/evenement\/conference-beword-2023\/#primaryimage"},"thumbnailUrl":"https:\/\/www.cbti-bkvt.org\/wp-content\/uploads\/visuel-min-5.png","datePublished":"2023-02-05T12:48:03+00:00","breadcrumb":{"@id":"https:\/\/www.cbti-bkvt.org\/de\/evenement\/conference-beword-2023\/#breadcrumb"},"inLanguage":"de-DE","potentialAction":[{"@type":"ReadAction","target":["https:\/\/www.cbti-bkvt.org\/de\/evenement\/conference-beword-2023\/"]}]},{"@type":"ImageObject","inLanguage":"de-DE","@id":"https:\/\/www.cbti-bkvt.org\/de\/evenement\/conference-beword-2023\/#primaryimage","url":"https:\/\/www.cbti-bkvt.org\/wp-content\/uploads\/visuel-min-5.png","contentUrl":"https:\/\/www.cbti-bkvt.org\/wp-content\/uploads\/visuel-min-5.png","width":940,"height":653},{"@type":"BreadcrumbList","@id":"https:\/\/www.cbti-bkvt.org\/de\/evenement\/conference-beword-2023\/#breadcrumb","itemListElement":[{"@type":"ListItem","position":1,"name":"Home","item":"https:\/\/www.cbti-bkvt.org\/de\/"},{"@type":"ListItem","position":2,"name":"Évènements","item":"https:\/\/www.cbti-bkvt.org\/de\/evenement\/"},{"@type":"ListItem","position":3,"name":"Conférence BeWord 2023"}]},{"@type":"WebSite","@id":"https:\/\/www.cbti-bkvt.org\/de\/#website","url":"https:\/\/www.cbti-bkvt.org\/de\/","name":"Chambre Belge des Traducteurs et Interprètes | Belgische Kamer van Vertalers en Tolken","description":"Métiers de la traduction écrite, l’interprétation de conférence, la traduction et l’interprétation en milieu judiciaire.","potentialAction":[{"@type":"SearchAction","target":{"@type":"EntryPoint","urlTemplate":"https:\/\/www.cbti-bkvt.org\/de\/?s={search_term_string}"},"query-input":{"@type":"PropertyValueSpecification","valueRequired":true,"valueName":"search_term_string"}}],"inLanguage":"de-DE"}]}</script>
<!-- / Yoast SEO plugin. -->

Chambre Belge des Traducteurs et Interprètes | Belgische Kamer van Vertalers en Tolken

Conférence BeWord 2023 - Chambre Belge des Traducteurs et Interprètes | Belgische Kamer van Vertalers en Tolken

À l’occasion de la Journée mondiale de la traduction&nbsp;2023, la Chambre belge des Traducteurs et Interprètes a le plaisir de vous convier à sa toute première conférence internationale organisée le 29&nbsp;septembre&nbsp;2023 à Charleroi. Lors de cette conférence intégralement en anglais, 6&nbsp;orateurs et oratrices viendront partager leurs conseils et leur expérience autour d’une même thématique :&hellip;&nbsp;Read More &raquo;Conférence BeWord 2023

Évènements

Métiers de la traduction écrite, l’interprétation de conférence, la traduction et l’interprétation en milieu judiciaire.
