{"id":25149,"date":"2014-03-06T09:51:46","date_gmt":"2014-03-06T09:51:46","guid":{"rendered":"https:\/\/www.cbti-bkvt.org\/evenement\/atelier-determination-des-tarifs-pour-les-debutants\/"},"modified":"2014-03-06T09:51:46","modified_gmt":"2014-03-06T09:51:46","slug":"atelier-determination-des-tarifs-pour-les-debutants","status":"publish","type":"evenement","link":"https:\/\/www.cbti-bkvt.org\/de\/evenement\/atelier-determination-des-tarifs-pour-les-debutants\/","title":{"rendered":"Atelier: d\u00e9termination des tarifs pour les d\u00e9butants"},"content":{"rendered":"<p>Comment d\u00e9terminer un tarif correct? Comment augmenter mon tarif? Comment convaincre le client de mon tarif? Quand accorder des r\u00e9ductions? <\/p>\n<p>L&#8217;atelier a pour objectif de vous inspirer: il vous appartiendra ensuite de consentir des efforts lors de la n\u00e9gociation!<\/p>\n<p>L\u2019atelier se d\u00e9roule en fran\u00e7ais et n\u00e9erlandais, avec soutien ad hoc dans l\u2019autre langue pour autant que n\u00e9cessaire.<\/p>\n<p>L\u2019atelier sera anim\u00e9 par <b>Agn\u00e8s Feltkamp<\/b>, install\u00e9e depuis 1994 en tant que traductrice de textes m\u00e9dicaux en n\u00e9erlandais, membre de la CBTI depuis 1997.<\/p>\n<h4>Participation aux frais et inscription<br \/><\/h4>\n<p>Membres et \u00e9quivalents 40 euros, non-membres 70 euros<em>. <br \/>Les participants recevront une quittance pour leur comptabilit\u00e9.<br \/>Paiement par virement avant le 15 avril sur le compte 310-0463867-02 (IBAN: BE32 3100 4638 6702 \u2013 BIC: BBRUBEBB) de la CBTI.<\/p>\n<p><b>Inscription avant le 15 avril<\/b> \u00e0 l&#8217;adresse secretariat@cbtip-bkvtf.org. Une r\u00e9duction de 20% est accord\u00e9e pour les inscriptions et paiements avant le 2 avril.<\/p>\n<p><\/em>la diff\u00e9rence sera rembours\u00e9e aux les personnes qui s\u2019affilient dans les 6 mois<\/p>\n<p><i>Nous remercions St\u00e9phanie Maes pour l\u2019adaptation du texte en fran\u00e7ais<\/i><br \/>NULL<\/p>\n","protected":false},"featured_media":9962,"parent":0,"template":"","meta":{"_acf_changed":false,"pmpro_default_level":"","neve_meta_sidebar":"","neve_meta_container":"","neve_meta_enable_content_width":"","neve_meta_content_width":0,"neve_meta_title_alignment":"","neve_meta_author_avatar":"","neve_post_elements_order":"","neve_meta_disable_header":"","neve_meta_disable_footer":"","neve_meta_disable_title":"","neve_meta_reading_time":"","_links_to":"","_links_to_target":""},"evenement-type":[426],"class_list":["post-25149","evenement","type-evenement","status-publish","has-post-thumbnail","hentry","evenement-type-fortbildung","pmpro-has-access"],"acf":[],"yoast_head":"<!-- This site is optimized with the Yoast SEO plugin v27.4 - https:\/\/yoast.com\/product\/yoast-seo-wordpress\/ -->\n<title>Chambre Belge des Traducteurs et Interpr\u00e8tes | Belgische Kamer van Vertalers en Tolken<\/title>\n<meta name=\"robots\" content=\"index, follow, max-snippet:-1, max-image-preview:large, max-video-preview:-1\" \/>\n<link rel=\"canonical\" href=\"https:\/\/www.cbti-bkvt.org\/de\/evenement\/atelier-determination-des-tarifs-pour-les-debutants\/\" \/>\n<meta property=\"og:locale\" content=\"de_DE\" \/>\n<meta property=\"og:type\" content=\"article\" \/>\n<meta property=\"og:title\" content=\"Atelier: d\u00e9termination des tarifs pour les d\u00e9butants - Chambre Belge des Traducteurs et Interpr\u00e8tes | Belgische Kamer van Vertalers en Tolken\" \/>\n<meta property=\"og:description\" content=\"Comment d\u00e9terminer un tarif correct? Comment augmenter mon tarif? Comment convaincre le client de mon tarif? Quand accorder des r\u00e9ductions? L&#8217;atelier a pour objectif de vous inspirer: il vous appartiendra ensuite de consentir des efforts lors de la n\u00e9gociation! L\u2019atelier se d\u00e9roule en fran\u00e7ais et n\u00e9erlandais, avec soutien ad hoc dans l\u2019autre langue pour autant&hellip;&nbsp;Read More &raquo;Atelier: d\u00e9termination des tarifs pour les d\u00e9butants\" \/>\n<meta property=\"og:url\" content=\"https:\/\/www.cbti-bkvt.org\/de\/evenement\/atelier-determination-des-tarifs-pour-les-debutants\/\" \/>\n<meta property=\"og:site_name\" content=\"Chambre Belge des Traducteurs et Interpr\u00e8tes | Belgische Kamer van Vertalers en Tolken\" \/>\n<meta name=\"twitter:card\" content=\"summary_large_image\" \/>\n<meta name=\"twitter:label1\" content=\"Est. reading time\" \/>\n\t<meta name=\"twitter:data1\" content=\"1 minute\" \/>\n<script type=\"application\/ld+json\" class=\"yoast-schema-graph\">{\"@context\":\"https:\\\/\\\/schema.org\",\"@graph\":[{\"@type\":\"WebPage\",\"@id\":\"https:\\\/\\\/www.cbti-bkvt.org\\\/de\\\/evenement\\\/atelier-determination-des-tarifs-pour-les-debutants\\\/\",\"url\":\"https:\\\/\\\/www.cbti-bkvt.org\\\/de\\\/evenement\\\/atelier-determination-des-tarifs-pour-les-debutants\\\/\",\"name\":\"Atelier: d\u00e9termination des tarifs pour les d\u00e9butants - Chambre Belge des Traducteurs et Interpr\u00e8tes | Belgische Kamer van Vertalers en Tolken\",\"isPartOf\":{\"@id\":\"https:\\\/\\\/www.cbti-bkvt.org\\\/de\\\/#website\"},\"primaryImageOfPage\":{\"@id\":\"https:\\\/\\\/www.cbti-bkvt.org\\\/de\\\/evenement\\\/atelier-determination-des-tarifs-pour-les-debutants\\\/#primaryimage\"},\"image\":{\"@id\":\"https:\\\/\\\/www.cbti-bkvt.org\\\/de\\\/evenement\\\/atelier-determination-des-tarifs-pour-les-debutants\\\/#primaryimage\"},\"thumbnailUrl\":\"https:\\\/\\\/www.cbti-bkvt.org\\\/wp-content\\\/uploads\\\/4334069517_87e11902ca_o-11.jpg\",\"datePublished\":\"2014-03-06T09:51:46+00:00\",\"breadcrumb\":{\"@id\":\"https:\\\/\\\/www.cbti-bkvt.org\\\/de\\\/evenement\\\/atelier-determination-des-tarifs-pour-les-debutants\\\/#breadcrumb\"},\"inLanguage\":\"de-DE\",\"potentialAction\":[{\"@type\":\"ReadAction\",\"target\":[\"https:\\\/\\\/www.cbti-bkvt.org\\\/de\\\/evenement\\\/atelier-determination-des-tarifs-pour-les-debutants\\\/\"]}]},{\"@type\":\"ImageObject\",\"inLanguage\":\"de-DE\",\"@id\":\"https:\\\/\\\/www.cbti-bkvt.org\\\/de\\\/evenement\\\/atelier-determination-des-tarifs-pour-les-debutants\\\/#primaryimage\",\"url\":\"https:\\\/\\\/www.cbti-bkvt.org\\\/wp-content\\\/uploads\\\/4334069517_87e11902ca_o-11.jpg\",\"contentUrl\":\"https:\\\/\\\/www.cbti-bkvt.org\\\/wp-content\\\/uploads\\\/4334069517_87e11902ca_o-11.jpg\",\"width\":1281,\"height\":854},{\"@type\":\"BreadcrumbList\",\"@id\":\"https:\\\/\\\/www.cbti-bkvt.org\\\/de\\\/evenement\\\/atelier-determination-des-tarifs-pour-les-debutants\\\/#breadcrumb\",\"itemListElement\":[{\"@type\":\"ListItem\",\"position\":1,\"name\":\"Home\",\"item\":\"https:\\\/\\\/www.cbti-bkvt.org\\\/de\\\/\"},{\"@type\":\"ListItem\",\"position\":2,\"name\":\"\u00c9v\u00e8nements\",\"item\":\"https:\\\/\\\/www.cbti-bkvt.org\\\/de\\\/evenement\\\/\"},{\"@type\":\"ListItem\",\"position\":3,\"name\":\"Atelier: d\u00e9termination des tarifs pour les d\u00e9butants\"}]},{\"@type\":\"WebSite\",\"@id\":\"https:\\\/\\\/www.cbti-bkvt.org\\\/de\\\/#website\",\"url\":\"https:\\\/\\\/www.cbti-bkvt.org\\\/de\\\/\",\"name\":\"Chambre Belge des Traducteurs et Interpr\u00e8tes | Belgische Kamer van Vertalers en Tolken\",\"description\":\"M\u00e9tiers de la traduction \u00e9crite, l\u2019interpr\u00e9tation de conf\u00e9rence, la traduction et l\u2019interpr\u00e9tation en milieu judiciaire.\",\"potentialAction\":[{\"@type\":\"SearchAction\",\"target\":{\"@type\":\"EntryPoint\",\"urlTemplate\":\"https:\\\/\\\/www.cbti-bkvt.org\\\/de\\\/?s={search_term_string}\"},\"query-input\":{\"@type\":\"PropertyValueSpecification\",\"valueRequired\":true,\"valueName\":\"search_term_string\"}}],\"inLanguage\":\"de-DE\"}]}<\/script>\n<!-- \/ Yoast SEO plugin. -->","yoast_head_json":{"title":"Chambre Belge des Traducteurs et Interpr\u00e8tes | Belgische Kamer van Vertalers en Tolken","robots":{"index":"index","follow":"follow","max-snippet":"max-snippet:-1","max-image-preview":"max-image-preview:large","max-video-preview":"max-video-preview:-1"},"canonical":"https:\/\/www.cbti-bkvt.org\/de\/evenement\/atelier-determination-des-tarifs-pour-les-debutants\/","og_locale":"de_DE","og_type":"article","og_title":"Atelier: d\u00e9termination des tarifs pour les d\u00e9butants - Chambre Belge des Traducteurs et Interpr\u00e8tes | Belgische Kamer van Vertalers en Tolken","og_description":"Comment d\u00e9terminer un tarif correct? Comment augmenter mon tarif? Comment convaincre le client de mon tarif? Quand accorder des r\u00e9ductions? L&#8217;atelier a pour objectif de vous inspirer: il vous appartiendra ensuite de consentir des efforts lors de la n\u00e9gociation! L\u2019atelier se d\u00e9roule en fran\u00e7ais et n\u00e9erlandais, avec soutien ad hoc dans l\u2019autre langue pour autant&hellip;&nbsp;Read More &raquo;Atelier: d\u00e9termination des tarifs pour les d\u00e9butants","og_url":"https:\/\/www.cbti-bkvt.org\/de\/evenement\/atelier-determination-des-tarifs-pour-les-debutants\/","og_site_name":"Chambre Belge des Traducteurs et Interpr\u00e8tes | Belgische Kamer van Vertalers en Tolken","twitter_card":"summary_large_image","twitter_misc":{"Est. reading time":"1 minute"},"schema":{"@context":"https:\/\/schema.org","@graph":[{"@type":"WebPage","@id":"https:\/\/www.cbti-bkvt.org\/de\/evenement\/atelier-determination-des-tarifs-pour-les-debutants\/","url":"https:\/\/www.cbti-bkvt.org\/de\/evenement\/atelier-determination-des-tarifs-pour-les-debutants\/","name":"Atelier: d\u00e9termination des tarifs pour les d\u00e9butants - Chambre Belge des Traducteurs et Interpr\u00e8tes | Belgische Kamer van Vertalers en Tolken","isPartOf":{"@id":"https:\/\/www.cbti-bkvt.org\/de\/#website"},"primaryImageOfPage":{"@id":"https:\/\/www.cbti-bkvt.org\/de\/evenement\/atelier-determination-des-tarifs-pour-les-debutants\/#primaryimage"},"image":{"@id":"https:\/\/www.cbti-bkvt.org\/de\/evenement\/atelier-determination-des-tarifs-pour-les-debutants\/#primaryimage"},"thumbnailUrl":"https:\/\/www.cbti-bkvt.org\/wp-content\/uploads\/4334069517_87e11902ca_o-11.jpg","datePublished":"2014-03-06T09:51:46+00:00","breadcrumb":{"@id":"https:\/\/www.cbti-bkvt.org\/de\/evenement\/atelier-determination-des-tarifs-pour-les-debutants\/#breadcrumb"},"inLanguage":"de-DE","potentialAction":[{"@type":"ReadAction","target":["https:\/\/www.cbti-bkvt.org\/de\/evenement\/atelier-determination-des-tarifs-pour-les-debutants\/"]}]},{"@type":"ImageObject","inLanguage":"de-DE","@id":"https:\/\/www.cbti-bkvt.org\/de\/evenement\/atelier-determination-des-tarifs-pour-les-debutants\/#primaryimage","url":"https:\/\/www.cbti-bkvt.org\/wp-content\/uploads\/4334069517_87e11902ca_o-11.jpg","contentUrl":"https:\/\/www.cbti-bkvt.org\/wp-content\/uploads\/4334069517_87e11902ca_o-11.jpg","width":1281,"height":854},{"@type":"BreadcrumbList","@id":"https:\/\/www.cbti-bkvt.org\/de\/evenement\/atelier-determination-des-tarifs-pour-les-debutants\/#breadcrumb","itemListElement":[{"@type":"ListItem","position":1,"name":"Home","item":"https:\/\/www.cbti-bkvt.org\/de\/"},{"@type":"ListItem","position":2,"name":"\u00c9v\u00e8nements","item":"https:\/\/www.cbti-bkvt.org\/de\/evenement\/"},{"@type":"ListItem","position":3,"name":"Atelier: d\u00e9termination des tarifs pour les d\u00e9butants"}]},{"@type":"WebSite","@id":"https:\/\/www.cbti-bkvt.org\/de\/#website","url":"https:\/\/www.cbti-bkvt.org\/de\/","name":"Chambre Belge des Traducteurs et Interpr\u00e8tes | Belgische Kamer van Vertalers en Tolken","description":"M\u00e9tiers de la traduction \u00e9crite, l\u2019interpr\u00e9tation de conf\u00e9rence, la traduction et l\u2019interpr\u00e9tation en milieu judiciaire.","potentialAction":[{"@type":"SearchAction","target":{"@type":"EntryPoint","urlTemplate":"https:\/\/www.cbti-bkvt.org\/de\/?s={search_term_string}"},"query-input":{"@type":"PropertyValueSpecification","valueRequired":true,"valueName":"search_term_string"}}],"inLanguage":"de-DE"}]}},"_links":{"self":[{"href":"https:\/\/www.cbti-bkvt.org\/de\/wp-json\/wp\/v2\/evenement\/25149","targetHints":{"allow":["GET"]}}],"collection":[{"href":"https:\/\/www.cbti-bkvt.org\/de\/wp-json\/wp\/v2\/evenement"}],"about":[{"href":"https:\/\/www.cbti-bkvt.org\/de\/wp-json\/wp\/v2\/types\/evenement"}],"wp:featuredmedia":[{"embeddable":true,"href":"https:\/\/www.cbti-bkvt.org\/de\/wp-json\/wp\/v2\/media\/9962"}],"wp:attachment":[{"href":"https:\/\/www.cbti-bkvt.org\/de\/wp-json\/wp\/v2\/media?parent=25149"}],"wp:term":[{"taxonomy":"evenement-type","embeddable":true,"href":"https:\/\/www.cbti-bkvt.org\/de\/wp-json\/wp\/v2\/evenement-type?post=25149"}],"curies":[{"name":"wp","href":"https:\/\/api.w.org\/{rel}","templated":true}]}}

Atelier: détermination des tarifs pour les débutants

<p>Comment déterminer un tarif correct? Comment augmenter mon tarif? Comment convaincre le client de mon tarif? Quand accorder des réductions? </p>
<p>L&#8217;atelier a pour objectif de vous inspirer: il vous appartiendra ensuite de consentir des efforts lors de la négociation!</p>
<p>L’atelier se déroule en français et néerlandais, avec soutien ad hoc dans l’autre langue pour autant que nécessaire.</p>
<p>L’atelier sera animé par <b>Agnès Feltkamp</b>, installée depuis 1994 en tant que traductrice de textes médicaux en néerlandais, membre de la CBTI depuis 1997.</p>
<h4>Participation aux frais et inscription<br /></h4>
<p>Membres et équivalents 40 euros, non-membres 70 euros<em>. <br />Les participants recevront une quittance pour leur comptabilité.<br />Paiement par virement avant le 15 avril sur le compte 310-0463867-02 (IBAN: BE32 3100 4638 6702 – BIC: BBRUBEBB) de la CBTI.</p>
<p><b>Inscription avant le 15 avril</b> à l&#8217;adresse secretariat@cbtip-bkvtf.org. Une réduction de 20% est accordée pour les inscriptions et paiements avant le 2 avril.</p>
<p></em>la différence sera remboursée aux les personnes qui s’affilient dans les 6 mois</p>
<p><i>Nous remercions Stéphanie Maes pour l’adaptation du texte en français</i><br />NULL</p>

<!-- This site is optimized with the Yoast SEO plugin v27.4 - https://yoast.com/product/yoast-seo-wordpress/ -->
<title>Chambre Belge des Traducteurs et Interprètes | Belgische Kamer van Vertalers en Tolken</title>
<meta name="robots" content="index, follow, max-snippet:-1, max-image-preview:large, max-video-preview:-1" />
<link rel="canonical" href="https://www.cbti-bkvt.org/de/evenement/atelier-determination-des-tarifs-pour-les-debutants/" />
<meta property="og:locale" content="de_DE" />
<meta property="og:type" content="article" />
<meta property="og:title" content="Atelier: détermination des tarifs pour les débutants - Chambre Belge des Traducteurs et Interprètes | Belgische Kamer van Vertalers en Tolken" />
<meta property="og:description" content="Comment déterminer un tarif correct? Comment augmenter mon tarif? Comment convaincre le client de mon tarif? Quand accorder des réductions? L&#8217;atelier a pour objectif de vous inspirer: il vous appartiendra ensuite de consentir des efforts lors de la négociation! L’atelier se déroule en français et néerlandais, avec soutien ad hoc dans l’autre langue pour autant&hellip;&nbsp;Read More &raquo;Atelier: détermination des tarifs pour les débutants" />
<meta property="og:url" content="https://www.cbti-bkvt.org/de/evenement/atelier-determination-des-tarifs-pour-les-debutants/" />
<meta property="og:site_name" content="Chambre Belge des Traducteurs et Interprètes | Belgische Kamer van Vertalers en Tolken" />
<meta name="twitter:card" content="summary_large_image" />
<meta name="twitter:label1" content="Est. reading time" />
	<meta name="twitter:data1" content="1 minute" />
<script type="application/ld+json" class="yoast-schema-graph">{"@context":"https:\/\/schema.org","@graph":[{"@type":"WebPage","@id":"https:\/\/www.cbti-bkvt.org\/de\/evenement\/atelier-determination-des-tarifs-pour-les-debutants\/","url":"https:\/\/www.cbti-bkvt.org\/de\/evenement\/atelier-determination-des-tarifs-pour-les-debutants\/","name":"Atelier: détermination des tarifs pour les débutants - Chambre Belge des Traducteurs et Interprètes | Belgische Kamer van Vertalers en Tolken","isPartOf":{"@id":"https:\/\/www.cbti-bkvt.org\/de\/#website"},"primaryImageOfPage":{"@id":"https:\/\/www.cbti-bkvt.org\/de\/evenement\/atelier-determination-des-tarifs-pour-les-debutants\/#primaryimage"},"image":{"@id":"https:\/\/www.cbti-bkvt.org\/de\/evenement\/atelier-determination-des-tarifs-pour-les-debutants\/#primaryimage"},"thumbnailUrl":"https:\/\/www.cbti-bkvt.org\/wp-content\/uploads\/4334069517_87e11902ca_o-11.jpg","datePublished":"2014-03-06T09:51:46+00:00","breadcrumb":{"@id":"https:\/\/www.cbti-bkvt.org\/de\/evenement\/atelier-determination-des-tarifs-pour-les-debutants\/#breadcrumb"},"inLanguage":"de-DE","potentialAction":[{"@type":"ReadAction","target":["https:\/\/www.cbti-bkvt.org\/de\/evenement\/atelier-determination-des-tarifs-pour-les-debutants\/"]}]},{"@type":"ImageObject","inLanguage":"de-DE","@id":"https:\/\/www.cbti-bkvt.org\/de\/evenement\/atelier-determination-des-tarifs-pour-les-debutants\/#primaryimage","url":"https:\/\/www.cbti-bkvt.org\/wp-content\/uploads\/4334069517_87e11902ca_o-11.jpg","contentUrl":"https:\/\/www.cbti-bkvt.org\/wp-content\/uploads\/4334069517_87e11902ca_o-11.jpg","width":1281,"height":854},{"@type":"BreadcrumbList","@id":"https:\/\/www.cbti-bkvt.org\/de\/evenement\/atelier-determination-des-tarifs-pour-les-debutants\/#breadcrumb","itemListElement":[{"@type":"ListItem","position":1,"name":"Home","item":"https:\/\/www.cbti-bkvt.org\/de\/"},{"@type":"ListItem","position":2,"name":"Évènements","item":"https:\/\/www.cbti-bkvt.org\/de\/evenement\/"},{"@type":"ListItem","position":3,"name":"Atelier: détermination des tarifs pour les débutants"}]},{"@type":"WebSite","@id":"https:\/\/www.cbti-bkvt.org\/de\/#website","url":"https:\/\/www.cbti-bkvt.org\/de\/","name":"Chambre Belge des Traducteurs et Interprètes | Belgische Kamer van Vertalers en Tolken","description":"Métiers de la traduction écrite, l’interprétation de conférence, la traduction et l’interprétation en milieu judiciaire.","potentialAction":[{"@type":"SearchAction","target":{"@type":"EntryPoint","urlTemplate":"https:\/\/www.cbti-bkvt.org\/de\/?s={search_term_string}"},"query-input":{"@type":"PropertyValueSpecification","valueRequired":true,"valueName":"search_term_string"}}],"inLanguage":"de-DE"}]}</script>
<!-- / Yoast SEO plugin. -->

Chambre Belge des Traducteurs et Interprètes | Belgische Kamer van Vertalers en Tolken

Atelier: détermination des tarifs pour les débutants - Chambre Belge des Traducteurs et Interprètes | Belgische Kamer van Vertalers en Tolken

Comment déterminer un tarif correct? Comment augmenter mon tarif? Comment convaincre le client de mon tarif? Quand accorder des réductions? L&#8217;atelier a pour objectif de vous inspirer: il vous appartiendra ensuite de consentir des efforts lors de la négociation! L’atelier se déroule en français et néerlandais, avec soutien ad hoc dans l’autre langue pour autant&hellip;&nbsp;Read More &raquo;Atelier: détermination des tarifs pour les débutants

Évènements

Métiers de la traduction écrite, l’interprétation de conférence, la traduction et l’interprétation en milieu judiciaire.
