{"id":25235,"date":"2015-11-05T13:08:48","date_gmt":"2015-11-05T13:08:48","guid":{"rendered":"https:\/\/www.cbti-bkvt.org\/evenement\/borrelavond-nivelles\/"},"modified":"2015-11-05T13:08:48","modified_gmt":"2015-11-05T13:08:48","slug":"borrelavond-nivelles","status":"publish","type":"evenement","link":"https:\/\/www.cbti-bkvt.org\/de\/evenement\/borrelavond-nivelles\/","title":{"rendered":"Borrelavond (Nivelles)"},"content":{"rendered":"<p>Chers Amis de la CBTI,<\/p>\n<p>Le  <strong>Borrelavond<\/strong> continue son tour de Wallonie pour s&#8217;\u00e9batlir le temps d&#8217;une soir\u00e9e \u00e0 <strong>Nivelles<\/strong>. Il se tiendra le <strong>vendredi 11 d\u00e9cembre 2015 \u00e0 partir de 18h30<\/strong>. M\u00eame principe qu&#8217;habituellement : vous aurez la possibilit\u00e9 de d\u00e9guster un menu concoct\u00e9 par la <a href=\"http:\/\/brasseriedesarts.be\/\">Brasserie des Arts<\/a> ou simplement de venir boire un verre. Le menu ci-dessous (49,50\u20ac) comporte plusieurs choix pour l&#8217;entr\u00e9e, le plat et le dessert et inclut l&#8217;ap\u00e9ritif, le vin et le caf\u00e9\/th\u00e9. En esp\u00e9rant vous y voir nombreux, nous vous souhaitons une tr\u00e8s agr\u00e9able journ\u00e9e !<\/p>\n<h1>Inscription<\/h1>\n<p>Pour vous inscrire, rien de plus simple. Cliquez sur le lien Doodle <a href=\"http:\/\/doodle.com\/cczp6ttw5fyxus6y\">http:\/\/doodle.com\/cczp6ttw5fyxus6y<\/a> et indiquez votre nom ainsi que votre adresse de courrier \u00e9lectronique. Si vous d\u00e9cidez de manger, merci de nous communiquer par e-mail (<a href=\"mailto:nicolas.stuyckens@translators.be\">nicolas.stuyckens@translators.be<\/a>) l&#8217;entr\u00e9e, le plat et le dessert de votre choix.<\/p>\n<p><strong>R\u00e9ponse souhait\u00e9e avant le 06\/12\/2015.<\/strong><\/p>\n<h1>Menu<\/h1>\n<h3>Entr\u00e9e<\/h3>\n<ul>\n<li>Croquant \u00e0 la tomate et au jambon de Serrano<br \/>\n<em>Ou<\/em>  <\/li>\n<li>Brochette de scampi lard\u00e9s et vinaigrette au miel et citron vert  <\/li>\n<\/ul>\n<h3>Plat principal<\/h3>\n<ul>\n<li>Dos de sandre en croute de maka\u00efence, beurre blanc<br \/>\n<em>Ou<\/em>  <\/li>\n<li>Filet d&#8217;agneau \u00e0 la graine de moutarde<\/li>\n<\/ul>\n<h3>Dessert<\/h3>\n<ul>\n<li>Tiramisu aux sp\u00e9culoos<br \/>\n<em>Ou<\/em>  <\/li>\n<li>Dessert du moment<\/li>\n<\/ul>\n<p>Par personne : ap\u00e9ritif, 1\/2 de litre de vin, eau plate ou p\u00e9tillante, caf\u00e9 ou th\u00e9<\/p>\n","protected":false},"featured_media":10218,"parent":0,"template":"","meta":{"_acf_changed":false,"pmpro_default_level":"","neve_meta_sidebar":"","neve_meta_container":"","neve_meta_enable_content_width":"","neve_meta_content_width":0,"neve_meta_title_alignment":"","neve_meta_author_avatar":"","neve_post_elements_order":"","neve_meta_disable_header":"","neve_meta_disable_footer":"","neve_meta_disable_title":"","neve_meta_reading_time":"","_links_to":"","_links_to_target":""},"evenement-type":[441],"class_list":["post-25235","evenement","type-evenement","status-publish","has-post-thumbnail","hentry","evenement-type-stammtische","pmpro-has-access"],"acf":[],"yoast_head":"<!-- This site is optimized with the Yoast SEO plugin v27.4 - https:\/\/yoast.com\/product\/yoast-seo-wordpress\/ -->\n<title>Chambre Belge des Traducteurs et Interpr\u00e8tes | Belgische Kamer van Vertalers en Tolken<\/title>\n<meta name=\"robots\" content=\"index, follow, max-snippet:-1, max-image-preview:large, max-video-preview:-1\" \/>\n<link rel=\"canonical\" href=\"https:\/\/www.cbti-bkvt.org\/de\/evenement\/borrelavond-nivelles\/\" \/>\n<meta property=\"og:locale\" content=\"de_DE\" \/>\n<meta property=\"og:type\" content=\"article\" \/>\n<meta property=\"og:title\" content=\"Borrelavond (Nivelles) - Chambre Belge des Traducteurs et Interpr\u00e8tes | Belgische Kamer van Vertalers en Tolken\" \/>\n<meta property=\"og:description\" content=\"Chers Amis de la CBTI, Le Borrelavond continue son tour de Wallonie pour s&#8217;\u00e9batlir le temps d&#8217;une soir\u00e9e \u00e0 Nivelles. Il se tiendra le vendredi 11 d\u00e9cembre 2015 \u00e0 partir de 18h30. M\u00eame principe qu&#8217;habituellement : vous aurez la possibilit\u00e9 de d\u00e9guster un menu concoct\u00e9 par la Brasserie des Arts ou simplement de venir boire&hellip;&nbsp;Read More &raquo;Borrelavond (Nivelles)\" \/>\n<meta property=\"og:url\" content=\"https:\/\/www.cbti-bkvt.org\/de\/evenement\/borrelavond-nivelles\/\" \/>\n<meta property=\"og:site_name\" content=\"Chambre Belge des Traducteurs et Interpr\u00e8tes | Belgische Kamer van Vertalers en Tolken\" \/>\n<meta name=\"twitter:card\" content=\"summary_large_image\" \/>\n<meta name=\"twitter:label1\" content=\"Est. reading time\" \/>\n\t<meta name=\"twitter:data1\" content=\"1 minute\" \/>\n<script type=\"application\/ld+json\" class=\"yoast-schema-graph\">{\"@context\":\"https:\\\/\\\/schema.org\",\"@graph\":[{\"@type\":\"WebPage\",\"@id\":\"https:\\\/\\\/www.cbti-bkvt.org\\\/de\\\/evenement\\\/borrelavond-nivelles\\\/\",\"url\":\"https:\\\/\\\/www.cbti-bkvt.org\\\/de\\\/evenement\\\/borrelavond-nivelles\\\/\",\"name\":\"Borrelavond (Nivelles) - Chambre Belge des Traducteurs et Interpr\u00e8tes | Belgische Kamer van Vertalers en Tolken\",\"isPartOf\":{\"@id\":\"https:\\\/\\\/www.cbti-bkvt.org\\\/de\\\/#website\"},\"primaryImageOfPage\":{\"@id\":\"https:\\\/\\\/www.cbti-bkvt.org\\\/de\\\/evenement\\\/borrelavond-nivelles\\\/#primaryimage\"},\"image\":{\"@id\":\"https:\\\/\\\/www.cbti-bkvt.org\\\/de\\\/evenement\\\/borrelavond-nivelles\\\/#primaryimage\"},\"thumbnailUrl\":\"https:\\\/\\\/www.cbti-bkvt.org\\\/wp-content\\\/uploads\\\/Nivelles_JPG00__1__mini-2.jpg\",\"datePublished\":\"2015-11-05T13:08:48+00:00\",\"breadcrumb\":{\"@id\":\"https:\\\/\\\/www.cbti-bkvt.org\\\/de\\\/evenement\\\/borrelavond-nivelles\\\/#breadcrumb\"},\"inLanguage\":\"de-DE\",\"potentialAction\":[{\"@type\":\"ReadAction\",\"target\":[\"https:\\\/\\\/www.cbti-bkvt.org\\\/de\\\/evenement\\\/borrelavond-nivelles\\\/\"]}]},{\"@type\":\"ImageObject\",\"inLanguage\":\"de-DE\",\"@id\":\"https:\\\/\\\/www.cbti-bkvt.org\\\/de\\\/evenement\\\/borrelavond-nivelles\\\/#primaryimage\",\"url\":\"https:\\\/\\\/www.cbti-bkvt.org\\\/wp-content\\\/uploads\\\/Nivelles_JPG00__1__mini-2.jpg\",\"contentUrl\":\"https:\\\/\\\/www.cbti-bkvt.org\\\/wp-content\\\/uploads\\\/Nivelles_JPG00__1__mini-2.jpg\",\"width\":1000,\"height\":750},{\"@type\":\"BreadcrumbList\",\"@id\":\"https:\\\/\\\/www.cbti-bkvt.org\\\/de\\\/evenement\\\/borrelavond-nivelles\\\/#breadcrumb\",\"itemListElement\":[{\"@type\":\"ListItem\",\"position\":1,\"name\":\"Home\",\"item\":\"https:\\\/\\\/www.cbti-bkvt.org\\\/de\\\/\"},{\"@type\":\"ListItem\",\"position\":2,\"name\":\"\u00c9v\u00e8nements\",\"item\":\"https:\\\/\\\/www.cbti-bkvt.org\\\/de\\\/evenement\\\/\"},{\"@type\":\"ListItem\",\"position\":3,\"name\":\"Borrelavond (Nivelles)\"}]},{\"@type\":\"WebSite\",\"@id\":\"https:\\\/\\\/www.cbti-bkvt.org\\\/de\\\/#website\",\"url\":\"https:\\\/\\\/www.cbti-bkvt.org\\\/de\\\/\",\"name\":\"Chambre Belge des Traducteurs et Interpr\u00e8tes | Belgische Kamer van Vertalers en Tolken\",\"description\":\"M\u00e9tiers de la traduction \u00e9crite, l\u2019interpr\u00e9tation de conf\u00e9rence, la traduction et l\u2019interpr\u00e9tation en milieu judiciaire.\",\"potentialAction\":[{\"@type\":\"SearchAction\",\"target\":{\"@type\":\"EntryPoint\",\"urlTemplate\":\"https:\\\/\\\/www.cbti-bkvt.org\\\/de\\\/?s={search_term_string}\"},\"query-input\":{\"@type\":\"PropertyValueSpecification\",\"valueRequired\":true,\"valueName\":\"search_term_string\"}}],\"inLanguage\":\"de-DE\"}]}<\/script>\n<!-- \/ Yoast SEO plugin. -->","yoast_head_json":{"title":"Chambre Belge des Traducteurs et Interpr\u00e8tes | Belgische Kamer van Vertalers en Tolken","robots":{"index":"index","follow":"follow","max-snippet":"max-snippet:-1","max-image-preview":"max-image-preview:large","max-video-preview":"max-video-preview:-1"},"canonical":"https:\/\/www.cbti-bkvt.org\/de\/evenement\/borrelavond-nivelles\/","og_locale":"de_DE","og_type":"article","og_title":"Borrelavond (Nivelles) - Chambre Belge des Traducteurs et Interpr\u00e8tes | Belgische Kamer van Vertalers en Tolken","og_description":"Chers Amis de la CBTI, Le Borrelavond continue son tour de Wallonie pour s&#8217;\u00e9batlir le temps d&#8217;une soir\u00e9e \u00e0 Nivelles. Il se tiendra le vendredi 11 d\u00e9cembre 2015 \u00e0 partir de 18h30. M\u00eame principe qu&#8217;habituellement : vous aurez la possibilit\u00e9 de d\u00e9guster un menu concoct\u00e9 par la Brasserie des Arts ou simplement de venir boire&hellip;&nbsp;Read More &raquo;Borrelavond (Nivelles)","og_url":"https:\/\/www.cbti-bkvt.org\/de\/evenement\/borrelavond-nivelles\/","og_site_name":"Chambre Belge des Traducteurs et Interpr\u00e8tes | Belgische Kamer van Vertalers en Tolken","twitter_card":"summary_large_image","twitter_misc":{"Est. reading time":"1 minute"},"schema":{"@context":"https:\/\/schema.org","@graph":[{"@type":"WebPage","@id":"https:\/\/www.cbti-bkvt.org\/de\/evenement\/borrelavond-nivelles\/","url":"https:\/\/www.cbti-bkvt.org\/de\/evenement\/borrelavond-nivelles\/","name":"Borrelavond (Nivelles) - Chambre Belge des Traducteurs et Interpr\u00e8tes | Belgische Kamer van Vertalers en Tolken","isPartOf":{"@id":"https:\/\/www.cbti-bkvt.org\/de\/#website"},"primaryImageOfPage":{"@id":"https:\/\/www.cbti-bkvt.org\/de\/evenement\/borrelavond-nivelles\/#primaryimage"},"image":{"@id":"https:\/\/www.cbti-bkvt.org\/de\/evenement\/borrelavond-nivelles\/#primaryimage"},"thumbnailUrl":"https:\/\/www.cbti-bkvt.org\/wp-content\/uploads\/Nivelles_JPG00__1__mini-2.jpg","datePublished":"2015-11-05T13:08:48+00:00","breadcrumb":{"@id":"https:\/\/www.cbti-bkvt.org\/de\/evenement\/borrelavond-nivelles\/#breadcrumb"},"inLanguage":"de-DE","potentialAction":[{"@type":"ReadAction","target":["https:\/\/www.cbti-bkvt.org\/de\/evenement\/borrelavond-nivelles\/"]}]},{"@type":"ImageObject","inLanguage":"de-DE","@id":"https:\/\/www.cbti-bkvt.org\/de\/evenement\/borrelavond-nivelles\/#primaryimage","url":"https:\/\/www.cbti-bkvt.org\/wp-content\/uploads\/Nivelles_JPG00__1__mini-2.jpg","contentUrl":"https:\/\/www.cbti-bkvt.org\/wp-content\/uploads\/Nivelles_JPG00__1__mini-2.jpg","width":1000,"height":750},{"@type":"BreadcrumbList","@id":"https:\/\/www.cbti-bkvt.org\/de\/evenement\/borrelavond-nivelles\/#breadcrumb","itemListElement":[{"@type":"ListItem","position":1,"name":"Home","item":"https:\/\/www.cbti-bkvt.org\/de\/"},{"@type":"ListItem","position":2,"name":"\u00c9v\u00e8nements","item":"https:\/\/www.cbti-bkvt.org\/de\/evenement\/"},{"@type":"ListItem","position":3,"name":"Borrelavond (Nivelles)"}]},{"@type":"WebSite","@id":"https:\/\/www.cbti-bkvt.org\/de\/#website","url":"https:\/\/www.cbti-bkvt.org\/de\/","name":"Chambre Belge des Traducteurs et Interpr\u00e8tes | Belgische Kamer van Vertalers en Tolken","description":"M\u00e9tiers de la traduction \u00e9crite, l\u2019interpr\u00e9tation de conf\u00e9rence, la traduction et l\u2019interpr\u00e9tation en milieu judiciaire.","potentialAction":[{"@type":"SearchAction","target":{"@type":"EntryPoint","urlTemplate":"https:\/\/www.cbti-bkvt.org\/de\/?s={search_term_string}"},"query-input":{"@type":"PropertyValueSpecification","valueRequired":true,"valueName":"search_term_string"}}],"inLanguage":"de-DE"}]}},"_links":{"self":[{"href":"https:\/\/www.cbti-bkvt.org\/de\/wp-json\/wp\/v2\/evenement\/25235","targetHints":{"allow":["GET"]}}],"collection":[{"href":"https:\/\/www.cbti-bkvt.org\/de\/wp-json\/wp\/v2\/evenement"}],"about":[{"href":"https:\/\/www.cbti-bkvt.org\/de\/wp-json\/wp\/v2\/types\/evenement"}],"wp:featuredmedia":[{"embeddable":true,"href":"https:\/\/www.cbti-bkvt.org\/de\/wp-json\/wp\/v2\/media\/10218"}],"wp:attachment":[{"href":"https:\/\/www.cbti-bkvt.org\/de\/wp-json\/wp\/v2\/media?parent=25235"}],"wp:term":[{"taxonomy":"evenement-type","embeddable":true,"href":"https:\/\/www.cbti-bkvt.org\/de\/wp-json\/wp\/v2\/evenement-type?post=25235"}],"curies":[{"name":"wp","href":"https:\/\/api.w.org\/{rel}","templated":true}]}}

<p>Chers Amis de la CBTI,</p>
<p>Le  <strong>Borrelavond</strong> continue son tour de Wallonie pour s&#8217;ébatlir le temps d&#8217;une soirée à <strong>Nivelles</strong>. Il se tiendra le <strong>vendredi 11 décembre 2015 à partir de 18h30</strong>. Même principe qu&#8217;habituellement : vous aurez la possibilité de déguster un menu concocté par la <a href="http://brasseriedesarts.be/">Brasserie des Arts</a> ou simplement de venir boire un verre. Le menu ci-dessous (49,50€) comporte plusieurs choix pour l&#8217;entrée, le plat et le dessert et inclut l&#8217;apéritif, le vin et le café/thé. En espérant vous y voir nombreux, nous vous souhaitons une très agréable journée !</p>
<h1>Inscription</h1>
<p>Pour vous inscrire, rien de plus simple. Cliquez sur le lien Doodle <a href="http://doodle.com/cczp6ttw5fyxus6y">http://doodle.com/cczp6ttw5fyxus6y</a> et indiquez votre nom ainsi que votre adresse de courrier électronique. Si vous décidez de manger, merci de nous communiquer par e-mail (<a href="mailto:nicolas.stuyckens@translators.be">nicolas.stuyckens@translators.be</a>) l&#8217;entrée, le plat et le dessert de votre choix.</p>
<p><strong>Réponse souhaitée avant le 06/12/2015.</strong></p>
<h1>Menu</h1>
<h3>Entrée</h3>
<ul>
<li>Croquant à la tomate et au jambon de Serrano<br />
<em>Ou</em>  </li>
<li>Brochette de scampi lardés et vinaigrette au miel et citron vert  </li>
</ul>
<h3>Plat principal</h3>
<ul>
<li>Dos de sandre en croute de makaïence, beurre blanc<br />
<em>Ou</em>  </li>
<li>Filet d&#8217;agneau à la graine de moutarde</li>
</ul>
<h3>Dessert</h3>
<ul>
<li>Tiramisu aux spéculoos<br />
<em>Ou</em>  </li>
<li>Dessert du moment</li>
</ul>
<p>Par personne : apéritif, 1/2 de litre de vin, eau plate ou pétillante, café ou thé</p>

<!-- This site is optimized with the Yoast SEO plugin v27.4 - https://yoast.com/product/yoast-seo-wordpress/ -->
<title>Chambre Belge des Traducteurs et Interprètes | Belgische Kamer van Vertalers en Tolken</title>
<meta name="robots" content="index, follow, max-snippet:-1, max-image-preview:large, max-video-preview:-1" />
<link rel="canonical" href="https://www.cbti-bkvt.org/de/evenement/borrelavond-nivelles/" />
<meta property="og:locale" content="de_DE" />
<meta property="og:type" content="article" />
<meta property="og:title" content="Borrelavond (Nivelles) - Chambre Belge des Traducteurs et Interprètes | Belgische Kamer van Vertalers en Tolken" />
<meta property="og:description" content="Chers Amis de la CBTI, Le Borrelavond continue son tour de Wallonie pour s&#8217;ébatlir le temps d&#8217;une soirée à Nivelles. Il se tiendra le vendredi 11 décembre 2015 à partir de 18h30. Même principe qu&#8217;habituellement : vous aurez la possibilité de déguster un menu concocté par la Brasserie des Arts ou simplement de venir boire&hellip;&nbsp;Read More &raquo;Borrelavond (Nivelles)" />
<meta property="og:url" content="https://www.cbti-bkvt.org/de/evenement/borrelavond-nivelles/" />
<meta property="og:site_name" content="Chambre Belge des Traducteurs et Interprètes | Belgische Kamer van Vertalers en Tolken" />
<meta name="twitter:card" content="summary_large_image" />
<meta name="twitter:label1" content="Est. reading time" />
	<meta name="twitter:data1" content="1 minute" />
<script type="application/ld+json" class="yoast-schema-graph">{"@context":"https:\/\/schema.org","@graph":[{"@type":"WebPage","@id":"https:\/\/www.cbti-bkvt.org\/de\/evenement\/borrelavond-nivelles\/","url":"https:\/\/www.cbti-bkvt.org\/de\/evenement\/borrelavond-nivelles\/","name":"Borrelavond (Nivelles) - Chambre Belge des Traducteurs et Interprètes | Belgische Kamer van Vertalers en Tolken","isPartOf":{"@id":"https:\/\/www.cbti-bkvt.org\/de\/#website"},"primaryImageOfPage":{"@id":"https:\/\/www.cbti-bkvt.org\/de\/evenement\/borrelavond-nivelles\/#primaryimage"},"image":{"@id":"https:\/\/www.cbti-bkvt.org\/de\/evenement\/borrelavond-nivelles\/#primaryimage"},"thumbnailUrl":"https:\/\/www.cbti-bkvt.org\/wp-content\/uploads\/Nivelles_JPG00__1__mini-2.jpg","datePublished":"2015-11-05T13:08:48+00:00","breadcrumb":{"@id":"https:\/\/www.cbti-bkvt.org\/de\/evenement\/borrelavond-nivelles\/#breadcrumb"},"inLanguage":"de-DE","potentialAction":[{"@type":"ReadAction","target":["https:\/\/www.cbti-bkvt.org\/de\/evenement\/borrelavond-nivelles\/"]}]},{"@type":"ImageObject","inLanguage":"de-DE","@id":"https:\/\/www.cbti-bkvt.org\/de\/evenement\/borrelavond-nivelles\/#primaryimage","url":"https:\/\/www.cbti-bkvt.org\/wp-content\/uploads\/Nivelles_JPG00__1__mini-2.jpg","contentUrl":"https:\/\/www.cbti-bkvt.org\/wp-content\/uploads\/Nivelles_JPG00__1__mini-2.jpg","width":1000,"height":750},{"@type":"BreadcrumbList","@id":"https:\/\/www.cbti-bkvt.org\/de\/evenement\/borrelavond-nivelles\/#breadcrumb","itemListElement":[{"@type":"ListItem","position":1,"name":"Home","item":"https:\/\/www.cbti-bkvt.org\/de\/"},{"@type":"ListItem","position":2,"name":"Évènements","item":"https:\/\/www.cbti-bkvt.org\/de\/evenement\/"},{"@type":"ListItem","position":3,"name":"Borrelavond (Nivelles)"}]},{"@type":"WebSite","@id":"https:\/\/www.cbti-bkvt.org\/de\/#website","url":"https:\/\/www.cbti-bkvt.org\/de\/","name":"Chambre Belge des Traducteurs et Interprètes | Belgische Kamer van Vertalers en Tolken","description":"Métiers de la traduction écrite, l’interprétation de conférence, la traduction et l’interprétation en milieu judiciaire.","potentialAction":[{"@type":"SearchAction","target":{"@type":"EntryPoint","urlTemplate":"https:\/\/www.cbti-bkvt.org\/de\/?s={search_term_string}"},"query-input":{"@type":"PropertyValueSpecification","valueRequired":true,"valueName":"search_term_string"}}],"inLanguage":"de-DE"}]}</script>
<!-- / Yoast SEO plugin. -->

Chambre Belge des Traducteurs et Interprètes | Belgische Kamer van Vertalers en Tolken

Borrelavond (Nivelles) - Chambre Belge des Traducteurs et Interprètes | Belgische Kamer van Vertalers en Tolken

Chers Amis de la CBTI, Le Borrelavond continue son tour de Wallonie pour s&#8217;ébatlir le temps d&#8217;une soirée à Nivelles. Il se tiendra le vendredi 11 décembre 2015 à partir de 18h30. Même principe qu&#8217;habituellement : vous aurez la possibilité de déguster un menu concocté par la Brasserie des Arts ou simplement de venir boire&hellip;&nbsp;Read More &raquo;Borrelavond (Nivelles)

Évènements

Métiers de la traduction écrite, l’interprétation de conférence, la traduction et l’interprétation en milieu judiciaire.
