{"id":25402,"date":"2022-10-10T14:23:18","date_gmt":"2022-10-10T14:23:18","guid":{"rendered":"https:\/\/www.cbti-bkvt.org\/evenement\/fr-webinaire-le-droit-dauteur-quesaco\/"},"modified":"2022-10-10T14:23:18","modified_gmt":"2022-10-10T14:23:18","slug":"fr-webinaire-le-droit-dauteur-quesaco","status":"publish","type":"evenement","link":"https:\/\/www.cbti-bkvt.org\/de\/evenement\/fr-webinaire-le-droit-dauteur-quesaco\/","title":{"rendered":"[FR] Webinaire : Le droit d\u2019auteur, qu\u00e9saco?"},"content":{"rendered":"<p><!--[FR]   Webinaire : Le droit d\u2019auteur, qu\u00e9saco?--><\/p>\n<p>On en entend souvent parler\u2026 Il est souvent incompris, d\u00e9cri\u00e9, critiqu\u00e9, parfois diabolis\u00e9\u2026 Mais finalement, le droit d&#8217;auteur, c\u2019est quoi&nbsp;?<\/p>\n<p>Assucopie pr\u00e9sentera l\u2019ABC du droit d&#8217;auteur et les r\u00e9mun\u00e9rations li\u00e9es \u00e0 la copie et au pr\u00eat des \u0153uvres prot\u00e9g\u00e9es. <\/p>\n<ul>\n<li>En tant qu\u2019Auteur, Traducteur, quels sont vos droits moraux et patrimoniaux&nbsp;?<\/li>\n<li>Quels sont vos droits individuels et droits collectifs&nbsp;? <\/li>\n<li>Comment percevoir des droits d\u2019auteur en plus de ceux vers\u00e9s par les \u00e9diteurs&nbsp;? <\/li>\n<li>Et parce que le droit d&#8217;auteur se confronte au quotidien des Auteurs et des Traducteurs, la s\u00e9ance sera en grande partie consacr\u00e9e \u00e0 vos questions\u2026 <\/li>\n<\/ul>\n<h3>Modalit\u00e9s pratiques<\/h3>\n<p>Webinaire en ligne, un lien sera envoy\u00e9 aux participants.<\/p>\n<h3>Inscriptions<\/h3>\n<ul>\n<li>Membres&nbsp;: 10&nbsp;\u20ac&nbsp;HTVA  <\/li>\n<li>Non-membres&nbsp;: 25&nbsp;\u20ac&nbsp;HTVA<\/li>\n<\/ul>\n<p>Pour vous inscrire, envoyez simplement un courriel au secr\u00e9tariat de la CBTI (<a href=\"mailto:secretariat@translators.be\">secretariat@translators.be<\/a>) mentionnant vos nom, pr\u00e9nom et adresse \u00e9lectronique (pour recevoir le lien d&#8217;invitation au webinaire).<\/p>\n","protected":false},"featured_media":10586,"parent":0,"template":"","meta":{"_acf_changed":false,"pmpro_default_level":"","neve_meta_sidebar":"","neve_meta_container":"","neve_meta_enable_content_width":"","neve_meta_content_width":0,"neve_meta_title_alignment":"","neve_meta_author_avatar":"","neve_post_elements_order":"","neve_meta_disable_header":"","neve_meta_disable_footer":"","neve_meta_disable_title":"","neve_meta_reading_time":"","_links_to":"","_links_to_target":""},"evenement-type":[426],"class_list":["post-25402","evenement","type-evenement","status-publish","has-post-thumbnail","hentry","evenement-type-fortbildung","pmpro-has-access"],"acf":[],"yoast_head":"<!-- This site is optimized with the Yoast SEO plugin v27.4 - https:\/\/yoast.com\/product\/yoast-seo-wordpress\/ -->\n<title>Chambre Belge des Traducteurs et Interpr\u00e8tes | Belgische Kamer van Vertalers en Tolken<\/title>\n<meta name=\"robots\" content=\"index, follow, max-snippet:-1, max-image-preview:large, max-video-preview:-1\" \/>\n<link rel=\"canonical\" href=\"https:\/\/www.cbti-bkvt.org\/de\/evenement\/fr-webinaire-le-droit-dauteur-quesaco\/\" \/>\n<meta property=\"og:locale\" content=\"de_DE\" \/>\n<meta property=\"og:type\" content=\"article\" \/>\n<meta property=\"og:title\" content=\"[FR] Webinaire : Le droit d\u2019auteur, qu\u00e9saco? - Chambre Belge des Traducteurs et Interpr\u00e8tes | Belgische Kamer van Vertalers en Tolken\" \/>\n<meta property=\"og:description\" content=\"On en entend souvent parler\u2026 Il est souvent incompris, d\u00e9cri\u00e9, critiqu\u00e9, parfois diabolis\u00e9\u2026 Mais finalement, le droit d&#8217;auteur, c\u2019est quoi&nbsp;? Assucopie pr\u00e9sentera l\u2019ABC du droit d&#8217;auteur et les r\u00e9mun\u00e9rations li\u00e9es \u00e0 la copie et au pr\u00eat des \u0153uvres prot\u00e9g\u00e9es. En tant qu\u2019Auteur, Traducteur, quels sont vos droits moraux et patrimoniaux&nbsp;? Quels sont vos droits individuels&hellip;&nbsp;Read More &raquo;[FR] Webinaire : Le droit d\u2019auteur, qu\u00e9saco?\" \/>\n<meta property=\"og:url\" content=\"https:\/\/www.cbti-bkvt.org\/de\/evenement\/fr-webinaire-le-droit-dauteur-quesaco\/\" \/>\n<meta property=\"og:site_name\" content=\"Chambre Belge des Traducteurs et Interpr\u00e8tes | Belgische Kamer van Vertalers en Tolken\" \/>\n<meta name=\"twitter:card\" content=\"summary_large_image\" \/>\n<meta name=\"twitter:label1\" content=\"Est. reading time\" \/>\n\t<meta name=\"twitter:data1\" content=\"1 minute\" \/>\n<script type=\"application\/ld+json\" class=\"yoast-schema-graph\">{\"@context\":\"https:\\\/\\\/schema.org\",\"@graph\":[{\"@type\":\"WebPage\",\"@id\":\"https:\\\/\\\/www.cbti-bkvt.org\\\/de\\\/evenement\\\/fr-webinaire-le-droit-dauteur-quesaco\\\/\",\"url\":\"https:\\\/\\\/www.cbti-bkvt.org\\\/de\\\/evenement\\\/fr-webinaire-le-droit-dauteur-quesaco\\\/\",\"name\":\"[FR] Webinaire : Le droit d\u2019auteur, qu\u00e9saco? - Chambre Belge des Traducteurs et Interpr\u00e8tes | Belgische Kamer van Vertalers en Tolken\",\"isPartOf\":{\"@id\":\"https:\\\/\\\/www.cbti-bkvt.org\\\/de\\\/#website\"},\"primaryImageOfPage\":{\"@id\":\"https:\\\/\\\/www.cbti-bkvt.org\\\/de\\\/evenement\\\/fr-webinaire-le-droit-dauteur-quesaco\\\/#primaryimage\"},\"image\":{\"@id\":\"https:\\\/\\\/www.cbti-bkvt.org\\\/de\\\/evenement\\\/fr-webinaire-le-droit-dauteur-quesaco\\\/#primaryimage\"},\"thumbnailUrl\":\"https:\\\/\\\/www.cbti-bkvt.org\\\/wp-content\\\/uploads\\\/Image_NL_Assucopie-2.jpg\",\"datePublished\":\"2022-10-10T14:23:18+00:00\",\"breadcrumb\":{\"@id\":\"https:\\\/\\\/www.cbti-bkvt.org\\\/de\\\/evenement\\\/fr-webinaire-le-droit-dauteur-quesaco\\\/#breadcrumb\"},\"inLanguage\":\"de-DE\",\"potentialAction\":[{\"@type\":\"ReadAction\",\"target\":[\"https:\\\/\\\/www.cbti-bkvt.org\\\/de\\\/evenement\\\/fr-webinaire-le-droit-dauteur-quesaco\\\/\"]}]},{\"@type\":\"ImageObject\",\"inLanguage\":\"de-DE\",\"@id\":\"https:\\\/\\\/www.cbti-bkvt.org\\\/de\\\/evenement\\\/fr-webinaire-le-droit-dauteur-quesaco\\\/#primaryimage\",\"url\":\"https:\\\/\\\/www.cbti-bkvt.org\\\/wp-content\\\/uploads\\\/Image_NL_Assucopie-2.jpg\",\"contentUrl\":\"https:\\\/\\\/www.cbti-bkvt.org\\\/wp-content\\\/uploads\\\/Image_NL_Assucopie-2.jpg\",\"width\":889,\"height\":560},{\"@type\":\"BreadcrumbList\",\"@id\":\"https:\\\/\\\/www.cbti-bkvt.org\\\/de\\\/evenement\\\/fr-webinaire-le-droit-dauteur-quesaco\\\/#breadcrumb\",\"itemListElement\":[{\"@type\":\"ListItem\",\"position\":1,\"name\":\"Home\",\"item\":\"https:\\\/\\\/www.cbti-bkvt.org\\\/de\\\/\"},{\"@type\":\"ListItem\",\"position\":2,\"name\":\"\u00c9v\u00e8nements\",\"item\":\"https:\\\/\\\/www.cbti-bkvt.org\\\/de\\\/evenement\\\/\"},{\"@type\":\"ListItem\",\"position\":3,\"name\":\"[FR] Webinaire : Le droit d\u2019auteur, qu\u00e9saco?\"}]},{\"@type\":\"WebSite\",\"@id\":\"https:\\\/\\\/www.cbti-bkvt.org\\\/de\\\/#website\",\"url\":\"https:\\\/\\\/www.cbti-bkvt.org\\\/de\\\/\",\"name\":\"Chambre Belge des Traducteurs et Interpr\u00e8tes | Belgische Kamer van Vertalers en Tolken\",\"description\":\"M\u00e9tiers de la traduction \u00e9crite, l\u2019interpr\u00e9tation de conf\u00e9rence, la traduction et l\u2019interpr\u00e9tation en milieu judiciaire.\",\"potentialAction\":[{\"@type\":\"SearchAction\",\"target\":{\"@type\":\"EntryPoint\",\"urlTemplate\":\"https:\\\/\\\/www.cbti-bkvt.org\\\/de\\\/?s={search_term_string}\"},\"query-input\":{\"@type\":\"PropertyValueSpecification\",\"valueRequired\":true,\"valueName\":\"search_term_string\"}}],\"inLanguage\":\"de-DE\"}]}<\/script>\n<!-- \/ Yoast SEO plugin. -->","yoast_head_json":{"title":"Chambre Belge des Traducteurs et Interpr\u00e8tes | Belgische Kamer van Vertalers en Tolken","robots":{"index":"index","follow":"follow","max-snippet":"max-snippet:-1","max-image-preview":"max-image-preview:large","max-video-preview":"max-video-preview:-1"},"canonical":"https:\/\/www.cbti-bkvt.org\/de\/evenement\/fr-webinaire-le-droit-dauteur-quesaco\/","og_locale":"de_DE","og_type":"article","og_title":"[FR] Webinaire : Le droit d\u2019auteur, qu\u00e9saco? - Chambre Belge des Traducteurs et Interpr\u00e8tes | Belgische Kamer van Vertalers en Tolken","og_description":"On en entend souvent parler\u2026 Il est souvent incompris, d\u00e9cri\u00e9, critiqu\u00e9, parfois diabolis\u00e9\u2026 Mais finalement, le droit d&#8217;auteur, c\u2019est quoi&nbsp;? Assucopie pr\u00e9sentera l\u2019ABC du droit d&#8217;auteur et les r\u00e9mun\u00e9rations li\u00e9es \u00e0 la copie et au pr\u00eat des \u0153uvres prot\u00e9g\u00e9es. En tant qu\u2019Auteur, Traducteur, quels sont vos droits moraux et patrimoniaux&nbsp;? Quels sont vos droits individuels&hellip;&nbsp;Read More &raquo;[FR] Webinaire : Le droit d\u2019auteur, qu\u00e9saco?","og_url":"https:\/\/www.cbti-bkvt.org\/de\/evenement\/fr-webinaire-le-droit-dauteur-quesaco\/","og_site_name":"Chambre Belge des Traducteurs et Interpr\u00e8tes | Belgische Kamer van Vertalers en Tolken","twitter_card":"summary_large_image","twitter_misc":{"Est. reading time":"1 minute"},"schema":{"@context":"https:\/\/schema.org","@graph":[{"@type":"WebPage","@id":"https:\/\/www.cbti-bkvt.org\/de\/evenement\/fr-webinaire-le-droit-dauteur-quesaco\/","url":"https:\/\/www.cbti-bkvt.org\/de\/evenement\/fr-webinaire-le-droit-dauteur-quesaco\/","name":"[FR] Webinaire : Le droit d\u2019auteur, qu\u00e9saco? - Chambre Belge des Traducteurs et Interpr\u00e8tes | Belgische Kamer van Vertalers en Tolken","isPartOf":{"@id":"https:\/\/www.cbti-bkvt.org\/de\/#website"},"primaryImageOfPage":{"@id":"https:\/\/www.cbti-bkvt.org\/de\/evenement\/fr-webinaire-le-droit-dauteur-quesaco\/#primaryimage"},"image":{"@id":"https:\/\/www.cbti-bkvt.org\/de\/evenement\/fr-webinaire-le-droit-dauteur-quesaco\/#primaryimage"},"thumbnailUrl":"https:\/\/www.cbti-bkvt.org\/wp-content\/uploads\/Image_NL_Assucopie-2.jpg","datePublished":"2022-10-10T14:23:18+00:00","breadcrumb":{"@id":"https:\/\/www.cbti-bkvt.org\/de\/evenement\/fr-webinaire-le-droit-dauteur-quesaco\/#breadcrumb"},"inLanguage":"de-DE","potentialAction":[{"@type":"ReadAction","target":["https:\/\/www.cbti-bkvt.org\/de\/evenement\/fr-webinaire-le-droit-dauteur-quesaco\/"]}]},{"@type":"ImageObject","inLanguage":"de-DE","@id":"https:\/\/www.cbti-bkvt.org\/de\/evenement\/fr-webinaire-le-droit-dauteur-quesaco\/#primaryimage","url":"https:\/\/www.cbti-bkvt.org\/wp-content\/uploads\/Image_NL_Assucopie-2.jpg","contentUrl":"https:\/\/www.cbti-bkvt.org\/wp-content\/uploads\/Image_NL_Assucopie-2.jpg","width":889,"height":560},{"@type":"BreadcrumbList","@id":"https:\/\/www.cbti-bkvt.org\/de\/evenement\/fr-webinaire-le-droit-dauteur-quesaco\/#breadcrumb","itemListElement":[{"@type":"ListItem","position":1,"name":"Home","item":"https:\/\/www.cbti-bkvt.org\/de\/"},{"@type":"ListItem","position":2,"name":"\u00c9v\u00e8nements","item":"https:\/\/www.cbti-bkvt.org\/de\/evenement\/"},{"@type":"ListItem","position":3,"name":"[FR] Webinaire : Le droit d\u2019auteur, qu\u00e9saco?"}]},{"@type":"WebSite","@id":"https:\/\/www.cbti-bkvt.org\/de\/#website","url":"https:\/\/www.cbti-bkvt.org\/de\/","name":"Chambre Belge des Traducteurs et Interpr\u00e8tes | Belgische Kamer van Vertalers en Tolken","description":"M\u00e9tiers de la traduction \u00e9crite, l\u2019interpr\u00e9tation de conf\u00e9rence, la traduction et l\u2019interpr\u00e9tation en milieu judiciaire.","potentialAction":[{"@type":"SearchAction","target":{"@type":"EntryPoint","urlTemplate":"https:\/\/www.cbti-bkvt.org\/de\/?s={search_term_string}"},"query-input":{"@type":"PropertyValueSpecification","valueRequired":true,"valueName":"search_term_string"}}],"inLanguage":"de-DE"}]}},"_links":{"self":[{"href":"https:\/\/www.cbti-bkvt.org\/de\/wp-json\/wp\/v2\/evenement\/25402","targetHints":{"allow":["GET"]}}],"collection":[{"href":"https:\/\/www.cbti-bkvt.org\/de\/wp-json\/wp\/v2\/evenement"}],"about":[{"href":"https:\/\/www.cbti-bkvt.org\/de\/wp-json\/wp\/v2\/types\/evenement"}],"wp:featuredmedia":[{"embeddable":true,"href":"https:\/\/www.cbti-bkvt.org\/de\/wp-json\/wp\/v2\/media\/10586"}],"wp:attachment":[{"href":"https:\/\/www.cbti-bkvt.org\/de\/wp-json\/wp\/v2\/media?parent=25402"}],"wp:term":[{"taxonomy":"evenement-type","embeddable":true,"href":"https:\/\/www.cbti-bkvt.org\/de\/wp-json\/wp\/v2\/evenement-type?post=25402"}],"curies":[{"name":"wp","href":"https:\/\/api.w.org\/{rel}","templated":true}]}}

[FR] Webinaire : Le droit d’auteur, quésaco?

<p><!--[FR]   Webinaire : Le droit d’auteur, quésaco?--></p>
<p>On en entend souvent parler… Il est souvent incompris, décrié, critiqué, parfois diabolisé… Mais finalement, le droit d&#8217;auteur, c’est quoi&nbsp;?</p>
<p>Assucopie présentera l’ABC du droit d&#8217;auteur et les rémunérations liées à la copie et au prêt des œuvres protégées. </p>
<ul>
<li>En tant qu’Auteur, Traducteur, quels sont vos droits moraux et patrimoniaux&nbsp;?</li>
<li>Quels sont vos droits individuels et droits collectifs&nbsp;? </li>
<li>Comment percevoir des droits d’auteur en plus de ceux versés par les éditeurs&nbsp;? </li>
<li>Et parce que le droit d&#8217;auteur se confronte au quotidien des Auteurs et des Traducteurs, la séance sera en grande partie consacrée à vos questions… </li>
</ul>
<h3>Modalités pratiques</h3>
<p>Webinaire en ligne, un lien sera envoyé aux participants.</p>
<h3>Inscriptions</h3>
<ul>
<li>Membres&nbsp;: 10&nbsp;€&nbsp;HTVA  </li>
<li>Non-membres&nbsp;: 25&nbsp;€&nbsp;HTVA</li>
</ul>
<p>Pour vous inscrire, envoyez simplement un courriel au secrétariat de la CBTI (<a href="mailto:secretariat@translators.be">secretariat@translators.be</a>) mentionnant vos nom, prénom et adresse électronique (pour recevoir le lien d&#8217;invitation au webinaire).</p>

<!-- This site is optimized with the Yoast SEO plugin v27.4 - https://yoast.com/product/yoast-seo-wordpress/ -->
<title>Chambre Belge des Traducteurs et Interprètes | Belgische Kamer van Vertalers en Tolken</title>
<meta name="robots" content="index, follow, max-snippet:-1, max-image-preview:large, max-video-preview:-1" />
<link rel="canonical" href="https://www.cbti-bkvt.org/de/evenement/fr-webinaire-le-droit-dauteur-quesaco/" />
<meta property="og:locale" content="de_DE" />
<meta property="og:type" content="article" />
<meta property="og:title" content="[FR] Webinaire : Le droit d’auteur, quésaco? - Chambre Belge des Traducteurs et Interprètes | Belgische Kamer van Vertalers en Tolken" />
<meta property="og:description" content="On en entend souvent parler… Il est souvent incompris, décrié, critiqué, parfois diabolisé… Mais finalement, le droit d&#8217;auteur, c’est quoi&nbsp;? Assucopie présentera l’ABC du droit d&#8217;auteur et les rémunérations liées à la copie et au prêt des œuvres protégées. En tant qu’Auteur, Traducteur, quels sont vos droits moraux et patrimoniaux&nbsp;? Quels sont vos droits individuels&hellip;&nbsp;Read More &raquo;[FR] Webinaire : Le droit d’auteur, quésaco?" />
<meta property="og:url" content="https://www.cbti-bkvt.org/de/evenement/fr-webinaire-le-droit-dauteur-quesaco/" />
<meta property="og:site_name" content="Chambre Belge des Traducteurs et Interprètes | Belgische Kamer van Vertalers en Tolken" />
<meta name="twitter:card" content="summary_large_image" />
<meta name="twitter:label1" content="Est. reading time" />
	<meta name="twitter:data1" content="1 minute" />
<script type="application/ld+json" class="yoast-schema-graph">{"@context":"https:\/\/schema.org","@graph":[{"@type":"WebPage","@id":"https:\/\/www.cbti-bkvt.org\/de\/evenement\/fr-webinaire-le-droit-dauteur-quesaco\/","url":"https:\/\/www.cbti-bkvt.org\/de\/evenement\/fr-webinaire-le-droit-dauteur-quesaco\/","name":"[FR] Webinaire : Le droit d’auteur, quésaco? - Chambre Belge des Traducteurs et Interprètes | Belgische Kamer van Vertalers en Tolken","isPartOf":{"@id":"https:\/\/www.cbti-bkvt.org\/de\/#website"},"primaryImageOfPage":{"@id":"https:\/\/www.cbti-bkvt.org\/de\/evenement\/fr-webinaire-le-droit-dauteur-quesaco\/#primaryimage"},"image":{"@id":"https:\/\/www.cbti-bkvt.org\/de\/evenement\/fr-webinaire-le-droit-dauteur-quesaco\/#primaryimage"},"thumbnailUrl":"https:\/\/www.cbti-bkvt.org\/wp-content\/uploads\/Image_NL_Assucopie-2.jpg","datePublished":"2022-10-10T14:23:18+00:00","breadcrumb":{"@id":"https:\/\/www.cbti-bkvt.org\/de\/evenement\/fr-webinaire-le-droit-dauteur-quesaco\/#breadcrumb"},"inLanguage":"de-DE","potentialAction":[{"@type":"ReadAction","target":["https:\/\/www.cbti-bkvt.org\/de\/evenement\/fr-webinaire-le-droit-dauteur-quesaco\/"]}]},{"@type":"ImageObject","inLanguage":"de-DE","@id":"https:\/\/www.cbti-bkvt.org\/de\/evenement\/fr-webinaire-le-droit-dauteur-quesaco\/#primaryimage","url":"https:\/\/www.cbti-bkvt.org\/wp-content\/uploads\/Image_NL_Assucopie-2.jpg","contentUrl":"https:\/\/www.cbti-bkvt.org\/wp-content\/uploads\/Image_NL_Assucopie-2.jpg","width":889,"height":560},{"@type":"BreadcrumbList","@id":"https:\/\/www.cbti-bkvt.org\/de\/evenement\/fr-webinaire-le-droit-dauteur-quesaco\/#breadcrumb","itemListElement":[{"@type":"ListItem","position":1,"name":"Home","item":"https:\/\/www.cbti-bkvt.org\/de\/"},{"@type":"ListItem","position":2,"name":"Évènements","item":"https:\/\/www.cbti-bkvt.org\/de\/evenement\/"},{"@type":"ListItem","position":3,"name":"[FR] Webinaire : Le droit d’auteur, quésaco?"}]},{"@type":"WebSite","@id":"https:\/\/www.cbti-bkvt.org\/de\/#website","url":"https:\/\/www.cbti-bkvt.org\/de\/","name":"Chambre Belge des Traducteurs et Interprètes | Belgische Kamer van Vertalers en Tolken","description":"Métiers de la traduction écrite, l’interprétation de conférence, la traduction et l’interprétation en milieu judiciaire.","potentialAction":[{"@type":"SearchAction","target":{"@type":"EntryPoint","urlTemplate":"https:\/\/www.cbti-bkvt.org\/de\/?s={search_term_string}"},"query-input":{"@type":"PropertyValueSpecification","valueRequired":true,"valueName":"search_term_string"}}],"inLanguage":"de-DE"}]}</script>
<!-- / Yoast SEO plugin. -->

Chambre Belge des Traducteurs et Interprètes | Belgische Kamer van Vertalers en Tolken

[FR] Webinaire : Le droit d’auteur, quésaco? - Chambre Belge des Traducteurs et Interprètes | Belgische Kamer van Vertalers en Tolken

On en entend souvent parler… Il est souvent incompris, décrié, critiqué, parfois diabolisé… Mais finalement, le droit d&#8217;auteur, c’est quoi&nbsp;? Assucopie présentera l’ABC du droit d&#8217;auteur et les rémunérations liées à la copie et au prêt des œuvres protégées. En tant qu’Auteur, Traducteur, quels sont vos droits moraux et patrimoniaux&nbsp;? Quels sont vos droits individuels&hellip;&nbsp;Read More &raquo;[FR] Webinaire : Le droit d’auteur, quésaco?

Évènements

Métiers de la traduction écrite, l’interprétation de conférence, la traduction et l’interprétation en milieu judiciaire.
