{"id":25406,"date":"2022-11-02T14:34:10","date_gmt":"2022-11-02T14:34:10","guid":{"rendered":"https:\/\/www.cbti-bkvt.org\/evenement\/go-2-cowo\/"},"modified":"2022-11-02T14:34:10","modified_gmt":"2022-11-02T14:34:10","slug":"go-2-cowo","status":"publish","type":"evenement","link":"https:\/\/www.cbti-bkvt.org\/de\/evenement\/go-2-cowo\/","title":{"rendered":"GO 2 COWO"},"content":{"rendered":"<p><!--GO 2 COWO--><\/p>\n<p>Envie de passer une journ\u00e9e entre coll\u00e8gues, pour travailler et r\u00e9seauter au lieu de rester seul.e dans votre coin&nbsp;? Participez gratuitement \u00e0 notre 2e journ\u00e9e de coworking&nbsp;! \u00c9v\u00e9nement ouvert aux membres et aux non-membres.<\/p>\n<h3>Quand ?<\/h3>\n<p>Le vendredi 9&nbsp;d\u00e9cembre de 9h \u00e0 17h<\/p>\n<h3>O\u00f9 ?<\/h3>\n<p>CBTI (salle Belliard), rue Montoyer&nbsp;24, 1000&nbsp;Bruxelles.<\/p>\n<h3>Modalit\u00e9s pratiques<\/h3>\n<p>Possibilit\u00e9 d\u2019acheter un sandwich \u00e0 la sandwicherie juste \u00e0 c\u00f4t\u00e9.<\/p>\n<h1>Inscriptions<\/h1>\n<p>Inscription obligatoire&nbsp;: <a href=\"mailto:secretariat@translators.be\">secretariat@translators.be<\/a><\/p>\n","protected":false},"featured_media":10594,"parent":0,"template":"","meta":{"_acf_changed":false,"pmpro_default_level":"","neve_meta_sidebar":"","neve_meta_container":"","neve_meta_enable_content_width":"","neve_meta_content_width":0,"neve_meta_title_alignment":"","neve_meta_author_avatar":"","neve_post_elements_order":"","neve_meta_disable_header":"","neve_meta_disable_footer":"","neve_meta_disable_title":"","neve_meta_reading_time":"","_links_to":"","_links_to_target":""},"evenement-type":[444],"class_list":["post-25406","evenement","type-evenement","status-publish","has-post-thumbnail","hentry","evenement-type-cbti-bkvt-aktuell","pmpro-has-access"],"acf":[],"yoast_head":"<!-- This site is optimized with the Yoast SEO plugin v27.4 - https:\/\/yoast.com\/product\/yoast-seo-wordpress\/ -->\n<title>Chambre Belge des Traducteurs et Interpr\u00e8tes | Belgische Kamer van Vertalers en Tolken<\/title>\n<meta name=\"robots\" content=\"index, follow, max-snippet:-1, max-image-preview:large, max-video-preview:-1\" \/>\n<link rel=\"canonical\" href=\"https:\/\/www.cbti-bkvt.org\/de\/evenement\/go-2-cowo\/\" \/>\n<meta property=\"og:locale\" content=\"de_DE\" \/>\n<meta property=\"og:type\" content=\"article\" \/>\n<meta property=\"og:title\" content=\"GO 2 COWO - Chambre Belge des Traducteurs et Interpr\u00e8tes | Belgische Kamer van Vertalers en Tolken\" \/>\n<meta property=\"og:description\" content=\"Envie de passer une journ\u00e9e entre coll\u00e8gues, pour travailler et r\u00e9seauter au lieu de rester seul.e dans votre coin&nbsp;? Participez gratuitement \u00e0 notre 2e journ\u00e9e de coworking&nbsp;! \u00c9v\u00e9nement ouvert aux membres et aux non-membres. Quand ? Le vendredi 9&nbsp;d\u00e9cembre de 9h \u00e0 17h O\u00f9 ? CBTI (salle Belliard), rue Montoyer&nbsp;24, 1000&nbsp;Bruxelles. Modalit\u00e9s pratiques Possibilit\u00e9 d\u2019acheter&hellip;&nbsp;Read More &raquo;GO 2 COWO\" \/>\n<meta property=\"og:url\" content=\"https:\/\/www.cbti-bkvt.org\/de\/evenement\/go-2-cowo\/\" \/>\n<meta property=\"og:site_name\" content=\"Chambre Belge des Traducteurs et Interpr\u00e8tes | Belgische Kamer van Vertalers en Tolken\" \/>\n<meta name=\"twitter:card\" content=\"summary_large_image\" \/>\n<script type=\"application\/ld+json\" class=\"yoast-schema-graph\">{\"@context\":\"https:\\\/\\\/schema.org\",\"@graph\":[{\"@type\":\"WebPage\",\"@id\":\"https:\\\/\\\/www.cbti-bkvt.org\\\/de\\\/evenement\\\/go-2-cowo\\\/\",\"url\":\"https:\\\/\\\/www.cbti-bkvt.org\\\/de\\\/evenement\\\/go-2-cowo\\\/\",\"name\":\"GO 2 COWO - Chambre Belge des Traducteurs et Interpr\u00e8tes | Belgische Kamer van Vertalers en Tolken\",\"isPartOf\":{\"@id\":\"https:\\\/\\\/www.cbti-bkvt.org\\\/de\\\/#website\"},\"primaryImageOfPage\":{\"@id\":\"https:\\\/\\\/www.cbti-bkvt.org\\\/de\\\/evenement\\\/go-2-cowo\\\/#primaryimage\"},\"image\":{\"@id\":\"https:\\\/\\\/www.cbti-bkvt.org\\\/de\\\/evenement\\\/go-2-cowo\\\/#primaryimage\"},\"thumbnailUrl\":\"https:\\\/\\\/www.cbti-bkvt.org\\\/wp-content\\\/uploads\\\/Go2Cowo-min-2.jpg\",\"datePublished\":\"2022-11-02T14:34:10+00:00\",\"breadcrumb\":{\"@id\":\"https:\\\/\\\/www.cbti-bkvt.org\\\/de\\\/evenement\\\/go-2-cowo\\\/#breadcrumb\"},\"inLanguage\":\"de-DE\",\"potentialAction\":[{\"@type\":\"ReadAction\",\"target\":[\"https:\\\/\\\/www.cbti-bkvt.org\\\/de\\\/evenement\\\/go-2-cowo\\\/\"]}]},{\"@type\":\"ImageObject\",\"inLanguage\":\"de-DE\",\"@id\":\"https:\\\/\\\/www.cbti-bkvt.org\\\/de\\\/evenement\\\/go-2-cowo\\\/#primaryimage\",\"url\":\"https:\\\/\\\/www.cbti-bkvt.org\\\/wp-content\\\/uploads\\\/Go2Cowo-min-2.jpg\",\"contentUrl\":\"https:\\\/\\\/www.cbti-bkvt.org\\\/wp-content\\\/uploads\\\/Go2Cowo-min-2.jpg\",\"width\":939,\"height\":539},{\"@type\":\"BreadcrumbList\",\"@id\":\"https:\\\/\\\/www.cbti-bkvt.org\\\/de\\\/evenement\\\/go-2-cowo\\\/#breadcrumb\",\"itemListElement\":[{\"@type\":\"ListItem\",\"position\":1,\"name\":\"Home\",\"item\":\"https:\\\/\\\/www.cbti-bkvt.org\\\/de\\\/\"},{\"@type\":\"ListItem\",\"position\":2,\"name\":\"\u00c9v\u00e8nements\",\"item\":\"https:\\\/\\\/www.cbti-bkvt.org\\\/de\\\/evenement\\\/\"},{\"@type\":\"ListItem\",\"position\":3,\"name\":\"GO 2 COWO\"}]},{\"@type\":\"WebSite\",\"@id\":\"https:\\\/\\\/www.cbti-bkvt.org\\\/de\\\/#website\",\"url\":\"https:\\\/\\\/www.cbti-bkvt.org\\\/de\\\/\",\"name\":\"Chambre Belge des Traducteurs et Interpr\u00e8tes | Belgische Kamer van Vertalers en Tolken\",\"description\":\"M\u00e9tiers de la traduction \u00e9crite, l\u2019interpr\u00e9tation de conf\u00e9rence, la traduction et l\u2019interpr\u00e9tation en milieu judiciaire.\",\"potentialAction\":[{\"@type\":\"SearchAction\",\"target\":{\"@type\":\"EntryPoint\",\"urlTemplate\":\"https:\\\/\\\/www.cbti-bkvt.org\\\/de\\\/?s={search_term_string}\"},\"query-input\":{\"@type\":\"PropertyValueSpecification\",\"valueRequired\":true,\"valueName\":\"search_term_string\"}}],\"inLanguage\":\"de-DE\"}]}<\/script>\n<!-- \/ Yoast SEO plugin. -->","yoast_head_json":{"title":"Chambre Belge des Traducteurs et Interpr\u00e8tes | Belgische Kamer van Vertalers en Tolken","robots":{"index":"index","follow":"follow","max-snippet":"max-snippet:-1","max-image-preview":"max-image-preview:large","max-video-preview":"max-video-preview:-1"},"canonical":"https:\/\/www.cbti-bkvt.org\/de\/evenement\/go-2-cowo\/","og_locale":"de_DE","og_type":"article","og_title":"GO 2 COWO - Chambre Belge des Traducteurs et Interpr\u00e8tes | Belgische Kamer van Vertalers en Tolken","og_description":"Envie de passer une journ\u00e9e entre coll\u00e8gues, pour travailler et r\u00e9seauter au lieu de rester seul.e dans votre coin&nbsp;? Participez gratuitement \u00e0 notre 2e journ\u00e9e de coworking&nbsp;! \u00c9v\u00e9nement ouvert aux membres et aux non-membres. Quand ? Le vendredi 9&nbsp;d\u00e9cembre de 9h \u00e0 17h O\u00f9 ? CBTI (salle Belliard), rue Montoyer&nbsp;24, 1000&nbsp;Bruxelles. Modalit\u00e9s pratiques Possibilit\u00e9 d\u2019acheter&hellip;&nbsp;Read More &raquo;GO 2 COWO","og_url":"https:\/\/www.cbti-bkvt.org\/de\/evenement\/go-2-cowo\/","og_site_name":"Chambre Belge des Traducteurs et Interpr\u00e8tes | Belgische Kamer van Vertalers en Tolken","twitter_card":"summary_large_image","schema":{"@context":"https:\/\/schema.org","@graph":[{"@type":"WebPage","@id":"https:\/\/www.cbti-bkvt.org\/de\/evenement\/go-2-cowo\/","url":"https:\/\/www.cbti-bkvt.org\/de\/evenement\/go-2-cowo\/","name":"GO 2 COWO - Chambre Belge des Traducteurs et Interpr\u00e8tes | Belgische Kamer van Vertalers en Tolken","isPartOf":{"@id":"https:\/\/www.cbti-bkvt.org\/de\/#website"},"primaryImageOfPage":{"@id":"https:\/\/www.cbti-bkvt.org\/de\/evenement\/go-2-cowo\/#primaryimage"},"image":{"@id":"https:\/\/www.cbti-bkvt.org\/de\/evenement\/go-2-cowo\/#primaryimage"},"thumbnailUrl":"https:\/\/www.cbti-bkvt.org\/wp-content\/uploads\/Go2Cowo-min-2.jpg","datePublished":"2022-11-02T14:34:10+00:00","breadcrumb":{"@id":"https:\/\/www.cbti-bkvt.org\/de\/evenement\/go-2-cowo\/#breadcrumb"},"inLanguage":"de-DE","potentialAction":[{"@type":"ReadAction","target":["https:\/\/www.cbti-bkvt.org\/de\/evenement\/go-2-cowo\/"]}]},{"@type":"ImageObject","inLanguage":"de-DE","@id":"https:\/\/www.cbti-bkvt.org\/de\/evenement\/go-2-cowo\/#primaryimage","url":"https:\/\/www.cbti-bkvt.org\/wp-content\/uploads\/Go2Cowo-min-2.jpg","contentUrl":"https:\/\/www.cbti-bkvt.org\/wp-content\/uploads\/Go2Cowo-min-2.jpg","width":939,"height":539},{"@type":"BreadcrumbList","@id":"https:\/\/www.cbti-bkvt.org\/de\/evenement\/go-2-cowo\/#breadcrumb","itemListElement":[{"@type":"ListItem","position":1,"name":"Home","item":"https:\/\/www.cbti-bkvt.org\/de\/"},{"@type":"ListItem","position":2,"name":"\u00c9v\u00e8nements","item":"https:\/\/www.cbti-bkvt.org\/de\/evenement\/"},{"@type":"ListItem","position":3,"name":"GO 2 COWO"}]},{"@type":"WebSite","@id":"https:\/\/www.cbti-bkvt.org\/de\/#website","url":"https:\/\/www.cbti-bkvt.org\/de\/","name":"Chambre Belge des Traducteurs et Interpr\u00e8tes | Belgische Kamer van Vertalers en Tolken","description":"M\u00e9tiers de la traduction \u00e9crite, l\u2019interpr\u00e9tation de conf\u00e9rence, la traduction et l\u2019interpr\u00e9tation en milieu judiciaire.","potentialAction":[{"@type":"SearchAction","target":{"@type":"EntryPoint","urlTemplate":"https:\/\/www.cbti-bkvt.org\/de\/?s={search_term_string}"},"query-input":{"@type":"PropertyValueSpecification","valueRequired":true,"valueName":"search_term_string"}}],"inLanguage":"de-DE"}]}},"_links":{"self":[{"href":"https:\/\/www.cbti-bkvt.org\/de\/wp-json\/wp\/v2\/evenement\/25406","targetHints":{"allow":["GET"]}}],"collection":[{"href":"https:\/\/www.cbti-bkvt.org\/de\/wp-json\/wp\/v2\/evenement"}],"about":[{"href":"https:\/\/www.cbti-bkvt.org\/de\/wp-json\/wp\/v2\/types\/evenement"}],"wp:featuredmedia":[{"embeddable":true,"href":"https:\/\/www.cbti-bkvt.org\/de\/wp-json\/wp\/v2\/media\/10594"}],"wp:attachment":[{"href":"https:\/\/www.cbti-bkvt.org\/de\/wp-json\/wp\/v2\/media?parent=25406"}],"wp:term":[{"taxonomy":"evenement-type","embeddable":true,"href":"https:\/\/www.cbti-bkvt.org\/de\/wp-json\/wp\/v2\/evenement-type?post=25406"}],"curies":[{"name":"wp","href":"https:\/\/api.w.org\/{rel}","templated":true}]}}

<p><!--GO 2 COWO--></p>
<p>Envie de passer une journée entre collègues, pour travailler et réseauter au lieu de rester seul.e dans votre coin&nbsp;? Participez gratuitement à notre 2e journée de coworking&nbsp;! Événement ouvert aux membres et aux non-membres.</p>
<h3>Quand ?</h3>
<p>Le vendredi 9&nbsp;décembre de 9h à 17h</p>
<h3>Où ?</h3>
<p>CBTI (salle Belliard), rue Montoyer&nbsp;24, 1000&nbsp;Bruxelles.</p>
<h3>Modalités pratiques</h3>
<p>Possibilité d’acheter un sandwich à la sandwicherie juste à côté.</p>
<h1>Inscriptions</h1>
<p>Inscription obligatoire&nbsp;: <a href="mailto:secretariat@translators.be">secretariat@translators.be</a></p>

<!-- This site is optimized with the Yoast SEO plugin v27.4 - https://yoast.com/product/yoast-seo-wordpress/ -->
<title>Chambre Belge des Traducteurs et Interprètes | Belgische Kamer van Vertalers en Tolken</title>
<meta name="robots" content="index, follow, max-snippet:-1, max-image-preview:large, max-video-preview:-1" />
<link rel="canonical" href="https://www.cbti-bkvt.org/de/evenement/go-2-cowo/" />
<meta property="og:locale" content="de_DE" />
<meta property="og:type" content="article" />
<meta property="og:title" content="GO 2 COWO - Chambre Belge des Traducteurs et Interprètes | Belgische Kamer van Vertalers en Tolken" />
<meta property="og:description" content="Envie de passer une journée entre collègues, pour travailler et réseauter au lieu de rester seul.e dans votre coin&nbsp;? Participez gratuitement à notre 2e journée de coworking&nbsp;! Événement ouvert aux membres et aux non-membres. Quand ? Le vendredi 9&nbsp;décembre de 9h à 17h Où ? CBTI (salle Belliard), rue Montoyer&nbsp;24, 1000&nbsp;Bruxelles. Modalités pratiques Possibilité d’acheter&hellip;&nbsp;Read More &raquo;GO 2 COWO" />
<meta property="og:url" content="https://www.cbti-bkvt.org/de/evenement/go-2-cowo/" />
<meta property="og:site_name" content="Chambre Belge des Traducteurs et Interprètes | Belgische Kamer van Vertalers en Tolken" />
<meta name="twitter:card" content="summary_large_image" />
<script type="application/ld+json" class="yoast-schema-graph">{"@context":"https:\/\/schema.org","@graph":[{"@type":"WebPage","@id":"https:\/\/www.cbti-bkvt.org\/de\/evenement\/go-2-cowo\/","url":"https:\/\/www.cbti-bkvt.org\/de\/evenement\/go-2-cowo\/","name":"GO 2 COWO - Chambre Belge des Traducteurs et Interprètes | Belgische Kamer van Vertalers en Tolken","isPartOf":{"@id":"https:\/\/www.cbti-bkvt.org\/de\/#website"},"primaryImageOfPage":{"@id":"https:\/\/www.cbti-bkvt.org\/de\/evenement\/go-2-cowo\/#primaryimage"},"image":{"@id":"https:\/\/www.cbti-bkvt.org\/de\/evenement\/go-2-cowo\/#primaryimage"},"thumbnailUrl":"https:\/\/www.cbti-bkvt.org\/wp-content\/uploads\/Go2Cowo-min-2.jpg","datePublished":"2022-11-02T14:34:10+00:00","breadcrumb":{"@id":"https:\/\/www.cbti-bkvt.org\/de\/evenement\/go-2-cowo\/#breadcrumb"},"inLanguage":"de-DE","potentialAction":[{"@type":"ReadAction","target":["https:\/\/www.cbti-bkvt.org\/de\/evenement\/go-2-cowo\/"]}]},{"@type":"ImageObject","inLanguage":"de-DE","@id":"https:\/\/www.cbti-bkvt.org\/de\/evenement\/go-2-cowo\/#primaryimage","url":"https:\/\/www.cbti-bkvt.org\/wp-content\/uploads\/Go2Cowo-min-2.jpg","contentUrl":"https:\/\/www.cbti-bkvt.org\/wp-content\/uploads\/Go2Cowo-min-2.jpg","width":939,"height":539},{"@type":"BreadcrumbList","@id":"https:\/\/www.cbti-bkvt.org\/de\/evenement\/go-2-cowo\/#breadcrumb","itemListElement":[{"@type":"ListItem","position":1,"name":"Home","item":"https:\/\/www.cbti-bkvt.org\/de\/"},{"@type":"ListItem","position":2,"name":"Évènements","item":"https:\/\/www.cbti-bkvt.org\/de\/evenement\/"},{"@type":"ListItem","position":3,"name":"GO 2 COWO"}]},{"@type":"WebSite","@id":"https:\/\/www.cbti-bkvt.org\/de\/#website","url":"https:\/\/www.cbti-bkvt.org\/de\/","name":"Chambre Belge des Traducteurs et Interprètes | Belgische Kamer van Vertalers en Tolken","description":"Métiers de la traduction écrite, l’interprétation de conférence, la traduction et l’interprétation en milieu judiciaire.","potentialAction":[{"@type":"SearchAction","target":{"@type":"EntryPoint","urlTemplate":"https:\/\/www.cbti-bkvt.org\/de\/?s={search_term_string}"},"query-input":{"@type":"PropertyValueSpecification","valueRequired":true,"valueName":"search_term_string"}}],"inLanguage":"de-DE"}]}</script>
<!-- / Yoast SEO plugin. -->

Chambre Belge des Traducteurs et Interprètes | Belgische Kamer van Vertalers en Tolken

GO 2 COWO - Chambre Belge des Traducteurs et Interprètes | Belgische Kamer van Vertalers en Tolken

Envie de passer une journée entre collègues, pour travailler et réseauter au lieu de rester seul.e dans votre coin&nbsp;? Participez gratuitement à notre 2e journée de coworking&nbsp;! Événement ouvert aux membres et aux non-membres. Quand ? Le vendredi 9&nbsp;décembre de 9h à 17h Où ? CBTI (salle Belliard), rue Montoyer&nbsp;24, 1000&nbsp;Bruxelles. Modalités pratiques Possibilité d’acheter&hellip;&nbsp;Read More &raquo;GO 2 COWO

Évènements

Métiers de la traduction écrite, l’interprétation de conférence, la traduction et l’interprétation en milieu judiciaire.
