{"id":25433,"date":"2023-12-10T15:55:43","date_gmt":"2023-12-10T15:55:43","guid":{"rendered":"https:\/\/www.cbti-bkvt.org\/evenement\/intelligence-artificielle-en-traduction-et-en-interpretation\/"},"modified":"2024-01-28T09:28:29","modified_gmt":"2024-01-28T09:28:29","slug":"intelligence-artificielle-en-traduction-et-en-interpretation","status":"publish","type":"evenement","link":"https:\/\/www.cbti-bkvt.org\/de\/evenement\/intelligence-artificielle-en-traduction-et-en-interpretation\/","title":{"rendered":"Intelligence artificielle en traduction et en interpr\u00e9tation"},"content":{"rendered":"\n<p>L\u2019intelligence artificielle fait beaucoup parler d\u2019elle et ce, dans tous les secteurs.<\/p>\n\n\n\n<p>La CBTI vous propose une conf\u00e9rence pour d\u00e9battre des implications en traduction et en interpr\u00e9tation et de l\u2019impact de l\u2019IA dans nos pratiques professionnelles.<\/p>\n\n\n\n<p>\u00c9v\u00e9nement ouvert aux membres et aux non-membres. Le nombre de places \u00e9tant limit\u00e9, merci de vous inscrire par mail avant le 6 octobre.<\/p>\n\n\n\n<p>Vous trouverez tous les d\u00e9tails dans le fichier PDF ci-dessous.<\/p>\n\n\n\n<ul class=\"wp-block-list\">\n<li><a href=\"https:\/\/www.cbti-bkvt.org\/wp-content\/uploads\/FR__AI_Program.pdf\" target=\"_blank\" rel=\"noreferrer noopener\">AI Program\u00a0<\/a>[PDF]<\/li>\n<\/ul>\n","protected":false},"featured_media":24802,"parent":0,"template":"","meta":{"_acf_changed":false,"pmpro_default_level":"","neve_meta_sidebar":"","neve_meta_container":"","neve_meta_enable_content_width":"","neve_meta_content_width":0,"neve_meta_title_alignment":"","neve_meta_author_avatar":"","neve_post_elements_order":"","neve_meta_disable_header":"","neve_meta_disable_footer":"","neve_meta_disable_title":"","neve_meta_reading_time":"","_links_to":"","_links_to_target":""},"evenement-type":[420],"class_list":["post-25433","evenement","type-evenement","status-publish","has-post-thumbnail","hentry","evenement-type-konferenzen","pmpro-has-access"],"acf":[],"yoast_head":"<!-- This site is optimized with the Yoast SEO plugin v27.4 - https:\/\/yoast.com\/product\/yoast-seo-wordpress\/ -->\n<title>Chambre Belge des Traducteurs et Interpr\u00e8tes | Belgische Kamer van Vertalers en Tolken<\/title>\n<meta name=\"robots\" content=\"index, follow, max-snippet:-1, max-image-preview:large, max-video-preview:-1\" \/>\n<link rel=\"canonical\" href=\"https:\/\/www.cbti-bkvt.org\/de\/evenement\/intelligence-artificielle-en-traduction-et-en-interpretation\/\" \/>\n<meta property=\"og:locale\" content=\"de_DE\" \/>\n<meta property=\"og:type\" content=\"article\" \/>\n<meta property=\"og:title\" content=\"Intelligence artificielle en traduction et en interpr\u00e9tation - Chambre Belge des Traducteurs et Interpr\u00e8tes | Belgische Kamer van Vertalers en Tolken\" \/>\n<meta property=\"og:description\" content=\"L\u2019intelligence artificielle fait beaucoup parler d\u2019elle et ce, dans tous les secteurs. La CBTI vous propose une conf\u00e9rence pour d\u00e9battre des implications en traduction et en interpr\u00e9tation et de l\u2019impact de l\u2019IA dans nos pratiques professionnelles. \u00c9v\u00e9nement ouvert aux membres et aux non-membres. Le nombre de places \u00e9tant limit\u00e9, merci de vous inscrire par mail&hellip;&nbsp;Read More &raquo;Intelligence artificielle en traduction et en interpr\u00e9tation\" \/>\n<meta property=\"og:url\" content=\"https:\/\/www.cbti-bkvt.org\/de\/evenement\/intelligence-artificielle-en-traduction-et-en-interpretation\/\" \/>\n<meta property=\"og:site_name\" content=\"Chambre Belge des Traducteurs et Interpr\u00e8tes | Belgische Kamer van Vertalers en Tolken\" \/>\n<meta property=\"article:modified_time\" content=\"2024-01-28T09:28:29+00:00\" \/>\n<meta property=\"og:image\" content=\"https:\/\/www.cbti-bkvt.org\/wp-content\/uploads\/brain-artificial-intelligence-machine-learning-big-data-digital-face-1640118-pxhere.com-min.jpg\" \/>\n\t<meta property=\"og:image:width\" content=\"1000\" \/>\n\t<meta property=\"og:image:height\" content=\"666\" \/>\n\t<meta property=\"og:image:type\" content=\"image\/jpeg\" \/>\n<meta name=\"twitter:card\" content=\"summary_large_image\" \/>\n<meta name=\"twitter:label1\" content=\"Est. reading time\" \/>\n\t<meta name=\"twitter:data1\" content=\"1 minute\" \/>\n<script type=\"application\/ld+json\" class=\"yoast-schema-graph\">{\"@context\":\"https:\\\/\\\/schema.org\",\"@graph\":[{\"@type\":\"WebPage\",\"@id\":\"https:\\\/\\\/www.cbti-bkvt.org\\\/de\\\/evenement\\\/intelligence-artificielle-en-traduction-et-en-interpretation\\\/\",\"url\":\"https:\\\/\\\/www.cbti-bkvt.org\\\/de\\\/evenement\\\/intelligence-artificielle-en-traduction-et-en-interpretation\\\/\",\"name\":\"Intelligence artificielle en traduction et en interpr\u00e9tation - Chambre Belge des Traducteurs et Interpr\u00e8tes | Belgische Kamer van Vertalers en Tolken\",\"isPartOf\":{\"@id\":\"https:\\\/\\\/www.cbti-bkvt.org\\\/de\\\/#website\"},\"primaryImageOfPage\":{\"@id\":\"https:\\\/\\\/www.cbti-bkvt.org\\\/de\\\/evenement\\\/intelligence-artificielle-en-traduction-et-en-interpretation\\\/#primaryimage\"},\"image\":{\"@id\":\"https:\\\/\\\/www.cbti-bkvt.org\\\/de\\\/evenement\\\/intelligence-artificielle-en-traduction-et-en-interpretation\\\/#primaryimage\"},\"thumbnailUrl\":\"https:\\\/\\\/www.cbti-bkvt.org\\\/wp-content\\\/uploads\\\/brain-artificial-intelligence-machine-learning-big-data-digital-face-1640118-pxhere.com-min.jpg\",\"datePublished\":\"2023-12-10T15:55:43+00:00\",\"dateModified\":\"2024-01-28T09:28:29+00:00\",\"breadcrumb\":{\"@id\":\"https:\\\/\\\/www.cbti-bkvt.org\\\/de\\\/evenement\\\/intelligence-artificielle-en-traduction-et-en-interpretation\\\/#breadcrumb\"},\"inLanguage\":\"de-DE\",\"potentialAction\":[{\"@type\":\"ReadAction\",\"target\":[\"https:\\\/\\\/www.cbti-bkvt.org\\\/de\\\/evenement\\\/intelligence-artificielle-en-traduction-et-en-interpretation\\\/\"]}]},{\"@type\":\"ImageObject\",\"inLanguage\":\"de-DE\",\"@id\":\"https:\\\/\\\/www.cbti-bkvt.org\\\/de\\\/evenement\\\/intelligence-artificielle-en-traduction-et-en-interpretation\\\/#primaryimage\",\"url\":\"https:\\\/\\\/www.cbti-bkvt.org\\\/wp-content\\\/uploads\\\/brain-artificial-intelligence-machine-learning-big-data-digital-face-1640118-pxhere.com-min.jpg\",\"contentUrl\":\"https:\\\/\\\/www.cbti-bkvt.org\\\/wp-content\\\/uploads\\\/brain-artificial-intelligence-machine-learning-big-data-digital-face-1640118-pxhere.com-min.jpg\",\"width\":1000,\"height\":666},{\"@type\":\"BreadcrumbList\",\"@id\":\"https:\\\/\\\/www.cbti-bkvt.org\\\/de\\\/evenement\\\/intelligence-artificielle-en-traduction-et-en-interpretation\\\/#breadcrumb\",\"itemListElement\":[{\"@type\":\"ListItem\",\"position\":1,\"name\":\"Home\",\"item\":\"https:\\\/\\\/www.cbti-bkvt.org\\\/de\\\/\"},{\"@type\":\"ListItem\",\"position\":2,\"name\":\"\u00c9v\u00e8nements\",\"item\":\"https:\\\/\\\/www.cbti-bkvt.org\\\/de\\\/evenement\\\/\"},{\"@type\":\"ListItem\",\"position\":3,\"name\":\"Intelligence artificielle en traduction et en interpr\u00e9tation\"}]},{\"@type\":\"WebSite\",\"@id\":\"https:\\\/\\\/www.cbti-bkvt.org\\\/de\\\/#website\",\"url\":\"https:\\\/\\\/www.cbti-bkvt.org\\\/de\\\/\",\"name\":\"Chambre Belge des Traducteurs et Interpr\u00e8tes | Belgische Kamer van Vertalers en Tolken\",\"description\":\"M\u00e9tiers de la traduction \u00e9crite, l\u2019interpr\u00e9tation de conf\u00e9rence, la traduction et l\u2019interpr\u00e9tation en milieu judiciaire.\",\"potentialAction\":[{\"@type\":\"SearchAction\",\"target\":{\"@type\":\"EntryPoint\",\"urlTemplate\":\"https:\\\/\\\/www.cbti-bkvt.org\\\/de\\\/?s={search_term_string}\"},\"query-input\":{\"@type\":\"PropertyValueSpecification\",\"valueRequired\":true,\"valueName\":\"search_term_string\"}}],\"inLanguage\":\"de-DE\"}]}<\/script>\n<!-- \/ Yoast SEO plugin. -->","yoast_head_json":{"title":"Chambre Belge des Traducteurs et Interpr\u00e8tes | Belgische Kamer van Vertalers en Tolken","robots":{"index":"index","follow":"follow","max-snippet":"max-snippet:-1","max-image-preview":"max-image-preview:large","max-video-preview":"max-video-preview:-1"},"canonical":"https:\/\/www.cbti-bkvt.org\/de\/evenement\/intelligence-artificielle-en-traduction-et-en-interpretation\/","og_locale":"de_DE","og_type":"article","og_title":"Intelligence artificielle en traduction et en interpr\u00e9tation - Chambre Belge des Traducteurs et Interpr\u00e8tes | Belgische Kamer van Vertalers en Tolken","og_description":"L\u2019intelligence artificielle fait beaucoup parler d\u2019elle et ce, dans tous les secteurs. La CBTI vous propose une conf\u00e9rence pour d\u00e9battre des implications en traduction et en interpr\u00e9tation et de l\u2019impact de l\u2019IA dans nos pratiques professionnelles. \u00c9v\u00e9nement ouvert aux membres et aux non-membres. Le nombre de places \u00e9tant limit\u00e9, merci de vous inscrire par mail&hellip;&nbsp;Read More &raquo;Intelligence artificielle en traduction et en interpr\u00e9tation","og_url":"https:\/\/www.cbti-bkvt.org\/de\/evenement\/intelligence-artificielle-en-traduction-et-en-interpretation\/","og_site_name":"Chambre Belge des Traducteurs et Interpr\u00e8tes | Belgische Kamer van Vertalers en Tolken","article_modified_time":"2024-01-28T09:28:29+00:00","og_image":[{"width":1000,"height":666,"url":"https:\/\/www.cbti-bkvt.org\/wp-content\/uploads\/brain-artificial-intelligence-machine-learning-big-data-digital-face-1640118-pxhere.com-min.jpg","type":"image\/jpeg"}],"twitter_card":"summary_large_image","twitter_misc":{"Est. reading time":"1 minute"},"schema":{"@context":"https:\/\/schema.org","@graph":[{"@type":"WebPage","@id":"https:\/\/www.cbti-bkvt.org\/de\/evenement\/intelligence-artificielle-en-traduction-et-en-interpretation\/","url":"https:\/\/www.cbti-bkvt.org\/de\/evenement\/intelligence-artificielle-en-traduction-et-en-interpretation\/","name":"Intelligence artificielle en traduction et en interpr\u00e9tation - Chambre Belge des Traducteurs et Interpr\u00e8tes | Belgische Kamer van Vertalers en Tolken","isPartOf":{"@id":"https:\/\/www.cbti-bkvt.org\/de\/#website"},"primaryImageOfPage":{"@id":"https:\/\/www.cbti-bkvt.org\/de\/evenement\/intelligence-artificielle-en-traduction-et-en-interpretation\/#primaryimage"},"image":{"@id":"https:\/\/www.cbti-bkvt.org\/de\/evenement\/intelligence-artificielle-en-traduction-et-en-interpretation\/#primaryimage"},"thumbnailUrl":"https:\/\/www.cbti-bkvt.org\/wp-content\/uploads\/brain-artificial-intelligence-machine-learning-big-data-digital-face-1640118-pxhere.com-min.jpg","datePublished":"2023-12-10T15:55:43+00:00","dateModified":"2024-01-28T09:28:29+00:00","breadcrumb":{"@id":"https:\/\/www.cbti-bkvt.org\/de\/evenement\/intelligence-artificielle-en-traduction-et-en-interpretation\/#breadcrumb"},"inLanguage":"de-DE","potentialAction":[{"@type":"ReadAction","target":["https:\/\/www.cbti-bkvt.org\/de\/evenement\/intelligence-artificielle-en-traduction-et-en-interpretation\/"]}]},{"@type":"ImageObject","inLanguage":"de-DE","@id":"https:\/\/www.cbti-bkvt.org\/de\/evenement\/intelligence-artificielle-en-traduction-et-en-interpretation\/#primaryimage","url":"https:\/\/www.cbti-bkvt.org\/wp-content\/uploads\/brain-artificial-intelligence-machine-learning-big-data-digital-face-1640118-pxhere.com-min.jpg","contentUrl":"https:\/\/www.cbti-bkvt.org\/wp-content\/uploads\/brain-artificial-intelligence-machine-learning-big-data-digital-face-1640118-pxhere.com-min.jpg","width":1000,"height":666},{"@type":"BreadcrumbList","@id":"https:\/\/www.cbti-bkvt.org\/de\/evenement\/intelligence-artificielle-en-traduction-et-en-interpretation\/#breadcrumb","itemListElement":[{"@type":"ListItem","position":1,"name":"Home","item":"https:\/\/www.cbti-bkvt.org\/de\/"},{"@type":"ListItem","position":2,"name":"\u00c9v\u00e8nements","item":"https:\/\/www.cbti-bkvt.org\/de\/evenement\/"},{"@type":"ListItem","position":3,"name":"Intelligence artificielle en traduction et en interpr\u00e9tation"}]},{"@type":"WebSite","@id":"https:\/\/www.cbti-bkvt.org\/de\/#website","url":"https:\/\/www.cbti-bkvt.org\/de\/","name":"Chambre Belge des Traducteurs et Interpr\u00e8tes | Belgische Kamer van Vertalers en Tolken","description":"M\u00e9tiers de la traduction \u00e9crite, l\u2019interpr\u00e9tation de conf\u00e9rence, la traduction et l\u2019interpr\u00e9tation en milieu judiciaire.","potentialAction":[{"@type":"SearchAction","target":{"@type":"EntryPoint","urlTemplate":"https:\/\/www.cbti-bkvt.org\/de\/?s={search_term_string}"},"query-input":{"@type":"PropertyValueSpecification","valueRequired":true,"valueName":"search_term_string"}}],"inLanguage":"de-DE"}]}},"_links":{"self":[{"href":"https:\/\/www.cbti-bkvt.org\/de\/wp-json\/wp\/v2\/evenement\/25433","targetHints":{"allow":["GET"]}}],"collection":[{"href":"https:\/\/www.cbti-bkvt.org\/de\/wp-json\/wp\/v2\/evenement"}],"about":[{"href":"https:\/\/www.cbti-bkvt.org\/de\/wp-json\/wp\/v2\/types\/evenement"}],"wp:featuredmedia":[{"embeddable":true,"href":"https:\/\/www.cbti-bkvt.org\/de\/wp-json\/wp\/v2\/media\/24802"}],"wp:attachment":[{"href":"https:\/\/www.cbti-bkvt.org\/de\/wp-json\/wp\/v2\/media?parent=25433"}],"wp:term":[{"taxonomy":"evenement-type","embeddable":true,"href":"https:\/\/www.cbti-bkvt.org\/de\/wp-json\/wp\/v2\/evenement-type?post=25433"}],"curies":[{"name":"wp","href":"https:\/\/api.w.org\/{rel}","templated":true}]}}

Intelligence artificielle en traduction et en interprétation

<p>L’intelligence artificielle fait beaucoup parler d’elle et ce, dans tous les secteurs.</p>



<p>La CBTI vous propose une conférence pour débattre des implications en traduction et en interprétation et de l’impact de l’IA dans nos pratiques professionnelles.</p>



<p>Événement ouvert aux membres et aux non-membres. Le nombre de places étant limité, merci de vous inscrire par mail avant le 6 octobre.</p>



<p>Vous trouverez tous les détails dans le fichier PDF ci-dessous.</p>



<ul class="wp-block-list">
<li><a href="https://www.cbti-bkvt.org/wp-content/uploads/FR__AI_Program.pdf" target="_blank" rel="noreferrer noopener">AI Program </a>[PDF]</li>
</ul>

<!-- This site is optimized with the Yoast SEO plugin v27.4 - https://yoast.com/product/yoast-seo-wordpress/ -->
<title>Chambre Belge des Traducteurs et Interprètes | Belgische Kamer van Vertalers en Tolken</title>
<meta name="robots" content="index, follow, max-snippet:-1, max-image-preview:large, max-video-preview:-1" />
<link rel="canonical" href="https://www.cbti-bkvt.org/de/evenement/intelligence-artificielle-en-traduction-et-en-interpretation/" />
<meta property="og:locale" content="de_DE" />
<meta property="og:type" content="article" />
<meta property="og:title" content="Intelligence artificielle en traduction et en interprétation - Chambre Belge des Traducteurs et Interprètes | Belgische Kamer van Vertalers en Tolken" />
<meta property="og:description" content="L’intelligence artificielle fait beaucoup parler d’elle et ce, dans tous les secteurs. La CBTI vous propose une conférence pour débattre des implications en traduction et en interprétation et de l’impact de l’IA dans nos pratiques professionnelles. Événement ouvert aux membres et aux non-membres. Le nombre de places étant limité, merci de vous inscrire par mail&hellip;&nbsp;Read More &raquo;Intelligence artificielle en traduction et en interprétation" />
<meta property="og:url" content="https://www.cbti-bkvt.org/de/evenement/intelligence-artificielle-en-traduction-et-en-interpretation/" />
<meta property="og:site_name" content="Chambre Belge des Traducteurs et Interprètes | Belgische Kamer van Vertalers en Tolken" />
<meta property="article:modified_time" content="2024-01-28T09:28:29+00:00" />
<meta property="og:image" content="https://www.cbti-bkvt.org/wp-content/uploads/brain-artificial-intelligence-machine-learning-big-data-digital-face-1640118-pxhere.com-min.jpg" />
	<meta property="og:image:width" content="1000" />
	<meta property="og:image:height" content="666" />
	<meta property="og:image:type" content="image/jpeg" />
<meta name="twitter:card" content="summary_large_image" />
<meta name="twitter:label1" content="Est. reading time" />
	<meta name="twitter:data1" content="1 minute" />
<script type="application/ld+json" class="yoast-schema-graph">{"@context":"https:\/\/schema.org","@graph":[{"@type":"WebPage","@id":"https:\/\/www.cbti-bkvt.org\/de\/evenement\/intelligence-artificielle-en-traduction-et-en-interpretation\/","url":"https:\/\/www.cbti-bkvt.org\/de\/evenement\/intelligence-artificielle-en-traduction-et-en-interpretation\/","name":"Intelligence artificielle en traduction et en interprétation - Chambre Belge des Traducteurs et Interprètes | Belgische Kamer van Vertalers en Tolken","isPartOf":{"@id":"https:\/\/www.cbti-bkvt.org\/de\/#website"},"primaryImageOfPage":{"@id":"https:\/\/www.cbti-bkvt.org\/de\/evenement\/intelligence-artificielle-en-traduction-et-en-interpretation\/#primaryimage"},"image":{"@id":"https:\/\/www.cbti-bkvt.org\/de\/evenement\/intelligence-artificielle-en-traduction-et-en-interpretation\/#primaryimage"},"thumbnailUrl":"https:\/\/www.cbti-bkvt.org\/wp-content\/uploads\/brain-artificial-intelligence-machine-learning-big-data-digital-face-1640118-pxhere.com-min.jpg","datePublished":"2023-12-10T15:55:43+00:00","dateModified":"2024-01-28T09:28:29+00:00","breadcrumb":{"@id":"https:\/\/www.cbti-bkvt.org\/de\/evenement\/intelligence-artificielle-en-traduction-et-en-interpretation\/#breadcrumb"},"inLanguage":"de-DE","potentialAction":[{"@type":"ReadAction","target":["https:\/\/www.cbti-bkvt.org\/de\/evenement\/intelligence-artificielle-en-traduction-et-en-interpretation\/"]}]},{"@type":"ImageObject","inLanguage":"de-DE","@id":"https:\/\/www.cbti-bkvt.org\/de\/evenement\/intelligence-artificielle-en-traduction-et-en-interpretation\/#primaryimage","url":"https:\/\/www.cbti-bkvt.org\/wp-content\/uploads\/brain-artificial-intelligence-machine-learning-big-data-digital-face-1640118-pxhere.com-min.jpg","contentUrl":"https:\/\/www.cbti-bkvt.org\/wp-content\/uploads\/brain-artificial-intelligence-machine-learning-big-data-digital-face-1640118-pxhere.com-min.jpg","width":1000,"height":666},{"@type":"BreadcrumbList","@id":"https:\/\/www.cbti-bkvt.org\/de\/evenement\/intelligence-artificielle-en-traduction-et-en-interpretation\/#breadcrumb","itemListElement":[{"@type":"ListItem","position":1,"name":"Home","item":"https:\/\/www.cbti-bkvt.org\/de\/"},{"@type":"ListItem","position":2,"name":"Évènements","item":"https:\/\/www.cbti-bkvt.org\/de\/evenement\/"},{"@type":"ListItem","position":3,"name":"Intelligence artificielle en traduction et en interprétation"}]},{"@type":"WebSite","@id":"https:\/\/www.cbti-bkvt.org\/de\/#website","url":"https:\/\/www.cbti-bkvt.org\/de\/","name":"Chambre Belge des Traducteurs et Interprètes | Belgische Kamer van Vertalers en Tolken","description":"Métiers de la traduction écrite, l’interprétation de conférence, la traduction et l’interprétation en milieu judiciaire.","potentialAction":[{"@type":"SearchAction","target":{"@type":"EntryPoint","urlTemplate":"https:\/\/www.cbti-bkvt.org\/de\/?s={search_term_string}"},"query-input":{"@type":"PropertyValueSpecification","valueRequired":true,"valueName":"search_term_string"}}],"inLanguage":"de-DE"}]}</script>
<!-- / Yoast SEO plugin. -->

Chambre Belge des Traducteurs et Interprètes | Belgische Kamer van Vertalers en Tolken

Intelligence artificielle en traduction et en interprétation - Chambre Belge des Traducteurs et Interprètes | Belgische Kamer van Vertalers en Tolken

L’intelligence artificielle fait beaucoup parler d’elle et ce, dans tous les secteurs. La CBTI vous propose une conférence pour débattre des implications en traduction et en interprétation et de l’impact de l’IA dans nos pratiques professionnelles. Événement ouvert aux membres et aux non-membres. Le nombre de places étant limité, merci de vous inscrire par mail&hellip;&nbsp;Read More &raquo;Intelligence artificielle en traduction et en interprétation

Évènements

Métiers de la traduction écrite, l’interprétation de conférence, la traduction et l’interprétation en milieu judiciaire.
