{"version":"1.0","provider_name":"Chambre Belge des Traducteurs et Interpr\u00e8tes | Belgische Kamer van Vertalers en Tolken","provider_url":"https:\/\/www.cbti-bkvt.org\/en\/","author_name":"C\u00e9line Maes","author_url":"https:\/\/www.cbti-bkvt.org\/en\/author\/celine-maes\/","title":"De BKVT feliciteert de OTTIAQ - Chambre Belge des Traducteurs et Interpr\u00e8tes | Belgische Kamer van Vertalers en Tolken","type":"rich","width":600,"height":338,"html":"<blockquote class=\"wp-embedded-content\" data-secret=\"TqySazZqL5\"><a href=\"https:\/\/www.cbti-bkvt.org\/en\/de-bkvt-feliciteert-de-ottiaq\/\">De BKVT feliciteert de OTTIAQ<\/a><\/blockquote><iframe sandbox=\"allow-scripts\" security=\"restricted\" src=\"https:\/\/www.cbti-bkvt.org\/en\/de-bkvt-feliciteert-de-ottiaq\/embed\/#?secret=TqySazZqL5\" width=\"600\" height=\"338\" title=\"&#8220;De BKVT feliciteert de OTTIAQ&#8221; &#8212; Chambre Belge des Traducteurs et Interpr\u00e8tes | Belgische Kamer van Vertalers en Tolken\" data-secret=\"TqySazZqL5\" frameborder=\"0\" marginwidth=\"0\" marginheight=\"0\" scrolling=\"no\" class=\"wp-embedded-content\"><\/iframe><script>\n\/*! This file is auto-generated *\/\n!function(d,l){\"use strict\";l.querySelector&&d.addEventListener&&\"undefined\"!=typeof URL&&(d.wp=d.wp||{},d.wp.receiveEmbedMessage||(d.wp.receiveEmbedMessage=function(e){var t=e.data;if((t||t.secret||t.message||t.value)&&!\/[^a-zA-Z0-9]\/.test(t.secret)){for(var s,r,n,a=l.querySelectorAll('iframe[data-secret=\"'+t.secret+'\"]'),o=l.querySelectorAll('blockquote[data-secret=\"'+t.secret+'\"]'),c=new RegExp(\"^https?:$\",\"i\"),i=0;i<o.length;i++)o[i].style.display=\"none\";for(i=0;i<a.length;i++)s=a[i],e.source===s.contentWindow&&(s.removeAttribute(\"style\"),\"height\"===t.message?(1e3<(r=parseInt(t.value,10))?r=1e3:~~r<200&&(r=200),s.height=r):\"link\"===t.message&&(r=new URL(s.getAttribute(\"src\")),n=new URL(t.value),c.test(n.protocol))&&n.host===r.host&&l.activeElement===s&&(d.top.location.href=t.value))}},d.addEventListener(\"message\",d.wp.receiveEmbedMessage,!1),l.addEventListener(\"DOMContentLoaded\",function(){for(var e,t,s=l.querySelectorAll(\"iframe.wp-embedded-content\"),r=0;r<s.length;r++)(t=(e=s[r]).getAttribute(\"data-secret\"))||(t=Math.random().toString(36).substring(2,12),e.src+=\"#?secret=\"+t,e.setAttribute(\"data-secret\",t)),e.contentWindow.postMessage({message:\"ready\",secret:t},\"*\")},!1)))}(window,document);\n\/\/# sourceURL=https:\/\/www.cbti-bkvt.org\/wp-includes\/js\/wp-embed.min.js\n<\/script>\n","thumbnail_url":"https:\/\/www.cbti-bkvt.org\/wp-content\/uploads\/igor-omilaev-gVQLAbGVB6Q-unsplash-768x432.jpg","thumbnail_width":600,"thumbnail_height":338,"description":"De Belgische Kamer van Vertalers en Tolken wil de OTTIAQ (l\u2019Ordre des traducteurs, terminologues et interpr\u00e8tes agr\u00e9\u00e9s du Qu\u00e9bec) van harte feliciteren met de rake beschouwingen van de voorzitster van deze vereniging. Ze wijst treffend op de toegevoegde waarde van professionele vertalers en tolken in de huidige context van steeds snellere veranderingen. AI mag dan&hellip;&nbsp;Read More &raquo;"}

Chambre Belge des Traducteurs et Interprètes | Belgische Kamer van Vertalers en Tolken

Céline Maes

De BKVT feliciteert de OTTIAQ - Chambre Belge des Traducteurs et Interprètes | Belgische Kamer van Vertalers en Tolken

<blockquote class="wp-embedded-content" data-secret="TqySazZqL5"><a href="https://www.cbti-bkvt.org/en/de-bkvt-feliciteert-de-ottiaq/">De BKVT feliciteert de OTTIAQ</a></blockquote><iframe sandbox="allow-scripts" security="restricted" src="https://www.cbti-bkvt.org/en/de-bkvt-feliciteert-de-ottiaq/embed/#?secret=TqySazZqL5" width="600" height="338" title="&#8220;De BKVT feliciteert de OTTIAQ&#8221; &#8212; Chambre Belge des Traducteurs et Interprètes | Belgische Kamer van Vertalers en Tolken" data-secret="TqySazZqL5" frameborder="0" marginwidth="0" marginheight="0" scrolling="no" class="wp-embedded-content"></iframe><script>
/*! This file is auto-generated */
!function(d,l){"use strict";l.querySelector&&d.addEventListener&&"undefined"!=typeof URL&&(d.wp=d.wp||{},d.wp.receiveEmbedMessage||(d.wp.receiveEmbedMessage=function(e){var t=e.data;if((t||t.secret||t.message||t.value)&&!/[^a-zA-Z0-9]/.test(t.secret)){for(var s,r,n,a=l.querySelectorAll('iframe[data-secret="'+t.secret+'"]'),o=l.querySelectorAll('blockquote[data-secret="'+t.secret+'"]'),c=new RegExp("^https?:$","i"),i=0;i<o.length;i++)o[i].style.display="none";for(i=0;i<a.length;i++)s=a[i],e.source===s.contentWindow&&(s.removeAttribute("style"),"height"===t.message?(1e3<(r=parseInt(t.value,10))?r=1e3:~~r<200&&(r=200),s.height=r):"link"===t.message&&(r=new URL(s.getAttribute("src")),n=new URL(t.value),c.test(n.protocol))&&n.host===r.host&&l.activeElement===s&&(d.top.location.href=t.value))}},d.addEventListener("message",d.wp.receiveEmbedMessage,!1),l.addEventListener("DOMContentLoaded",function(){for(var e,t,s=l.querySelectorAll("iframe.wp-embedded-content"),r=0;r<s.length;r++)(t=(e=s[r]).getAttribute("data-secret"))||(t=Math.random().toString(36).substring(2,12),e.src+="#?secret="+t,e.setAttribute("data-secret",t)),e.contentWindow.postMessage({message:"ready",secret:t},"*")},!1)))}(window,document);
//# sourceURL=https://www.cbti-bkvt.org/wp-includes/js/wp-embed.min.js
</script>

De Belgische Kamer van Vertalers en Tolken wil de OTTIAQ (l’Ordre des traducteurs, terminologues et interprètes agréés du Québec) van harte feliciteren met de rake beschouwingen van de voorzitster van deze vereniging. Ze wijst treffend op de toegevoegde waarde van professionele vertalers en tolken in de huidige context van steeds snellere veranderingen. AI mag dan&hellip;&nbsp;Read More &raquo;
