{"id":23193,"date":"2014-05-23T09:37:17","date_gmt":"2014-05-23T09:37:17","guid":{"rendered":"https:\/\/www.cbti-bkvt.org\/evenement\/cbti-bkvt-sponsors-the-value-of-language-conference\/"},"modified":"2014-05-23T09:37:17","modified_gmt":"2014-05-23T09:37:17","slug":"cbti-bkvt-sponsors-the-value-of-language-conference","status":"publish","type":"evenement","link":"https:\/\/www.cbti-bkvt.org\/en\/evenement\/cbti-bkvt-sponsors-the-value-of-language-conference\/","title":{"rendered":"CBTI\/BKVT sponsors &#8220;The Value of Language&#8221; conference"},"content":{"rendered":"<p>&#8220;<b>The Value of Language<\/b>&#8221; (12 June 2014, Brussels) is a one-day conference whose main theme is the value of language: value created by language products, language services, linguistic expertise, linguistic research, etc. <\/p>\n<p>At the conference, selected users demonstrate how they actually use a language service or product and how they thereby create value for themselves, the customer, their organisation, society, etc.<\/p>\n<p>The conference focusses especially on the use of language services and products that improve quality, safety, security and comfort, reduce costs, optimise production processes, reduce the time to market and improve the user\u2019s economic or social position.<\/p>\n<p>The conference includes a plenary debate about how the value of language (products, services, etc.) can be better evaluated, evidenced and delivered to the customer and to society.<\/p>\n<p>To sum up, &#8220;The Value of Language&#8221; demonstrates how value can be created through the use (and creative forms of reuse, recycling and even atypical use) of language products, services and technology, language-related methods and concepts, insights drawn from (applied) linguistic research, and other intangibles such as deontological codes, quality labels and standards.<\/p>\n<h4>Contact<\/h4>\n<p>Ludovic Pierard, president, CBTI-BKVT<br \/>Dries Debackere, De Taalsector<br \/><a rel=\"noopener\" target=\"\" href=\"http:\/\/www.thevalueoflanguage.eu\">www.thevalueoflanguage.eu<\/a><\/p>\n","protected":false},"featured_media":10017,"parent":0,"template":"","meta":{"_acf_changed":false,"pmpro_default_level":"","neve_meta_sidebar":"","neve_meta_container":"","neve_meta_enable_content_width":"","neve_meta_content_width":0,"neve_meta_title_alignment":"","neve_meta_author_avatar":"","neve_post_elements_order":"","neve_meta_disable_header":"","neve_meta_disable_footer":"","neve_meta_disable_title":"","neve_meta_reading_time":"","_links_to":"","_links_to_target":""},"evenement-type":[419,420,411,410],"class_list":["post-23193","evenement","type-evenement","status-publish","has-post-thumbnail","hentry","evenement-type-conferences-en","evenement-type-konferenzen","evenement-type-sonstige-veranstaltungen","evenement-type-third-party-activities","pmpro-has-access"],"acf":[],"yoast_head":"<!-- This site is optimized with the Yoast SEO plugin v27.4 - https:\/\/yoast.com\/product\/yoast-seo-wordpress\/ -->\n<title>Chambre Belge des Traducteurs et Interpr\u00e8tes | Belgische Kamer van Vertalers en Tolken<\/title>\n<meta name=\"robots\" content=\"index, follow, max-snippet:-1, max-image-preview:large, max-video-preview:-1\" \/>\n<link rel=\"canonical\" href=\"https:\/\/www.cbti-bkvt.org\/en\/evenement\/cbti-bkvt-sponsors-the-value-of-language-conference\/\" \/>\n<meta property=\"og:locale\" content=\"en_US\" \/>\n<meta property=\"og:type\" content=\"article\" \/>\n<meta property=\"og:title\" content=\"CBTI\/BKVT sponsors &quot;The Value of Language&quot; conference - Chambre Belge des Traducteurs et Interpr\u00e8tes | Belgische Kamer van Vertalers en Tolken\" \/>\n<meta property=\"og:description\" content=\"&#8220;The Value of Language&#8221; (12 June 2014, Brussels) is a one-day conference whose main theme is the value of language: value created by language products, language services, linguistic expertise, linguistic research, etc. At the conference, selected users demonstrate how they actually use a language service or product and how they thereby create value for themselves,&hellip;&nbsp;Read More &raquo;CBTI\/BKVT sponsors &#8220;The Value of Language&#8221; conference\" \/>\n<meta property=\"og:url\" content=\"https:\/\/www.cbti-bkvt.org\/en\/evenement\/cbti-bkvt-sponsors-the-value-of-language-conference\/\" \/>\n<meta property=\"og:site_name\" content=\"Chambre Belge des Traducteurs et Interpr\u00e8tes | Belgische Kamer van Vertalers en Tolken\" \/>\n<meta property=\"og:image\" content=\"https:\/\/www.cbti-bkvt.org\/wp-content\/uploads\/5807378709_cb0d133f6f_b-2.jpg\" \/>\n\t<meta property=\"og:image:width\" content=\"1024\" \/>\n\t<meta property=\"og:image:height\" content=\"683\" \/>\n\t<meta property=\"og:image:type\" content=\"image\/jpeg\" \/>\n<meta name=\"twitter:card\" content=\"summary_large_image\" \/>\n<meta name=\"twitter:label1\" content=\"Est. reading time\" \/>\n\t<meta name=\"twitter:data1\" content=\"1 minute\" \/>\n<script type=\"application\/ld+json\" class=\"yoast-schema-graph\">{\"@context\":\"https:\\\/\\\/schema.org\",\"@graph\":[{\"@type\":\"WebPage\",\"@id\":\"https:\\\/\\\/www.cbti-bkvt.org\\\/en\\\/evenement\\\/cbti-bkvt-sponsors-the-value-of-language-conference\\\/\",\"url\":\"https:\\\/\\\/www.cbti-bkvt.org\\\/en\\\/evenement\\\/cbti-bkvt-sponsors-the-value-of-language-conference\\\/\",\"name\":\"CBTI\\\/BKVT sponsors \\\"The Value of Language\\\" conference - Chambre Belge des Traducteurs et Interpr\u00e8tes | Belgische Kamer van Vertalers en Tolken\",\"isPartOf\":{\"@id\":\"https:\\\/\\\/www.cbti-bkvt.org\\\/en\\\/#website\"},\"primaryImageOfPage\":{\"@id\":\"https:\\\/\\\/www.cbti-bkvt.org\\\/en\\\/evenement\\\/cbti-bkvt-sponsors-the-value-of-language-conference\\\/#primaryimage\"},\"image\":{\"@id\":\"https:\\\/\\\/www.cbti-bkvt.org\\\/en\\\/evenement\\\/cbti-bkvt-sponsors-the-value-of-language-conference\\\/#primaryimage\"},\"thumbnailUrl\":\"https:\\\/\\\/www.cbti-bkvt.org\\\/wp-content\\\/uploads\\\/5807378709_cb0d133f6f_b-2.jpg\",\"datePublished\":\"2014-05-23T09:37:17+00:00\",\"breadcrumb\":{\"@id\":\"https:\\\/\\\/www.cbti-bkvt.org\\\/en\\\/evenement\\\/cbti-bkvt-sponsors-the-value-of-language-conference\\\/#breadcrumb\"},\"inLanguage\":\"en-US\",\"potentialAction\":[{\"@type\":\"ReadAction\",\"target\":[\"https:\\\/\\\/www.cbti-bkvt.org\\\/en\\\/evenement\\\/cbti-bkvt-sponsors-the-value-of-language-conference\\\/\"]}]},{\"@type\":\"ImageObject\",\"inLanguage\":\"en-US\",\"@id\":\"https:\\\/\\\/www.cbti-bkvt.org\\\/en\\\/evenement\\\/cbti-bkvt-sponsors-the-value-of-language-conference\\\/#primaryimage\",\"url\":\"https:\\\/\\\/www.cbti-bkvt.org\\\/wp-content\\\/uploads\\\/5807378709_cb0d133f6f_b-2.jpg\",\"contentUrl\":\"https:\\\/\\\/www.cbti-bkvt.org\\\/wp-content\\\/uploads\\\/5807378709_cb0d133f6f_b-2.jpg\",\"width\":1024,\"height\":683},{\"@type\":\"BreadcrumbList\",\"@id\":\"https:\\\/\\\/www.cbti-bkvt.org\\\/en\\\/evenement\\\/cbti-bkvt-sponsors-the-value-of-language-conference\\\/#breadcrumb\",\"itemListElement\":[{\"@type\":\"ListItem\",\"position\":1,\"name\":\"Home\",\"item\":\"https:\\\/\\\/www.cbti-bkvt.org\\\/en\\\/\"},{\"@type\":\"ListItem\",\"position\":2,\"name\":\"\u00c9v\u00e8nements\",\"item\":\"https:\\\/\\\/www.cbti-bkvt.org\\\/en\\\/evenement\\\/\"},{\"@type\":\"ListItem\",\"position\":3,\"name\":\"CBTI\\\/BKVT sponsors \u00ab\u00a0The Value of Language\u00a0\u00bb conference\"}]},{\"@type\":\"WebSite\",\"@id\":\"https:\\\/\\\/www.cbti-bkvt.org\\\/en\\\/#website\",\"url\":\"https:\\\/\\\/www.cbti-bkvt.org\\\/en\\\/\",\"name\":\"Chambre Belge des Traducteurs et Interpr\u00e8tes | Belgische Kamer van Vertalers en Tolken\",\"description\":\"M\u00e9tiers de la traduction \u00e9crite, l\u2019interpr\u00e9tation de conf\u00e9rence, la traduction et l\u2019interpr\u00e9tation en milieu judiciaire.\",\"potentialAction\":[{\"@type\":\"SearchAction\",\"target\":{\"@type\":\"EntryPoint\",\"urlTemplate\":\"https:\\\/\\\/www.cbti-bkvt.org\\\/en\\\/?s={search_term_string}\"},\"query-input\":{\"@type\":\"PropertyValueSpecification\",\"valueRequired\":true,\"valueName\":\"search_term_string\"}}],\"inLanguage\":\"en-US\"}]}<\/script>\n<!-- \/ Yoast SEO plugin. -->","yoast_head_json":{"title":"Chambre Belge des Traducteurs et Interpr\u00e8tes | Belgische Kamer van Vertalers en Tolken","robots":{"index":"index","follow":"follow","max-snippet":"max-snippet:-1","max-image-preview":"max-image-preview:large","max-video-preview":"max-video-preview:-1"},"canonical":"https:\/\/www.cbti-bkvt.org\/en\/evenement\/cbti-bkvt-sponsors-the-value-of-language-conference\/","og_locale":"en_US","og_type":"article","og_title":"CBTI\/BKVT sponsors \"The Value of Language\" conference - Chambre Belge des Traducteurs et Interpr\u00e8tes | Belgische Kamer van Vertalers en Tolken","og_description":"&#8220;The Value of Language&#8221; (12 June 2014, Brussels) is a one-day conference whose main theme is the value of language: value created by language products, language services, linguistic expertise, linguistic research, etc. At the conference, selected users demonstrate how they actually use a language service or product and how they thereby create value for themselves,&hellip;&nbsp;Read More &raquo;CBTI\/BKVT sponsors &#8220;The Value of Language&#8221; conference","og_url":"https:\/\/www.cbti-bkvt.org\/en\/evenement\/cbti-bkvt-sponsors-the-value-of-language-conference\/","og_site_name":"Chambre Belge des Traducteurs et Interpr\u00e8tes | Belgische Kamer van Vertalers en Tolken","og_image":[{"width":1024,"height":683,"url":"https:\/\/www.cbti-bkvt.org\/wp-content\/uploads\/5807378709_cb0d133f6f_b-2.jpg","type":"image\/jpeg"}],"twitter_card":"summary_large_image","twitter_misc":{"Est. reading time":"1 minute"},"schema":{"@context":"https:\/\/schema.org","@graph":[{"@type":"WebPage","@id":"https:\/\/www.cbti-bkvt.org\/en\/evenement\/cbti-bkvt-sponsors-the-value-of-language-conference\/","url":"https:\/\/www.cbti-bkvt.org\/en\/evenement\/cbti-bkvt-sponsors-the-value-of-language-conference\/","name":"CBTI\/BKVT sponsors \"The Value of Language\" conference - Chambre Belge des Traducteurs et Interpr\u00e8tes | Belgische Kamer van Vertalers en Tolken","isPartOf":{"@id":"https:\/\/www.cbti-bkvt.org\/en\/#website"},"primaryImageOfPage":{"@id":"https:\/\/www.cbti-bkvt.org\/en\/evenement\/cbti-bkvt-sponsors-the-value-of-language-conference\/#primaryimage"},"image":{"@id":"https:\/\/www.cbti-bkvt.org\/en\/evenement\/cbti-bkvt-sponsors-the-value-of-language-conference\/#primaryimage"},"thumbnailUrl":"https:\/\/www.cbti-bkvt.org\/wp-content\/uploads\/5807378709_cb0d133f6f_b-2.jpg","datePublished":"2014-05-23T09:37:17+00:00","breadcrumb":{"@id":"https:\/\/www.cbti-bkvt.org\/en\/evenement\/cbti-bkvt-sponsors-the-value-of-language-conference\/#breadcrumb"},"inLanguage":"en-US","potentialAction":[{"@type":"ReadAction","target":["https:\/\/www.cbti-bkvt.org\/en\/evenement\/cbti-bkvt-sponsors-the-value-of-language-conference\/"]}]},{"@type":"ImageObject","inLanguage":"en-US","@id":"https:\/\/www.cbti-bkvt.org\/en\/evenement\/cbti-bkvt-sponsors-the-value-of-language-conference\/#primaryimage","url":"https:\/\/www.cbti-bkvt.org\/wp-content\/uploads\/5807378709_cb0d133f6f_b-2.jpg","contentUrl":"https:\/\/www.cbti-bkvt.org\/wp-content\/uploads\/5807378709_cb0d133f6f_b-2.jpg","width":1024,"height":683},{"@type":"BreadcrumbList","@id":"https:\/\/www.cbti-bkvt.org\/en\/evenement\/cbti-bkvt-sponsors-the-value-of-language-conference\/#breadcrumb","itemListElement":[{"@type":"ListItem","position":1,"name":"Home","item":"https:\/\/www.cbti-bkvt.org\/en\/"},{"@type":"ListItem","position":2,"name":"\u00c9v\u00e8nements","item":"https:\/\/www.cbti-bkvt.org\/en\/evenement\/"},{"@type":"ListItem","position":3,"name":"CBTI\/BKVT sponsors \u00ab\u00a0The Value of Language\u00a0\u00bb conference"}]},{"@type":"WebSite","@id":"https:\/\/www.cbti-bkvt.org\/en\/#website","url":"https:\/\/www.cbti-bkvt.org\/en\/","name":"Chambre Belge des Traducteurs et Interpr\u00e8tes | Belgische Kamer van Vertalers en Tolken","description":"M\u00e9tiers de la traduction \u00e9crite, l\u2019interpr\u00e9tation de conf\u00e9rence, la traduction et l\u2019interpr\u00e9tation en milieu judiciaire.","potentialAction":[{"@type":"SearchAction","target":{"@type":"EntryPoint","urlTemplate":"https:\/\/www.cbti-bkvt.org\/en\/?s={search_term_string}"},"query-input":{"@type":"PropertyValueSpecification","valueRequired":true,"valueName":"search_term_string"}}],"inLanguage":"en-US"}]}},"_links":{"self":[{"href":"https:\/\/www.cbti-bkvt.org\/en\/wp-json\/wp\/v2\/evenement\/23193","targetHints":{"allow":["GET"]}}],"collection":[{"href":"https:\/\/www.cbti-bkvt.org\/en\/wp-json\/wp\/v2\/evenement"}],"about":[{"href":"https:\/\/www.cbti-bkvt.org\/en\/wp-json\/wp\/v2\/types\/evenement"}],"wp:featuredmedia":[{"embeddable":true,"href":"https:\/\/www.cbti-bkvt.org\/en\/wp-json\/wp\/v2\/media\/10017"}],"wp:attachment":[{"href":"https:\/\/www.cbti-bkvt.org\/en\/wp-json\/wp\/v2\/media?parent=23193"}],"wp:term":[{"taxonomy":"evenement-type","embeddable":true,"href":"https:\/\/www.cbti-bkvt.org\/en\/wp-json\/wp\/v2\/evenement-type?post=23193"}],"curies":[{"name":"wp","href":"https:\/\/api.w.org\/{rel}","templated":true}]}}

<!-- This site is optimized with the Yoast SEO plugin v27.4 - https://yoast.com/product/yoast-seo-wordpress/ -->
<title>Chambre Belge des Traducteurs et Interprètes | Belgische Kamer van Vertalers en Tolken</title>
<meta name="robots" content="index, follow, max-snippet:-1, max-image-preview:large, max-video-preview:-1" />
<link rel="canonical" href="https://www.cbti-bkvt.org/en/evenement/cbti-bkvt-sponsors-the-value-of-language-conference/" />
<meta property="og:locale" content="en_US" />
<meta property="og:type" content="article" />
<meta property="og:title" content="CBTI/BKVT sponsors &quot;The Value of Language&quot; conference - Chambre Belge des Traducteurs et Interprètes | Belgische Kamer van Vertalers en Tolken" />
<meta property="og:description" content="&#8220;The Value of Language&#8221; (12 June 2014, Brussels) is a one-day conference whose main theme is the value of language: value created by language products, language services, linguistic expertise, linguistic research, etc. At the conference, selected users demonstrate how they actually use a language service or product and how they thereby create value for themselves,&hellip;&nbsp;Read More &raquo;CBTI/BKVT sponsors &#8220;The Value of Language&#8221; conference" />
<meta property="og:url" content="https://www.cbti-bkvt.org/en/evenement/cbti-bkvt-sponsors-the-value-of-language-conference/" />
<meta property="og:site_name" content="Chambre Belge des Traducteurs et Interprètes | Belgische Kamer van Vertalers en Tolken" />
<meta property="og:image" content="https://www.cbti-bkvt.org/wp-content/uploads/5807378709_cb0d133f6f_b-2.jpg" />
	<meta property="og:image:width" content="1024" />
	<meta property="og:image:height" content="683" />
	<meta property="og:image:type" content="image/jpeg" />
<meta name="twitter:card" content="summary_large_image" />
<meta name="twitter:label1" content="Est. reading time" />
	<meta name="twitter:data1" content="1 minute" />
<script type="application/ld+json" class="yoast-schema-graph">{"@context":"https:\/\/schema.org","@graph":[{"@type":"WebPage","@id":"https:\/\/www.cbti-bkvt.org\/en\/evenement\/cbti-bkvt-sponsors-the-value-of-language-conference\/","url":"https:\/\/www.cbti-bkvt.org\/en\/evenement\/cbti-bkvt-sponsors-the-value-of-language-conference\/","name":"CBTI\/BKVT sponsors \"The Value of Language\" conference - Chambre Belge des Traducteurs et Interprètes | Belgische Kamer van Vertalers en Tolken","isPartOf":{"@id":"https:\/\/www.cbti-bkvt.org\/en\/#website"},"primaryImageOfPage":{"@id":"https:\/\/www.cbti-bkvt.org\/en\/evenement\/cbti-bkvt-sponsors-the-value-of-language-conference\/#primaryimage"},"image":{"@id":"https:\/\/www.cbti-bkvt.org\/en\/evenement\/cbti-bkvt-sponsors-the-value-of-language-conference\/#primaryimage"},"thumbnailUrl":"https:\/\/www.cbti-bkvt.org\/wp-content\/uploads\/5807378709_cb0d133f6f_b-2.jpg","datePublished":"2014-05-23T09:37:17+00:00","breadcrumb":{"@id":"https:\/\/www.cbti-bkvt.org\/en\/evenement\/cbti-bkvt-sponsors-the-value-of-language-conference\/#breadcrumb"},"inLanguage":"en-US","potentialAction":[{"@type":"ReadAction","target":["https:\/\/www.cbti-bkvt.org\/en\/evenement\/cbti-bkvt-sponsors-the-value-of-language-conference\/"]}]},{"@type":"ImageObject","inLanguage":"en-US","@id":"https:\/\/www.cbti-bkvt.org\/en\/evenement\/cbti-bkvt-sponsors-the-value-of-language-conference\/#primaryimage","url":"https:\/\/www.cbti-bkvt.org\/wp-content\/uploads\/5807378709_cb0d133f6f_b-2.jpg","contentUrl":"https:\/\/www.cbti-bkvt.org\/wp-content\/uploads\/5807378709_cb0d133f6f_b-2.jpg","width":1024,"height":683},{"@type":"BreadcrumbList","@id":"https:\/\/www.cbti-bkvt.org\/en\/evenement\/cbti-bkvt-sponsors-the-value-of-language-conference\/#breadcrumb","itemListElement":[{"@type":"ListItem","position":1,"name":"Home","item":"https:\/\/www.cbti-bkvt.org\/en\/"},{"@type":"ListItem","position":2,"name":"Évènements","item":"https:\/\/www.cbti-bkvt.org\/en\/evenement\/"},{"@type":"ListItem","position":3,"name":"CBTI\/BKVT sponsors « The Value of Language » conference"}]},{"@type":"WebSite","@id":"https:\/\/www.cbti-bkvt.org\/en\/#website","url":"https:\/\/www.cbti-bkvt.org\/en\/","name":"Chambre Belge des Traducteurs et Interprètes | Belgische Kamer van Vertalers en Tolken","description":"Métiers de la traduction écrite, l’interprétation de conférence, la traduction et l’interprétation en milieu judiciaire.","potentialAction":[{"@type":"SearchAction","target":{"@type":"EntryPoint","urlTemplate":"https:\/\/www.cbti-bkvt.org\/en\/?s={search_term_string}"},"query-input":{"@type":"PropertyValueSpecification","valueRequired":true,"valueName":"search_term_string"}}],"inLanguage":"en-US"}]}</script>
<!-- / Yoast SEO plugin. -->

Chambre Belge des Traducteurs et Interprètes | Belgische Kamer van Vertalers en Tolken

CBTI/BKVT sponsors "The Value of Language" conference - Chambre Belge des Traducteurs et Interprètes | Belgische Kamer van Vertalers en Tolken

Évènements

Métiers de la traduction écrite, l’interprétation de conférence, la traduction et l’interprétation en milieu judiciaire.
