{"id":23265,"date":"2015-11-20T09:10:01","date_gmt":"2015-11-20T09:10:01","guid":{"rendered":"https:\/\/www.cbti-bkvt.org\/evenement\/conference-the-value-of-language\/"},"modified":"2023-12-17T15:47:53","modified_gmt":"2023-12-17T15:47:53","slug":"conference-the-value-of-language","status":"publish","type":"evenement","link":"https:\/\/www.cbti-bkvt.org\/en\/evenement\/conference-the-value-of-language\/","title":{"rendered":"Conference: The Value of Language"},"content":{"rendered":"<p>The second edition of\u00a0<strong>The Value of Language<\/strong>\u00a0(16 march 2016, Brussels) will be about buying language services: how do you source the best language services and find the most expert language professionals? And most of all: how do you ensure value for money? The event will bring together language service providers, purchasers and users to cover all aspects of the trade in language services. The event consists of a conference and a trade fair.<\/p>\n<p>The conference features workshops and presentations on all aspects of the trade in language services.<\/p>\n<ul>\n<li>How can I assess the quality of a translation in a language I do not speak?<\/li>\n<li>Limiting risk when purchasing translation services<\/li>\n<li>The value of added services in legal translation<\/li>\n<li>&#8230;<\/li>\n<\/ul>\n<p>Plus an inspiring keynote on pragmatic multilingualism in Europe&#8217;s linguistic landscape: the case of EurActiv (Diogo Pinto) and a masterclass on the strategic importance of language technologies for companies (Peter Van Den Steene, The Presence Group).<\/p>\n<p>The Language Conference will run for a whole day, while the Language Market will begin at 12:30.<\/p>\n<h4>Programme<\/h4>\n<p>Discover the full\u00a0<strong>programme<\/strong>\u00a0(in English, French and Dutch):\u00a0<a href=\"http:\/\/www.thevalueoflanguage.eu\/?lang=en\">http:\/\/www.thevalueoflanguage.eu\/?lang=en<\/a><\/p>\n<h4>Contact et inscription<\/h4>\n<p>The Value of Language<br \/>\nc\/o De Taalsector<br \/>\n<a href=\"mailto:info@thevalueoflanguage.eu\">info@thevalueoflanguage.eu<\/a><br \/>\nTel. +32 9 269 04 66<\/p>\n","protected":false},"featured_media":10229,"parent":0,"template":"","meta":{"_acf_changed":false,"pmpro_default_level":"","neve_meta_sidebar":"","neve_meta_container":"","neve_meta_enable_content_width":"","neve_meta_content_width":0,"neve_meta_title_alignment":"","neve_meta_author_avatar":"","neve_post_elements_order":"","neve_meta_disable_header":"","neve_meta_disable_footer":"","neve_meta_disable_title":"","neve_meta_reading_time":"","_links_to":"","_links_to_target":""},"evenement-type":[419,420,411,410],"class_list":["post-23265","evenement","type-evenement","status-publish","has-post-thumbnail","hentry","evenement-type-conferences-en","evenement-type-konferenzen","evenement-type-sonstige-veranstaltungen","evenement-type-third-party-activities","pmpro-has-access"],"acf":[],"yoast_head":"<!-- This site is optimized with the Yoast SEO plugin v27.4 - https:\/\/yoast.com\/product\/yoast-seo-wordpress\/ -->\n<title>Chambre Belge des Traducteurs et Interpr\u00e8tes | Belgische Kamer van Vertalers en Tolken<\/title>\n<meta name=\"robots\" content=\"index, follow, max-snippet:-1, max-image-preview:large, max-video-preview:-1\" \/>\n<link rel=\"canonical\" href=\"https:\/\/www.cbti-bkvt.org\/en\/evenement\/conference-the-value-of-language\/\" \/>\n<meta property=\"og:locale\" content=\"en_US\" \/>\n<meta property=\"og:type\" content=\"article\" \/>\n<meta property=\"og:title\" content=\"Conference: The Value of Language - Chambre Belge des Traducteurs et Interpr\u00e8tes | Belgische Kamer van Vertalers en Tolken\" \/>\n<meta property=\"og:description\" content=\"The second edition of\u00a0The Value of Language\u00a0(16 march 2016, Brussels) will be about buying language services: how do you source the best language services and find the most expert language professionals? And most of all: how do you ensure value for money? The event will bring together language service providers, purchasers and users to cover&hellip;&nbsp;Read More &raquo;Conference: The Value of Language\" \/>\n<meta property=\"og:url\" content=\"https:\/\/www.cbti-bkvt.org\/en\/evenement\/conference-the-value-of-language\/\" \/>\n<meta property=\"og:site_name\" content=\"Chambre Belge des Traducteurs et Interpr\u00e8tes | Belgische Kamer van Vertalers en Tolken\" \/>\n<meta property=\"article:modified_time\" content=\"2023-12-17T15:47:53+00:00\" \/>\n<meta property=\"og:image\" content=\"https:\/\/www.cbti-bkvt.org\/wp-content\/uploads\/thevalueoflanguagehomepageNL16032016-1.jpg\" \/>\n\t<meta property=\"og:image:width\" content=\"1323\" \/>\n\t<meta property=\"og:image:height\" content=\"549\" \/>\n\t<meta property=\"og:image:type\" content=\"image\/jpeg\" \/>\n<meta name=\"twitter:card\" content=\"summary_large_image\" \/>\n<meta name=\"twitter:label1\" content=\"Est. reading time\" \/>\n\t<meta name=\"twitter:data1\" content=\"2 minutes\" \/>\n<script type=\"application\/ld+json\" class=\"yoast-schema-graph\">{\"@context\":\"https:\\\/\\\/schema.org\",\"@graph\":[{\"@type\":\"WebPage\",\"@id\":\"https:\\\/\\\/www.cbti-bkvt.org\\\/en\\\/evenement\\\/conference-the-value-of-language\\\/\",\"url\":\"https:\\\/\\\/www.cbti-bkvt.org\\\/en\\\/evenement\\\/conference-the-value-of-language\\\/\",\"name\":\"Conference: The Value of Language - Chambre Belge des Traducteurs et Interpr\u00e8tes | Belgische Kamer van Vertalers en Tolken\",\"isPartOf\":{\"@id\":\"https:\\\/\\\/www.cbti-bkvt.org\\\/en\\\/#website\"},\"primaryImageOfPage\":{\"@id\":\"https:\\\/\\\/www.cbti-bkvt.org\\\/en\\\/evenement\\\/conference-the-value-of-language\\\/#primaryimage\"},\"image\":{\"@id\":\"https:\\\/\\\/www.cbti-bkvt.org\\\/en\\\/evenement\\\/conference-the-value-of-language\\\/#primaryimage\"},\"thumbnailUrl\":\"https:\\\/\\\/www.cbti-bkvt.org\\\/wp-content\\\/uploads\\\/thevalueoflanguagehomepageNL16032016-1.jpg\",\"datePublished\":\"2015-11-20T09:10:01+00:00\",\"dateModified\":\"2023-12-17T15:47:53+00:00\",\"breadcrumb\":{\"@id\":\"https:\\\/\\\/www.cbti-bkvt.org\\\/en\\\/evenement\\\/conference-the-value-of-language\\\/#breadcrumb\"},\"inLanguage\":\"en-US\",\"potentialAction\":[{\"@type\":\"ReadAction\",\"target\":[\"https:\\\/\\\/www.cbti-bkvt.org\\\/en\\\/evenement\\\/conference-the-value-of-language\\\/\"]}]},{\"@type\":\"ImageObject\",\"inLanguage\":\"en-US\",\"@id\":\"https:\\\/\\\/www.cbti-bkvt.org\\\/en\\\/evenement\\\/conference-the-value-of-language\\\/#primaryimage\",\"url\":\"https:\\\/\\\/www.cbti-bkvt.org\\\/wp-content\\\/uploads\\\/thevalueoflanguagehomepageNL16032016-1.jpg\",\"contentUrl\":\"https:\\\/\\\/www.cbti-bkvt.org\\\/wp-content\\\/uploads\\\/thevalueoflanguagehomepageNL16032016-1.jpg\",\"width\":1323,\"height\":549},{\"@type\":\"BreadcrumbList\",\"@id\":\"https:\\\/\\\/www.cbti-bkvt.org\\\/en\\\/evenement\\\/conference-the-value-of-language\\\/#breadcrumb\",\"itemListElement\":[{\"@type\":\"ListItem\",\"position\":1,\"name\":\"Home\",\"item\":\"https:\\\/\\\/www.cbti-bkvt.org\\\/en\\\/\"},{\"@type\":\"ListItem\",\"position\":2,\"name\":\"\u00c9v\u00e8nements\",\"item\":\"https:\\\/\\\/www.cbti-bkvt.org\\\/en\\\/evenement\\\/\"},{\"@type\":\"ListItem\",\"position\":3,\"name\":\"Conference: The Value of Language\"}]},{\"@type\":\"WebSite\",\"@id\":\"https:\\\/\\\/www.cbti-bkvt.org\\\/en\\\/#website\",\"url\":\"https:\\\/\\\/www.cbti-bkvt.org\\\/en\\\/\",\"name\":\"Chambre Belge des Traducteurs et Interpr\u00e8tes | Belgische Kamer van Vertalers en Tolken\",\"description\":\"M\u00e9tiers de la traduction \u00e9crite, l\u2019interpr\u00e9tation de conf\u00e9rence, la traduction et l\u2019interpr\u00e9tation en milieu judiciaire.\",\"potentialAction\":[{\"@type\":\"SearchAction\",\"target\":{\"@type\":\"EntryPoint\",\"urlTemplate\":\"https:\\\/\\\/www.cbti-bkvt.org\\\/en\\\/?s={search_term_string}\"},\"query-input\":{\"@type\":\"PropertyValueSpecification\",\"valueRequired\":true,\"valueName\":\"search_term_string\"}}],\"inLanguage\":\"en-US\"}]}<\/script>\n<!-- \/ Yoast SEO plugin. -->","yoast_head_json":{"title":"Chambre Belge des Traducteurs et Interpr\u00e8tes | Belgische Kamer van Vertalers en Tolken","robots":{"index":"index","follow":"follow","max-snippet":"max-snippet:-1","max-image-preview":"max-image-preview:large","max-video-preview":"max-video-preview:-1"},"canonical":"https:\/\/www.cbti-bkvt.org\/en\/evenement\/conference-the-value-of-language\/","og_locale":"en_US","og_type":"article","og_title":"Conference: The Value of Language - Chambre Belge des Traducteurs et Interpr\u00e8tes | Belgische Kamer van Vertalers en Tolken","og_description":"The second edition of\u00a0The Value of Language\u00a0(16 march 2016, Brussels) will be about buying language services: how do you source the best language services and find the most expert language professionals? And most of all: how do you ensure value for money? The event will bring together language service providers, purchasers and users to cover&hellip;&nbsp;Read More &raquo;Conference: The Value of Language","og_url":"https:\/\/www.cbti-bkvt.org\/en\/evenement\/conference-the-value-of-language\/","og_site_name":"Chambre Belge des Traducteurs et Interpr\u00e8tes | Belgische Kamer van Vertalers en Tolken","article_modified_time":"2023-12-17T15:47:53+00:00","og_image":[{"width":1323,"height":549,"url":"https:\/\/www.cbti-bkvt.org\/wp-content\/uploads\/thevalueoflanguagehomepageNL16032016-1.jpg","type":"image\/jpeg"}],"twitter_card":"summary_large_image","twitter_misc":{"Est. reading time":"2 minutes"},"schema":{"@context":"https:\/\/schema.org","@graph":[{"@type":"WebPage","@id":"https:\/\/www.cbti-bkvt.org\/en\/evenement\/conference-the-value-of-language\/","url":"https:\/\/www.cbti-bkvt.org\/en\/evenement\/conference-the-value-of-language\/","name":"Conference: The Value of Language - Chambre Belge des Traducteurs et Interpr\u00e8tes | Belgische Kamer van Vertalers en Tolken","isPartOf":{"@id":"https:\/\/www.cbti-bkvt.org\/en\/#website"},"primaryImageOfPage":{"@id":"https:\/\/www.cbti-bkvt.org\/en\/evenement\/conference-the-value-of-language\/#primaryimage"},"image":{"@id":"https:\/\/www.cbti-bkvt.org\/en\/evenement\/conference-the-value-of-language\/#primaryimage"},"thumbnailUrl":"https:\/\/www.cbti-bkvt.org\/wp-content\/uploads\/thevalueoflanguagehomepageNL16032016-1.jpg","datePublished":"2015-11-20T09:10:01+00:00","dateModified":"2023-12-17T15:47:53+00:00","breadcrumb":{"@id":"https:\/\/www.cbti-bkvt.org\/en\/evenement\/conference-the-value-of-language\/#breadcrumb"},"inLanguage":"en-US","potentialAction":[{"@type":"ReadAction","target":["https:\/\/www.cbti-bkvt.org\/en\/evenement\/conference-the-value-of-language\/"]}]},{"@type":"ImageObject","inLanguage":"en-US","@id":"https:\/\/www.cbti-bkvt.org\/en\/evenement\/conference-the-value-of-language\/#primaryimage","url":"https:\/\/www.cbti-bkvt.org\/wp-content\/uploads\/thevalueoflanguagehomepageNL16032016-1.jpg","contentUrl":"https:\/\/www.cbti-bkvt.org\/wp-content\/uploads\/thevalueoflanguagehomepageNL16032016-1.jpg","width":1323,"height":549},{"@type":"BreadcrumbList","@id":"https:\/\/www.cbti-bkvt.org\/en\/evenement\/conference-the-value-of-language\/#breadcrumb","itemListElement":[{"@type":"ListItem","position":1,"name":"Home","item":"https:\/\/www.cbti-bkvt.org\/en\/"},{"@type":"ListItem","position":2,"name":"\u00c9v\u00e8nements","item":"https:\/\/www.cbti-bkvt.org\/en\/evenement\/"},{"@type":"ListItem","position":3,"name":"Conference: The Value of Language"}]},{"@type":"WebSite","@id":"https:\/\/www.cbti-bkvt.org\/en\/#website","url":"https:\/\/www.cbti-bkvt.org\/en\/","name":"Chambre Belge des Traducteurs et Interpr\u00e8tes | Belgische Kamer van Vertalers en Tolken","description":"M\u00e9tiers de la traduction \u00e9crite, l\u2019interpr\u00e9tation de conf\u00e9rence, la traduction et l\u2019interpr\u00e9tation en milieu judiciaire.","potentialAction":[{"@type":"SearchAction","target":{"@type":"EntryPoint","urlTemplate":"https:\/\/www.cbti-bkvt.org\/en\/?s={search_term_string}"},"query-input":{"@type":"PropertyValueSpecification","valueRequired":true,"valueName":"search_term_string"}}],"inLanguage":"en-US"}]}},"_links":{"self":[{"href":"https:\/\/www.cbti-bkvt.org\/en\/wp-json\/wp\/v2\/evenement\/23265","targetHints":{"allow":["GET"]}}],"collection":[{"href":"https:\/\/www.cbti-bkvt.org\/en\/wp-json\/wp\/v2\/evenement"}],"about":[{"href":"https:\/\/www.cbti-bkvt.org\/en\/wp-json\/wp\/v2\/types\/evenement"}],"wp:featuredmedia":[{"embeddable":true,"href":"https:\/\/www.cbti-bkvt.org\/en\/wp-json\/wp\/v2\/media\/10229"}],"wp:attachment":[{"href":"https:\/\/www.cbti-bkvt.org\/en\/wp-json\/wp\/v2\/media?parent=23265"}],"wp:term":[{"taxonomy":"evenement-type","embeddable":true,"href":"https:\/\/www.cbti-bkvt.org\/en\/wp-json\/wp\/v2\/evenement-type?post=23265"}],"curies":[{"name":"wp","href":"https:\/\/api.w.org\/{rel}","templated":true}]}}

<!-- This site is optimized with the Yoast SEO plugin v27.4 - https://yoast.com/product/yoast-seo-wordpress/ -->
<title>Chambre Belge des Traducteurs et Interprètes | Belgische Kamer van Vertalers en Tolken</title>
<meta name="robots" content="index, follow, max-snippet:-1, max-image-preview:large, max-video-preview:-1" />
<link rel="canonical" href="https://www.cbti-bkvt.org/en/evenement/conference-the-value-of-language/" />
<meta property="og:locale" content="en_US" />
<meta property="og:type" content="article" />
<meta property="og:title" content="Conference: The Value of Language - Chambre Belge des Traducteurs et Interprètes | Belgische Kamer van Vertalers en Tolken" />
<meta property="og:description" content="The second edition of The Value of Language (16 march 2016, Brussels) will be about buying language services: how do you source the best language services and find the most expert language professionals? And most of all: how do you ensure value for money? The event will bring together language service providers, purchasers and users to cover&hellip;&nbsp;Read More &raquo;Conference: The Value of Language" />
<meta property="og:url" content="https://www.cbti-bkvt.org/en/evenement/conference-the-value-of-language/" />
<meta property="og:site_name" content="Chambre Belge des Traducteurs et Interprètes | Belgische Kamer van Vertalers en Tolken" />
<meta property="article:modified_time" content="2023-12-17T15:47:53+00:00" />
<meta property="og:image" content="https://www.cbti-bkvt.org/wp-content/uploads/thevalueoflanguagehomepageNL16032016-1.jpg" />
	<meta property="og:image:width" content="1323" />
	<meta property="og:image:height" content="549" />
	<meta property="og:image:type" content="image/jpeg" />
<meta name="twitter:card" content="summary_large_image" />
<meta name="twitter:label1" content="Est. reading time" />
	<meta name="twitter:data1" content="2 minutes" />
<script type="application/ld+json" class="yoast-schema-graph">{"@context":"https:\/\/schema.org","@graph":[{"@type":"WebPage","@id":"https:\/\/www.cbti-bkvt.org\/en\/evenement\/conference-the-value-of-language\/","url":"https:\/\/www.cbti-bkvt.org\/en\/evenement\/conference-the-value-of-language\/","name":"Conference: The Value of Language - Chambre Belge des Traducteurs et Interprètes | Belgische Kamer van Vertalers en Tolken","isPartOf":{"@id":"https:\/\/www.cbti-bkvt.org\/en\/#website"},"primaryImageOfPage":{"@id":"https:\/\/www.cbti-bkvt.org\/en\/evenement\/conference-the-value-of-language\/#primaryimage"},"image":{"@id":"https:\/\/www.cbti-bkvt.org\/en\/evenement\/conference-the-value-of-language\/#primaryimage"},"thumbnailUrl":"https:\/\/www.cbti-bkvt.org\/wp-content\/uploads\/thevalueoflanguagehomepageNL16032016-1.jpg","datePublished":"2015-11-20T09:10:01+00:00","dateModified":"2023-12-17T15:47:53+00:00","breadcrumb":{"@id":"https:\/\/www.cbti-bkvt.org\/en\/evenement\/conference-the-value-of-language\/#breadcrumb"},"inLanguage":"en-US","potentialAction":[{"@type":"ReadAction","target":["https:\/\/www.cbti-bkvt.org\/en\/evenement\/conference-the-value-of-language\/"]}]},{"@type":"ImageObject","inLanguage":"en-US","@id":"https:\/\/www.cbti-bkvt.org\/en\/evenement\/conference-the-value-of-language\/#primaryimage","url":"https:\/\/www.cbti-bkvt.org\/wp-content\/uploads\/thevalueoflanguagehomepageNL16032016-1.jpg","contentUrl":"https:\/\/www.cbti-bkvt.org\/wp-content\/uploads\/thevalueoflanguagehomepageNL16032016-1.jpg","width":1323,"height":549},{"@type":"BreadcrumbList","@id":"https:\/\/www.cbti-bkvt.org\/en\/evenement\/conference-the-value-of-language\/#breadcrumb","itemListElement":[{"@type":"ListItem","position":1,"name":"Home","item":"https:\/\/www.cbti-bkvt.org\/en\/"},{"@type":"ListItem","position":2,"name":"Évènements","item":"https:\/\/www.cbti-bkvt.org\/en\/evenement\/"},{"@type":"ListItem","position":3,"name":"Conference: The Value of Language"}]},{"@type":"WebSite","@id":"https:\/\/www.cbti-bkvt.org\/en\/#website","url":"https:\/\/www.cbti-bkvt.org\/en\/","name":"Chambre Belge des Traducteurs et Interprètes | Belgische Kamer van Vertalers en Tolken","description":"Métiers de la traduction écrite, l’interprétation de conférence, la traduction et l’interprétation en milieu judiciaire.","potentialAction":[{"@type":"SearchAction","target":{"@type":"EntryPoint","urlTemplate":"https:\/\/www.cbti-bkvt.org\/en\/?s={search_term_string}"},"query-input":{"@type":"PropertyValueSpecification","valueRequired":true,"valueName":"search_term_string"}}],"inLanguage":"en-US"}]}</script>
<!-- / Yoast SEO plugin. -->

Chambre Belge des Traducteurs et Interprètes | Belgische Kamer van Vertalers en Tolken

Conference: The Value of Language - Chambre Belge des Traducteurs et Interprètes | Belgische Kamer van Vertalers en Tolken

Évènements

Métiers de la traduction écrite, l’interprétation de conférence, la traduction et l’interprétation en milieu judiciaire.
