{"id":25001,"date":"2014-05-03T08:39:31","date_gmt":"2014-05-03T08:39:31","guid":{"rendered":"https:\/\/www.cbti-bkvt.org\/evenement\/stammtisch-aachen\/"},"modified":"2014-05-03T08:39:31","modified_gmt":"2014-05-03T08:39:31","slug":"stammtisch-aachen","status":"publish","type":"evenement","link":"https:\/\/www.cbti-bkvt.org\/en\/evenement\/stammtisch-aachen\/","title":{"rendered":"Stammtisch Aachen"},"content":{"rendered":"<p>Es treffen sich monatlich verbandsungebunden \u00dcbersetzer aus dem Raum Aachen. Der Termin liegt in der Regel am ersten Freitag im Monat. Interessenten aus Belgien, den Niederlanden und Deutschland sind herzlich eingeladen. Interessenten k\u00f6nnen sich bei den genannten Kontaktpersonen auf der Yahoo-Verteilerliste mit einer leeren Email unter AachenerStammtisch-subscribe@yahoogroups.de anmelden.<\/p>\n<h4>Themenabend<\/h4>\n<p>Gemeinsamer Erfahrungsaustausch zum Thema \u201eSelbst\u00e4ndigkeit Fluch oder Segen\u201c<\/p>\n<h4>Kontaktpersonen<\/h4>\n<p><b>Karen Leube<\/b><br \/>leubetranslation@aol.com<br \/>+49 241 99.78.59.80<\/p>\n<p><b>Katja Mail\u00e4nder<\/b><br \/>katja.mailaender@web.de<br \/>+49 241 868.86<\/p>\n","protected":false},"featured_media":24998,"parent":0,"template":"","meta":{"_acf_changed":false,"pmpro_default_level":"","neve_meta_sidebar":"","neve_meta_container":"","neve_meta_enable_content_width":"","neve_meta_content_width":0,"neve_meta_title_alignment":"","neve_meta_author_avatar":"","neve_post_elements_order":"","neve_meta_disable_header":"","neve_meta_disable_footer":"","neve_meta_disable_title":"","neve_meta_reading_time":"","_links_to":"","_links_to_target":""},"evenement-type":[443,440],"class_list":["post-25001","evenement","type-evenement","status-publish","has-post-thumbnail","hentry","evenement-type-life-in-cbti-bkvt","evenement-type-networking","pmpro-has-access"],"acf":[],"yoast_head":"<!-- This site is optimized with the Yoast SEO plugin v27.4 - https:\/\/yoast.com\/product\/yoast-seo-wordpress\/ -->\n<title>Chambre Belge des Traducteurs et Interpr\u00e8tes | Belgische Kamer van Vertalers en Tolken<\/title>\n<meta name=\"robots\" content=\"index, follow, max-snippet:-1, max-image-preview:large, max-video-preview:-1\" \/>\n<link rel=\"canonical\" href=\"https:\/\/www.cbti-bkvt.org\/en\/evenement\/stammtisch-aachen\/\" \/>\n<meta property=\"og:locale\" content=\"en_US\" \/>\n<meta property=\"og:type\" content=\"article\" \/>\n<meta property=\"og:title\" content=\"Stammtisch Aachen - Chambre Belge des Traducteurs et Interpr\u00e8tes | Belgische Kamer van Vertalers en Tolken\" \/>\n<meta property=\"og:description\" content=\"Es treffen sich monatlich verbandsungebunden \u00dcbersetzer aus dem Raum Aachen. Der Termin liegt in der Regel am ersten Freitag im Monat. Interessenten aus Belgien, den Niederlanden und Deutschland sind herzlich eingeladen. Interessenten k\u00f6nnen sich bei den genannten Kontaktpersonen auf der Yahoo-Verteilerliste mit einer leeren Email unter AachenerStammtisch-subscribe@yahoogroups.de anmelden. Themenabend Gemeinsamer Erfahrungsaustausch zum Thema \u201eSelbst\u00e4ndigkeit Fluch&hellip;&nbsp;Read More &raquo;Stammtisch Aachen\" \/>\n<meta property=\"og:url\" content=\"https:\/\/www.cbti-bkvt.org\/en\/evenement\/stammtisch-aachen\/\" \/>\n<meta property=\"og:site_name\" content=\"Chambre Belge des Traducteurs et Interpr\u00e8tes | Belgische Kamer van Vertalers en Tolken\" \/>\n<meta name=\"twitter:card\" content=\"summary_large_image\" \/>\n<script type=\"application\/ld+json\" class=\"yoast-schema-graph\">{\"@context\":\"https:\\\/\\\/schema.org\",\"@graph\":[{\"@type\":\"WebPage\",\"@id\":\"https:\\\/\\\/www.cbti-bkvt.org\\\/en\\\/evenement\\\/stammtisch-aachen\\\/\",\"url\":\"https:\\\/\\\/www.cbti-bkvt.org\\\/en\\\/evenement\\\/stammtisch-aachen\\\/\",\"name\":\"Stammtisch Aachen - Chambre Belge des Traducteurs et Interpr\u00e8tes | Belgische Kamer van Vertalers en Tolken\",\"isPartOf\":{\"@id\":\"https:\\\/\\\/www.cbti-bkvt.org\\\/en\\\/#website\"},\"primaryImageOfPage\":{\"@id\":\"https:\\\/\\\/www.cbti-bkvt.org\\\/en\\\/evenement\\\/stammtisch-aachen\\\/#primaryimage\"},\"image\":{\"@id\":\"https:\\\/\\\/www.cbti-bkvt.org\\\/en\\\/evenement\\\/stammtisch-aachen\\\/#primaryimage\"},\"thumbnailUrl\":\"https:\\\/\\\/www.cbti-bkvt.org\\\/wp-content\\\/uploads\\\/1024px-Aachen_Dom_um_1900-1.jpg\",\"datePublished\":\"2014-05-03T08:39:31+00:00\",\"breadcrumb\":{\"@id\":\"https:\\\/\\\/www.cbti-bkvt.org\\\/en\\\/evenement\\\/stammtisch-aachen\\\/#breadcrumb\"},\"inLanguage\":\"en-US\",\"potentialAction\":[{\"@type\":\"ReadAction\",\"target\":[\"https:\\\/\\\/www.cbti-bkvt.org\\\/en\\\/evenement\\\/stammtisch-aachen\\\/\"]}]},{\"@type\":\"ImageObject\",\"inLanguage\":\"en-US\",\"@id\":\"https:\\\/\\\/www.cbti-bkvt.org\\\/en\\\/evenement\\\/stammtisch-aachen\\\/#primaryimage\",\"url\":\"https:\\\/\\\/www.cbti-bkvt.org\\\/wp-content\\\/uploads\\\/1024px-Aachen_Dom_um_1900-1.jpg\",\"contentUrl\":\"https:\\\/\\\/www.cbti-bkvt.org\\\/wp-content\\\/uploads\\\/1024px-Aachen_Dom_um_1900-1.jpg\",\"width\":1024,\"height\":759},{\"@type\":\"BreadcrumbList\",\"@id\":\"https:\\\/\\\/www.cbti-bkvt.org\\\/en\\\/evenement\\\/stammtisch-aachen\\\/#breadcrumb\",\"itemListElement\":[{\"@type\":\"ListItem\",\"position\":1,\"name\":\"Home\",\"item\":\"https:\\\/\\\/www.cbti-bkvt.org\\\/en\\\/\"},{\"@type\":\"ListItem\",\"position\":2,\"name\":\"\u00c9v\u00e8nements\",\"item\":\"https:\\\/\\\/www.cbti-bkvt.org\\\/en\\\/evenement\\\/\"},{\"@type\":\"ListItem\",\"position\":3,\"name\":\"Stammtisch Aachen\"}]},{\"@type\":\"WebSite\",\"@id\":\"https:\\\/\\\/www.cbti-bkvt.org\\\/en\\\/#website\",\"url\":\"https:\\\/\\\/www.cbti-bkvt.org\\\/en\\\/\",\"name\":\"Chambre Belge des Traducteurs et Interpr\u00e8tes | Belgische Kamer van Vertalers en Tolken\",\"description\":\"M\u00e9tiers de la traduction \u00e9crite, l\u2019interpr\u00e9tation de conf\u00e9rence, la traduction et l\u2019interpr\u00e9tation en milieu judiciaire.\",\"potentialAction\":[{\"@type\":\"SearchAction\",\"target\":{\"@type\":\"EntryPoint\",\"urlTemplate\":\"https:\\\/\\\/www.cbti-bkvt.org\\\/en\\\/?s={search_term_string}\"},\"query-input\":{\"@type\":\"PropertyValueSpecification\",\"valueRequired\":true,\"valueName\":\"search_term_string\"}}],\"inLanguage\":\"en-US\"}]}<\/script>\n<!-- \/ Yoast SEO plugin. -->","yoast_head_json":{"title":"Chambre Belge des Traducteurs et Interpr\u00e8tes | Belgische Kamer van Vertalers en Tolken","robots":{"index":"index","follow":"follow","max-snippet":"max-snippet:-1","max-image-preview":"max-image-preview:large","max-video-preview":"max-video-preview:-1"},"canonical":"https:\/\/www.cbti-bkvt.org\/en\/evenement\/stammtisch-aachen\/","og_locale":"en_US","og_type":"article","og_title":"Stammtisch Aachen - Chambre Belge des Traducteurs et Interpr\u00e8tes | Belgische Kamer van Vertalers en Tolken","og_description":"Es treffen sich monatlich verbandsungebunden \u00dcbersetzer aus dem Raum Aachen. Der Termin liegt in der Regel am ersten Freitag im Monat. Interessenten aus Belgien, den Niederlanden und Deutschland sind herzlich eingeladen. Interessenten k\u00f6nnen sich bei den genannten Kontaktpersonen auf der Yahoo-Verteilerliste mit einer leeren Email unter AachenerStammtisch-subscribe@yahoogroups.de anmelden. Themenabend Gemeinsamer Erfahrungsaustausch zum Thema \u201eSelbst\u00e4ndigkeit Fluch&hellip;&nbsp;Read More &raquo;Stammtisch Aachen","og_url":"https:\/\/www.cbti-bkvt.org\/en\/evenement\/stammtisch-aachen\/","og_site_name":"Chambre Belge des Traducteurs et Interpr\u00e8tes | Belgische Kamer van Vertalers en Tolken","twitter_card":"summary_large_image","schema":{"@context":"https:\/\/schema.org","@graph":[{"@type":"WebPage","@id":"https:\/\/www.cbti-bkvt.org\/en\/evenement\/stammtisch-aachen\/","url":"https:\/\/www.cbti-bkvt.org\/en\/evenement\/stammtisch-aachen\/","name":"Stammtisch Aachen - Chambre Belge des Traducteurs et Interpr\u00e8tes | Belgische Kamer van Vertalers en Tolken","isPartOf":{"@id":"https:\/\/www.cbti-bkvt.org\/en\/#website"},"primaryImageOfPage":{"@id":"https:\/\/www.cbti-bkvt.org\/en\/evenement\/stammtisch-aachen\/#primaryimage"},"image":{"@id":"https:\/\/www.cbti-bkvt.org\/en\/evenement\/stammtisch-aachen\/#primaryimage"},"thumbnailUrl":"https:\/\/www.cbti-bkvt.org\/wp-content\/uploads\/1024px-Aachen_Dom_um_1900-1.jpg","datePublished":"2014-05-03T08:39:31+00:00","breadcrumb":{"@id":"https:\/\/www.cbti-bkvt.org\/en\/evenement\/stammtisch-aachen\/#breadcrumb"},"inLanguage":"en-US","potentialAction":[{"@type":"ReadAction","target":["https:\/\/www.cbti-bkvt.org\/en\/evenement\/stammtisch-aachen\/"]}]},{"@type":"ImageObject","inLanguage":"en-US","@id":"https:\/\/www.cbti-bkvt.org\/en\/evenement\/stammtisch-aachen\/#primaryimage","url":"https:\/\/www.cbti-bkvt.org\/wp-content\/uploads\/1024px-Aachen_Dom_um_1900-1.jpg","contentUrl":"https:\/\/www.cbti-bkvt.org\/wp-content\/uploads\/1024px-Aachen_Dom_um_1900-1.jpg","width":1024,"height":759},{"@type":"BreadcrumbList","@id":"https:\/\/www.cbti-bkvt.org\/en\/evenement\/stammtisch-aachen\/#breadcrumb","itemListElement":[{"@type":"ListItem","position":1,"name":"Home","item":"https:\/\/www.cbti-bkvt.org\/en\/"},{"@type":"ListItem","position":2,"name":"\u00c9v\u00e8nements","item":"https:\/\/www.cbti-bkvt.org\/en\/evenement\/"},{"@type":"ListItem","position":3,"name":"Stammtisch Aachen"}]},{"@type":"WebSite","@id":"https:\/\/www.cbti-bkvt.org\/en\/#website","url":"https:\/\/www.cbti-bkvt.org\/en\/","name":"Chambre Belge des Traducteurs et Interpr\u00e8tes | Belgische Kamer van Vertalers en Tolken","description":"M\u00e9tiers de la traduction \u00e9crite, l\u2019interpr\u00e9tation de conf\u00e9rence, la traduction et l\u2019interpr\u00e9tation en milieu judiciaire.","potentialAction":[{"@type":"SearchAction","target":{"@type":"EntryPoint","urlTemplate":"https:\/\/www.cbti-bkvt.org\/en\/?s={search_term_string}"},"query-input":{"@type":"PropertyValueSpecification","valueRequired":true,"valueName":"search_term_string"}}],"inLanguage":"en-US"}]}},"_links":{"self":[{"href":"https:\/\/www.cbti-bkvt.org\/en\/wp-json\/wp\/v2\/evenement\/25001","targetHints":{"allow":["GET"]}}],"collection":[{"href":"https:\/\/www.cbti-bkvt.org\/en\/wp-json\/wp\/v2\/evenement"}],"about":[{"href":"https:\/\/www.cbti-bkvt.org\/en\/wp-json\/wp\/v2\/types\/evenement"}],"wp:featuredmedia":[{"embeddable":true,"href":"https:\/\/www.cbti-bkvt.org\/en\/wp-json\/wp\/v2\/media\/24998"}],"wp:attachment":[{"href":"https:\/\/www.cbti-bkvt.org\/en\/wp-json\/wp\/v2\/media?parent=25001"}],"wp:term":[{"taxonomy":"evenement-type","embeddable":true,"href":"https:\/\/www.cbti-bkvt.org\/en\/wp-json\/wp\/v2\/evenement-type?post=25001"}],"curies":[{"name":"wp","href":"https:\/\/api.w.org\/{rel}","templated":true}]}}

<p>Es treffen sich monatlich verbandsungebunden Übersetzer aus dem Raum Aachen. Der Termin liegt in der Regel am ersten Freitag im Monat. Interessenten aus Belgien, den Niederlanden und Deutschland sind herzlich eingeladen. Interessenten können sich bei den genannten Kontaktpersonen auf der Yahoo-Verteilerliste mit einer leeren Email unter AachenerStammtisch-subscribe@yahoogroups.de anmelden.</p>
<h4>Themenabend</h4>
<p>Gemeinsamer Erfahrungsaustausch zum Thema „Selbständigkeit Fluch oder Segen“</p>
<h4>Kontaktpersonen</h4>
<p><b>Karen Leube</b><br />leubetranslation@aol.com<br />+49 241 99.78.59.80</p>
<p><b>Katja Mailänder</b><br />katja.mailaender@web.de<br />+49 241 868.86</p>

<!-- This site is optimized with the Yoast SEO plugin v27.4 - https://yoast.com/product/yoast-seo-wordpress/ -->
<title>Chambre Belge des Traducteurs et Interprètes | Belgische Kamer van Vertalers en Tolken</title>
<meta name="robots" content="index, follow, max-snippet:-1, max-image-preview:large, max-video-preview:-1" />
<link rel="canonical" href="https://www.cbti-bkvt.org/en/evenement/stammtisch-aachen/" />
<meta property="og:locale" content="en_US" />
<meta property="og:type" content="article" />
<meta property="og:title" content="Stammtisch Aachen - Chambre Belge des Traducteurs et Interprètes | Belgische Kamer van Vertalers en Tolken" />
<meta property="og:description" content="Es treffen sich monatlich verbandsungebunden Übersetzer aus dem Raum Aachen. Der Termin liegt in der Regel am ersten Freitag im Monat. Interessenten aus Belgien, den Niederlanden und Deutschland sind herzlich eingeladen. Interessenten können sich bei den genannten Kontaktpersonen auf der Yahoo-Verteilerliste mit einer leeren Email unter AachenerStammtisch-subscribe@yahoogroups.de anmelden. Themenabend Gemeinsamer Erfahrungsaustausch zum Thema „Selbständigkeit Fluch&hellip;&nbsp;Read More &raquo;Stammtisch Aachen" />
<meta property="og:url" content="https://www.cbti-bkvt.org/en/evenement/stammtisch-aachen/" />
<meta property="og:site_name" content="Chambre Belge des Traducteurs et Interprètes | Belgische Kamer van Vertalers en Tolken" />
<meta name="twitter:card" content="summary_large_image" />
<script type="application/ld+json" class="yoast-schema-graph">{"@context":"https:\/\/schema.org","@graph":[{"@type":"WebPage","@id":"https:\/\/www.cbti-bkvt.org\/en\/evenement\/stammtisch-aachen\/","url":"https:\/\/www.cbti-bkvt.org\/en\/evenement\/stammtisch-aachen\/","name":"Stammtisch Aachen - Chambre Belge des Traducteurs et Interprètes | Belgische Kamer van Vertalers en Tolken","isPartOf":{"@id":"https:\/\/www.cbti-bkvt.org\/en\/#website"},"primaryImageOfPage":{"@id":"https:\/\/www.cbti-bkvt.org\/en\/evenement\/stammtisch-aachen\/#primaryimage"},"image":{"@id":"https:\/\/www.cbti-bkvt.org\/en\/evenement\/stammtisch-aachen\/#primaryimage"},"thumbnailUrl":"https:\/\/www.cbti-bkvt.org\/wp-content\/uploads\/1024px-Aachen_Dom_um_1900-1.jpg","datePublished":"2014-05-03T08:39:31+00:00","breadcrumb":{"@id":"https:\/\/www.cbti-bkvt.org\/en\/evenement\/stammtisch-aachen\/#breadcrumb"},"inLanguage":"en-US","potentialAction":[{"@type":"ReadAction","target":["https:\/\/www.cbti-bkvt.org\/en\/evenement\/stammtisch-aachen\/"]}]},{"@type":"ImageObject","inLanguage":"en-US","@id":"https:\/\/www.cbti-bkvt.org\/en\/evenement\/stammtisch-aachen\/#primaryimage","url":"https:\/\/www.cbti-bkvt.org\/wp-content\/uploads\/1024px-Aachen_Dom_um_1900-1.jpg","contentUrl":"https:\/\/www.cbti-bkvt.org\/wp-content\/uploads\/1024px-Aachen_Dom_um_1900-1.jpg","width":1024,"height":759},{"@type":"BreadcrumbList","@id":"https:\/\/www.cbti-bkvt.org\/en\/evenement\/stammtisch-aachen\/#breadcrumb","itemListElement":[{"@type":"ListItem","position":1,"name":"Home","item":"https:\/\/www.cbti-bkvt.org\/en\/"},{"@type":"ListItem","position":2,"name":"Évènements","item":"https:\/\/www.cbti-bkvt.org\/en\/evenement\/"},{"@type":"ListItem","position":3,"name":"Stammtisch Aachen"}]},{"@type":"WebSite","@id":"https:\/\/www.cbti-bkvt.org\/en\/#website","url":"https:\/\/www.cbti-bkvt.org\/en\/","name":"Chambre Belge des Traducteurs et Interprètes | Belgische Kamer van Vertalers en Tolken","description":"Métiers de la traduction écrite, l’interprétation de conférence, la traduction et l’interprétation en milieu judiciaire.","potentialAction":[{"@type":"SearchAction","target":{"@type":"EntryPoint","urlTemplate":"https:\/\/www.cbti-bkvt.org\/en\/?s={search_term_string}"},"query-input":{"@type":"PropertyValueSpecification","valueRequired":true,"valueName":"search_term_string"}}],"inLanguage":"en-US"}]}</script>
<!-- / Yoast SEO plugin. -->

Chambre Belge des Traducteurs et Interprètes | Belgische Kamer van Vertalers en Tolken

Stammtisch Aachen - Chambre Belge des Traducteurs et Interprètes | Belgische Kamer van Vertalers en Tolken

Es treffen sich monatlich verbandsungebunden Übersetzer aus dem Raum Aachen. Der Termin liegt in der Regel am ersten Freitag im Monat. Interessenten aus Belgien, den Niederlanden und Deutschland sind herzlich eingeladen. Interessenten können sich bei den genannten Kontaktpersonen auf der Yahoo-Verteilerliste mit einer leeren Email unter AachenerStammtisch-subscribe@yahoogroups.de anmelden. Themenabend Gemeinsamer Erfahrungsaustausch zum Thema „Selbständigkeit Fluch&hellip;&nbsp;Read More &raquo;Stammtisch Aachen

Évènements

Métiers de la traduction écrite, l’interprétation de conférence, la traduction et l’interprétation en milieu judiciaire.
