{"id":25295,"date":"2017-09-25T21:49:07","date_gmt":"2017-09-25T21:49:07","guid":{"rendered":"https:\/\/www.cbti-bkvt.org\/evenement\/borrelavond-a-namur\/"},"modified":"2017-09-25T21:49:07","modified_gmt":"2017-09-25T21:49:07","slug":"borrelavond-a-namur","status":"publish","type":"evenement","link":"https:\/\/www.cbti-bkvt.org\/en\/evenement\/borrelavond-a-namur\/","title":{"rendered":"Borrelavond \u00e0 Namur"},"content":{"rendered":"<p>Le <strong>borrelavond<\/strong> pose \u00e0 nouveau ses valises dans la ville de Namur pour un nouveau moment de d\u00e9tente, d&#8217;\u00e9change et de convivialit\u00e9.<\/p>\n<h1>O\u00f9 et quand&nbsp;?<\/h1>\n<p>L\u2019\u00e9v\u00e9nement aura lieu le <strong>jeudi 19 octobre \u00e0 partir de 19h30<\/strong> \u00e0 la brasserie Fran\u00e7ois.  <\/p>\n<p><strong>Brasserie Fran\u00e7ois<\/strong><br \/>\nPlace St Aubain, 3<br \/>\n5000 Namur<br \/>\n<a href=\"http:\/\/www.brasseriefrancois.be\">http:\/\/www.brasseriefrancois.be<\/a><\/p>\n<h1>Modalit\u00e9s pratiques<\/h1>\n<p>Vous aurez la possibilit\u00e9 d&#8217;y d\u00e9guster un d\u00e9licieux menu ou tout simplement d&#8217;y venir boire un verre. Le menu (voir ci-dessous) est propos\u00e9 avec (35 \u20ac) ou sans entr\u00e9e (30 \u20ac). Plusieurs choix sont propos\u00e9s pour l\u2019ap\u00e9ritif, l\u2019entr\u00e9e et le plat.<\/p>\n<h1>Inscription<\/h1>\n<p>Pour vous inscrire, rien de plus simple. Envoyez un e-mail \u00e0 <a href=\"mailto:nicolas.lefevre@translators.be\">nicolas.lefevre@translators.be<\/a>.  Si vous d\u00e9cidez de manger, merci de nous communiquer dans votre message l\u2019ap\u00e9ritif, l\u2019entr\u00e9e et le plat de votre choix.<\/p>\n<p><strong>R\u00e9ponse souhait\u00e9e avant le 10\/10\/2017.<\/strong><\/p>\n<p>Pour rappel, les <em>borrelavonden<\/em> sont ouverts tant aux membres qu\u2019aux non-membres.<\/p>\n<h1>Menu<\/h1>\n<h3>Ap\u00e9ritif<\/h3>\n<blockquote>\n<p>Le kir aligot\u00e9<br \/>\n<em>ou<\/em><br \/>\nLa bi\u00e8re pression (Houppe ou Ram\u00e9e)<br \/>\n<em>ou<\/em><br \/>\nLe jus de pommes artisanal de nos vergers  <\/p>\n<\/blockquote>\n<h3>Entr\u00e9e<\/h3>\n<blockquote>\n<p>Terrine de gibier maison au confit de figues et pain toast\u00e9<br \/>\n<em>ou<\/em><br \/>\nCarpaccio de b\u0153uf, roquette, tomates confites et copeaux de parmesan<br \/>\n<em>ou<\/em><br \/>\nLe duo de croquettes de crevettes, coulis de tomates et persil frit  <\/p>\n<\/blockquote>\n<h3>Plat<\/h3>\n<blockquote>\n<p>Carr\u00e9 de porcelet saumur\u00e9 au miel d\u2019acacia et citron vert, pommes \u00ab Anna \u00bb, haricots verts<br \/>\n<em>ou<\/em><br \/>\nSaumon grill\u00e9 sur peau, b\u00e9arnaise et \u00e9cras\u00e9 de pommes de terre \u00e0 l\u2019huile Kalios<br \/>\n<em>ou<\/em><br \/>\nL\u2019onglet de b\u0153uf \u00e0 l\u2019\u00e9chalote et vin rouge, pommes frites  <\/p>\n<\/blockquote>\n<h3>Dessert<\/h3>\n<blockquote>\n<p>Caf\u00e9 gourmand (assortiment de petits desserts)<\/p>\n<\/blockquote>\n<p><em>1 bouteille de vin rouge ou blanc pour 3 personnes.<\/em><br \/>\n<em>Eau plate \u2013 p\u00e9tillante \u00e0 table.<\/em><\/p>\n","protected":false},"featured_media":10353,"parent":0,"template":"","meta":{"_acf_changed":false,"pmpro_default_level":"","neve_meta_sidebar":"","neve_meta_container":"","neve_meta_enable_content_width":"","neve_meta_content_width":0,"neve_meta_title_alignment":"","neve_meta_author_avatar":"","neve_post_elements_order":"","neve_meta_disable_header":"","neve_meta_disable_footer":"","neve_meta_disable_title":"","neve_meta_reading_time":"","_links_to":"","_links_to_target":""},"evenement-type":[440],"class_list":["post-25295","evenement","type-evenement","status-publish","has-post-thumbnail","hentry","evenement-type-networking","pmpro-has-access"],"acf":[],"yoast_head":"<!-- This site is optimized with the Yoast SEO plugin v27.4 - https:\/\/yoast.com\/product\/yoast-seo-wordpress\/ -->\n<title>Chambre Belge des Traducteurs et Interpr\u00e8tes | Belgische Kamer van Vertalers en Tolken<\/title>\n<meta name=\"robots\" content=\"index, follow, max-snippet:-1, max-image-preview:large, max-video-preview:-1\" \/>\n<link rel=\"canonical\" href=\"https:\/\/www.cbti-bkvt.org\/en\/evenement\/borrelavond-a-namur\/\" \/>\n<meta property=\"og:locale\" content=\"en_US\" \/>\n<meta property=\"og:type\" content=\"article\" \/>\n<meta property=\"og:title\" content=\"Borrelavond \u00e0 Namur - Chambre Belge des Traducteurs et Interpr\u00e8tes | Belgische Kamer van Vertalers en Tolken\" \/>\n<meta property=\"og:description\" content=\"Le borrelavond pose \u00e0 nouveau ses valises dans la ville de Namur pour un nouveau moment de d\u00e9tente, d&#8217;\u00e9change et de convivialit\u00e9. O\u00f9 et quand&nbsp;? L\u2019\u00e9v\u00e9nement aura lieu le jeudi 19 octobre \u00e0 partir de 19h30 \u00e0 la brasserie Fran\u00e7ois. Brasserie Fran\u00e7ois Place St Aubain, 3 5000 Namur http:\/\/www.brasseriefrancois.be Modalit\u00e9s pratiques Vous aurez la possibilit\u00e9&hellip;&nbsp;Read More &raquo;Borrelavond \u00e0 Namur\" \/>\n<meta property=\"og:url\" content=\"https:\/\/www.cbti-bkvt.org\/en\/evenement\/borrelavond-a-namur\/\" \/>\n<meta property=\"og:site_name\" content=\"Chambre Belge des Traducteurs et Interpr\u00e8tes | Belgische Kamer van Vertalers en Tolken\" \/>\n<meta name=\"twitter:card\" content=\"summary_large_image\" \/>\n<meta name=\"twitter:label1\" content=\"Est. reading time\" \/>\n\t<meta name=\"twitter:data1\" content=\"1 minute\" \/>\n<script type=\"application\/ld+json\" class=\"yoast-schema-graph\">{\"@context\":\"https:\\\/\\\/schema.org\",\"@graph\":[{\"@type\":\"WebPage\",\"@id\":\"https:\\\/\\\/www.cbti-bkvt.org\\\/en\\\/evenement\\\/borrelavond-a-namur\\\/\",\"url\":\"https:\\\/\\\/www.cbti-bkvt.org\\\/en\\\/evenement\\\/borrelavond-a-namur\\\/\",\"name\":\"Borrelavond \u00e0 Namur - Chambre Belge des Traducteurs et Interpr\u00e8tes | Belgische Kamer van Vertalers en Tolken\",\"isPartOf\":{\"@id\":\"https:\\\/\\\/www.cbti-bkvt.org\\\/en\\\/#website\"},\"primaryImageOfPage\":{\"@id\":\"https:\\\/\\\/www.cbti-bkvt.org\\\/en\\\/evenement\\\/borrelavond-a-namur\\\/#primaryimage\"},\"image\":{\"@id\":\"https:\\\/\\\/www.cbti-bkvt.org\\\/en\\\/evenement\\\/borrelavond-a-namur\\\/#primaryimage\"},\"thumbnailUrl\":\"https:\\\/\\\/www.cbti-bkvt.org\\\/wp-content\\\/uploads\\\/jay-wennington-2065__1_-min-2.jpg\",\"datePublished\":\"2017-09-25T21:49:07+00:00\",\"breadcrumb\":{\"@id\":\"https:\\\/\\\/www.cbti-bkvt.org\\\/en\\\/evenement\\\/borrelavond-a-namur\\\/#breadcrumb\"},\"inLanguage\":\"en-US\",\"potentialAction\":[{\"@type\":\"ReadAction\",\"target\":[\"https:\\\/\\\/www.cbti-bkvt.org\\\/en\\\/evenement\\\/borrelavond-a-namur\\\/\"]}]},{\"@type\":\"ImageObject\",\"inLanguage\":\"en-US\",\"@id\":\"https:\\\/\\\/www.cbti-bkvt.org\\\/en\\\/evenement\\\/borrelavond-a-namur\\\/#primaryimage\",\"url\":\"https:\\\/\\\/www.cbti-bkvt.org\\\/wp-content\\\/uploads\\\/jay-wennington-2065__1_-min-2.jpg\",\"contentUrl\":\"https:\\\/\\\/www.cbti-bkvt.org\\\/wp-content\\\/uploads\\\/jay-wennington-2065__1_-min-2.jpg\",\"width\":1000,\"height\":666},{\"@type\":\"BreadcrumbList\",\"@id\":\"https:\\\/\\\/www.cbti-bkvt.org\\\/en\\\/evenement\\\/borrelavond-a-namur\\\/#breadcrumb\",\"itemListElement\":[{\"@type\":\"ListItem\",\"position\":1,\"name\":\"Home\",\"item\":\"https:\\\/\\\/www.cbti-bkvt.org\\\/en\\\/\"},{\"@type\":\"ListItem\",\"position\":2,\"name\":\"\u00c9v\u00e8nements\",\"item\":\"https:\\\/\\\/www.cbti-bkvt.org\\\/en\\\/evenement\\\/\"},{\"@type\":\"ListItem\",\"position\":3,\"name\":\"Borrelavond \u00e0 Namur\"}]},{\"@type\":\"WebSite\",\"@id\":\"https:\\\/\\\/www.cbti-bkvt.org\\\/en\\\/#website\",\"url\":\"https:\\\/\\\/www.cbti-bkvt.org\\\/en\\\/\",\"name\":\"Chambre Belge des Traducteurs et Interpr\u00e8tes | Belgische Kamer van Vertalers en Tolken\",\"description\":\"M\u00e9tiers de la traduction \u00e9crite, l\u2019interpr\u00e9tation de conf\u00e9rence, la traduction et l\u2019interpr\u00e9tation en milieu judiciaire.\",\"potentialAction\":[{\"@type\":\"SearchAction\",\"target\":{\"@type\":\"EntryPoint\",\"urlTemplate\":\"https:\\\/\\\/www.cbti-bkvt.org\\\/en\\\/?s={search_term_string}\"},\"query-input\":{\"@type\":\"PropertyValueSpecification\",\"valueRequired\":true,\"valueName\":\"search_term_string\"}}],\"inLanguage\":\"en-US\"}]}<\/script>\n<!-- \/ Yoast SEO plugin. -->","yoast_head_json":{"title":"Chambre Belge des Traducteurs et Interpr\u00e8tes | Belgische Kamer van Vertalers en Tolken","robots":{"index":"index","follow":"follow","max-snippet":"max-snippet:-1","max-image-preview":"max-image-preview:large","max-video-preview":"max-video-preview:-1"},"canonical":"https:\/\/www.cbti-bkvt.org\/en\/evenement\/borrelavond-a-namur\/","og_locale":"en_US","og_type":"article","og_title":"Borrelavond \u00e0 Namur - Chambre Belge des Traducteurs et Interpr\u00e8tes | Belgische Kamer van Vertalers en Tolken","og_description":"Le borrelavond pose \u00e0 nouveau ses valises dans la ville de Namur pour un nouveau moment de d\u00e9tente, d&#8217;\u00e9change et de convivialit\u00e9. O\u00f9 et quand&nbsp;? L\u2019\u00e9v\u00e9nement aura lieu le jeudi 19 octobre \u00e0 partir de 19h30 \u00e0 la brasserie Fran\u00e7ois. Brasserie Fran\u00e7ois Place St Aubain, 3 5000 Namur http:\/\/www.brasseriefrancois.be Modalit\u00e9s pratiques Vous aurez la possibilit\u00e9&hellip;&nbsp;Read More &raquo;Borrelavond \u00e0 Namur","og_url":"https:\/\/www.cbti-bkvt.org\/en\/evenement\/borrelavond-a-namur\/","og_site_name":"Chambre Belge des Traducteurs et Interpr\u00e8tes | Belgische Kamer van Vertalers en Tolken","twitter_card":"summary_large_image","twitter_misc":{"Est. reading time":"1 minute"},"schema":{"@context":"https:\/\/schema.org","@graph":[{"@type":"WebPage","@id":"https:\/\/www.cbti-bkvt.org\/en\/evenement\/borrelavond-a-namur\/","url":"https:\/\/www.cbti-bkvt.org\/en\/evenement\/borrelavond-a-namur\/","name":"Borrelavond \u00e0 Namur - Chambre Belge des Traducteurs et Interpr\u00e8tes | Belgische Kamer van Vertalers en Tolken","isPartOf":{"@id":"https:\/\/www.cbti-bkvt.org\/en\/#website"},"primaryImageOfPage":{"@id":"https:\/\/www.cbti-bkvt.org\/en\/evenement\/borrelavond-a-namur\/#primaryimage"},"image":{"@id":"https:\/\/www.cbti-bkvt.org\/en\/evenement\/borrelavond-a-namur\/#primaryimage"},"thumbnailUrl":"https:\/\/www.cbti-bkvt.org\/wp-content\/uploads\/jay-wennington-2065__1_-min-2.jpg","datePublished":"2017-09-25T21:49:07+00:00","breadcrumb":{"@id":"https:\/\/www.cbti-bkvt.org\/en\/evenement\/borrelavond-a-namur\/#breadcrumb"},"inLanguage":"en-US","potentialAction":[{"@type":"ReadAction","target":["https:\/\/www.cbti-bkvt.org\/en\/evenement\/borrelavond-a-namur\/"]}]},{"@type":"ImageObject","inLanguage":"en-US","@id":"https:\/\/www.cbti-bkvt.org\/en\/evenement\/borrelavond-a-namur\/#primaryimage","url":"https:\/\/www.cbti-bkvt.org\/wp-content\/uploads\/jay-wennington-2065__1_-min-2.jpg","contentUrl":"https:\/\/www.cbti-bkvt.org\/wp-content\/uploads\/jay-wennington-2065__1_-min-2.jpg","width":1000,"height":666},{"@type":"BreadcrumbList","@id":"https:\/\/www.cbti-bkvt.org\/en\/evenement\/borrelavond-a-namur\/#breadcrumb","itemListElement":[{"@type":"ListItem","position":1,"name":"Home","item":"https:\/\/www.cbti-bkvt.org\/en\/"},{"@type":"ListItem","position":2,"name":"\u00c9v\u00e8nements","item":"https:\/\/www.cbti-bkvt.org\/en\/evenement\/"},{"@type":"ListItem","position":3,"name":"Borrelavond \u00e0 Namur"}]},{"@type":"WebSite","@id":"https:\/\/www.cbti-bkvt.org\/en\/#website","url":"https:\/\/www.cbti-bkvt.org\/en\/","name":"Chambre Belge des Traducteurs et Interpr\u00e8tes | Belgische Kamer van Vertalers en Tolken","description":"M\u00e9tiers de la traduction \u00e9crite, l\u2019interpr\u00e9tation de conf\u00e9rence, la traduction et l\u2019interpr\u00e9tation en milieu judiciaire.","potentialAction":[{"@type":"SearchAction","target":{"@type":"EntryPoint","urlTemplate":"https:\/\/www.cbti-bkvt.org\/en\/?s={search_term_string}"},"query-input":{"@type":"PropertyValueSpecification","valueRequired":true,"valueName":"search_term_string"}}],"inLanguage":"en-US"}]}},"_links":{"self":[{"href":"https:\/\/www.cbti-bkvt.org\/en\/wp-json\/wp\/v2\/evenement\/25295","targetHints":{"allow":["GET"]}}],"collection":[{"href":"https:\/\/www.cbti-bkvt.org\/en\/wp-json\/wp\/v2\/evenement"}],"about":[{"href":"https:\/\/www.cbti-bkvt.org\/en\/wp-json\/wp\/v2\/types\/evenement"}],"wp:featuredmedia":[{"embeddable":true,"href":"https:\/\/www.cbti-bkvt.org\/en\/wp-json\/wp\/v2\/media\/10353"}],"wp:attachment":[{"href":"https:\/\/www.cbti-bkvt.org\/en\/wp-json\/wp\/v2\/media?parent=25295"}],"wp:term":[{"taxonomy":"evenement-type","embeddable":true,"href":"https:\/\/www.cbti-bkvt.org\/en\/wp-json\/wp\/v2\/evenement-type?post=25295"}],"curies":[{"name":"wp","href":"https:\/\/api.w.org\/{rel}","templated":true}]}}

Borrelavond à Namur

<p>Le <strong>borrelavond</strong> pose à nouveau ses valises dans la ville de Namur pour un nouveau moment de détente, d&#8217;échange et de convivialité.</p>
<h1>Où et quand&nbsp;?</h1>
<p>L’événement aura lieu le <strong>jeudi 19 octobre à partir de 19h30</strong> à la brasserie François.  </p>
<p><strong>Brasserie François</strong><br />
Place St Aubain, 3<br />
5000 Namur<br />
<a href="http://www.brasseriefrancois.be">http://www.brasseriefrancois.be</a></p>
<h1>Modalités pratiques</h1>
<p>Vous aurez la possibilité d&#8217;y déguster un délicieux menu ou tout simplement d&#8217;y venir boire un verre. Le menu (voir ci-dessous) est proposé avec (35 €) ou sans entrée (30 €). Plusieurs choix sont proposés pour l’apéritif, l’entrée et le plat.</p>
<h1>Inscription</h1>
<p>Pour vous inscrire, rien de plus simple. Envoyez un e-mail à <a href="mailto:nicolas.lefevre@translators.be">nicolas.lefevre@translators.be</a>.  Si vous décidez de manger, merci de nous communiquer dans votre message l’apéritif, l’entrée et le plat de votre choix.</p>
<p><strong>Réponse souhaitée avant le 10/10/2017.</strong></p>
<p>Pour rappel, les <em>borrelavonden</em> sont ouverts tant aux membres qu’aux non-membres.</p>
<h1>Menu</h1>
<h3>Apéritif</h3>
<blockquote>
<p>Le kir aligoté<br />
<em>ou</em><br />
La bière pression (Houppe ou Ramée)<br />
<em>ou</em><br />
Le jus de pommes artisanal de nos vergers  </p>
</blockquote>
<h3>Entrée</h3>
<blockquote>
<p>Terrine de gibier maison au confit de figues et pain toasté<br />
<em>ou</em><br />
Carpaccio de bœuf, roquette, tomates confites et copeaux de parmesan<br />
<em>ou</em><br />
Le duo de croquettes de crevettes, coulis de tomates et persil frit  </p>
</blockquote>
<h3>Plat</h3>
<blockquote>
<p>Carré de porcelet saumuré au miel d’acacia et citron vert, pommes « Anna », haricots verts<br />
<em>ou</em><br />
Saumon grillé sur peau, béarnaise et écrasé de pommes de terre à l’huile Kalios<br />
<em>ou</em><br />
L’onglet de bœuf à l’échalote et vin rouge, pommes frites  </p>
</blockquote>
<h3>Dessert</h3>
<blockquote>
<p>Café gourmand (assortiment de petits desserts)</p>
</blockquote>
<p><em>1 bouteille de vin rouge ou blanc pour 3 personnes.</em><br />
<em>Eau plate – pétillante à table.</em></p>

<!-- This site is optimized with the Yoast SEO plugin v27.4 - https://yoast.com/product/yoast-seo-wordpress/ -->
<title>Chambre Belge des Traducteurs et Interprètes | Belgische Kamer van Vertalers en Tolken</title>
<meta name="robots" content="index, follow, max-snippet:-1, max-image-preview:large, max-video-preview:-1" />
<link rel="canonical" href="https://www.cbti-bkvt.org/en/evenement/borrelavond-a-namur/" />
<meta property="og:locale" content="en_US" />
<meta property="og:type" content="article" />
<meta property="og:title" content="Borrelavond à Namur - Chambre Belge des Traducteurs et Interprètes | Belgische Kamer van Vertalers en Tolken" />
<meta property="og:description" content="Le borrelavond pose à nouveau ses valises dans la ville de Namur pour un nouveau moment de détente, d&#8217;échange et de convivialité. Où et quand&nbsp;? L’événement aura lieu le jeudi 19 octobre à partir de 19h30 à la brasserie François. Brasserie François Place St Aubain, 3 5000 Namur http://www.brasseriefrancois.be Modalités pratiques Vous aurez la possibilité&hellip;&nbsp;Read More &raquo;Borrelavond à Namur" />
<meta property="og:url" content="https://www.cbti-bkvt.org/en/evenement/borrelavond-a-namur/" />
<meta property="og:site_name" content="Chambre Belge des Traducteurs et Interprètes | Belgische Kamer van Vertalers en Tolken" />
<meta name="twitter:card" content="summary_large_image" />
<meta name="twitter:label1" content="Est. reading time" />
	<meta name="twitter:data1" content="1 minute" />
<script type="application/ld+json" class="yoast-schema-graph">{"@context":"https:\/\/schema.org","@graph":[{"@type":"WebPage","@id":"https:\/\/www.cbti-bkvt.org\/en\/evenement\/borrelavond-a-namur\/","url":"https:\/\/www.cbti-bkvt.org\/en\/evenement\/borrelavond-a-namur\/","name":"Borrelavond à Namur - Chambre Belge des Traducteurs et Interprètes | Belgische Kamer van Vertalers en Tolken","isPartOf":{"@id":"https:\/\/www.cbti-bkvt.org\/en\/#website"},"primaryImageOfPage":{"@id":"https:\/\/www.cbti-bkvt.org\/en\/evenement\/borrelavond-a-namur\/#primaryimage"},"image":{"@id":"https:\/\/www.cbti-bkvt.org\/en\/evenement\/borrelavond-a-namur\/#primaryimage"},"thumbnailUrl":"https:\/\/www.cbti-bkvt.org\/wp-content\/uploads\/jay-wennington-2065__1_-min-2.jpg","datePublished":"2017-09-25T21:49:07+00:00","breadcrumb":{"@id":"https:\/\/www.cbti-bkvt.org\/en\/evenement\/borrelavond-a-namur\/#breadcrumb"},"inLanguage":"en-US","potentialAction":[{"@type":"ReadAction","target":["https:\/\/www.cbti-bkvt.org\/en\/evenement\/borrelavond-a-namur\/"]}]},{"@type":"ImageObject","inLanguage":"en-US","@id":"https:\/\/www.cbti-bkvt.org\/en\/evenement\/borrelavond-a-namur\/#primaryimage","url":"https:\/\/www.cbti-bkvt.org\/wp-content\/uploads\/jay-wennington-2065__1_-min-2.jpg","contentUrl":"https:\/\/www.cbti-bkvt.org\/wp-content\/uploads\/jay-wennington-2065__1_-min-2.jpg","width":1000,"height":666},{"@type":"BreadcrumbList","@id":"https:\/\/www.cbti-bkvt.org\/en\/evenement\/borrelavond-a-namur\/#breadcrumb","itemListElement":[{"@type":"ListItem","position":1,"name":"Home","item":"https:\/\/www.cbti-bkvt.org\/en\/"},{"@type":"ListItem","position":2,"name":"Évènements","item":"https:\/\/www.cbti-bkvt.org\/en\/evenement\/"},{"@type":"ListItem","position":3,"name":"Borrelavond à Namur"}]},{"@type":"WebSite","@id":"https:\/\/www.cbti-bkvt.org\/en\/#website","url":"https:\/\/www.cbti-bkvt.org\/en\/","name":"Chambre Belge des Traducteurs et Interprètes | Belgische Kamer van Vertalers en Tolken","description":"Métiers de la traduction écrite, l’interprétation de conférence, la traduction et l’interprétation en milieu judiciaire.","potentialAction":[{"@type":"SearchAction","target":{"@type":"EntryPoint","urlTemplate":"https:\/\/www.cbti-bkvt.org\/en\/?s={search_term_string}"},"query-input":{"@type":"PropertyValueSpecification","valueRequired":true,"valueName":"search_term_string"}}],"inLanguage":"en-US"}]}</script>
<!-- / Yoast SEO plugin. -->

Chambre Belge des Traducteurs et Interprètes | Belgische Kamer van Vertalers en Tolken

Borrelavond à Namur - Chambre Belge des Traducteurs et Interprètes | Belgische Kamer van Vertalers en Tolken

Le borrelavond pose à nouveau ses valises dans la ville de Namur pour un nouveau moment de détente, d&#8217;échange et de convivialité. Où et quand&nbsp;? L’événement aura lieu le jeudi 19 octobre à partir de 19h30 à la brasserie François. Brasserie François Place St Aubain, 3 5000 Namur http://www.brasseriefrancois.be Modalités pratiques Vous aurez la possibilité&hellip;&nbsp;Read More &raquo;Borrelavond à Namur

Évènements

Métiers de la traduction écrite, l’interprétation de conférence, la traduction et l’interprétation en milieu judiciaire.
