{"id":33584,"date":"2025-07-07T17:41:02","date_gmt":"2025-07-07T15:41:02","guid":{"rendered":"https:\/\/www.cbti-bkvt.org\/evenement\/reunion-pleniere-de-linguajuris\/"},"modified":"2025-10-16T12:33:20","modified_gmt":"2025-10-16T10:33:20","slug":"reunion-pleniere-de-linguajuris","status":"publish","type":"evenement","link":"https:\/\/www.cbti-bkvt.org\/en\/evenement\/reunion-pleniere-de-linguajuris\/","title":{"rendered":"Plenaire vergadering van LinguaJuris op 6 november 2025"},"content":{"rendered":"\n<p>LinguaJuris, de sectorcommissie van be\u00ebdigd vertalers en tolken van de BKVT, organiseert een <strong>nieuwe plenaire vergadering voor de be\u00ebdigde vertalers en tolken die lid zijn van de BKVT<\/strong>. De vergadering vindt plaats <strong>op donderdag 6 november 2025, van 19 tot 21 uur<\/strong>, in Le Grand Caf\u00e9 in Brussel.<\/p>\n\n\n\n<p>Dit is een kans bij uitstek om het ontwerp voor te stellen van het Koninklijk Besluit inzake permanente vorming, waar de BVT\u2019s binnenkort zullen moeten aan voldoen. Ook de recente ontwikkelingen in ons beroep zullen aan bod komen.<\/p>\n\n\n\n<p>\ud83d\uddd3\ufe0f Op de agenda:<\/p>\n\n\n\n<ul class=\"wp-block-list\">\n<li>Verplichte permanente vorming: hoe en waaraan?<\/li>\n\n\n\n<li>Hoe de lijsten opstellen van vereiste activiteiten en vorming en hoe deze up-to-date houden?<\/li>\n\n\n\n<li>Moeten we hier meteen aan beginnen?<\/li>\n<\/ul>\n\n\n\n<p>Deze bijeenkomst is bedoeld als een plek voor uitwisseling en discussie. Alle BVT\u2019s zijn van harte uitgenodigd.<\/p>\n\n\n\n<p>\ud83d\udccd Adres:<\/p>\n\n\n\n<p>Le Grand Caf\u00e9 (https:\/\/www.legrandcafe.be\/)<br>Anspachlaan 78<br>1000 Brussel, Belgi\u00eb<br>1ste verdieping<\/p>\n\n\n\n<p>Le Grand Caf\u00e9 ligt op het Beursplein, vlakbij de Brusselse Grote Markt.<\/p>\n\n\n\n<p>\ud83d\udc49 Inschrijven uiterlijk op 4 november 2025: <a href=\"mailto:secretariaat@translators.be\">secretariaat@translators.be<\/a><\/p>\n\n\n\n<p>\ud83d\udc49 <a href=\"https:\/\/www.cbti-bkvt.org\/wp-content\/uploads\/BKVT-CBTI-LinguaJuris-2025-11-06_nl-Uitnodiging-vergadering-6-november-PDF-A4-1.pdf\">Download de uitnodiging<\/a><\/p>\n\n\n\n<p>Ben je geen lid? Vul gerust het <a href=\"https:\/\/www.cbti-bkvt.org\/nl\/joining\/benefits\">lidmaatschapsformulier<\/a> in en blijf op de hoogte van onze komende activiteiten! <\/p>\n","protected":false},"featured_media":33580,"parent":0,"template":"","meta":{"_acf_changed":false,"pmpro_default_level":"","neve_meta_sidebar":"","neve_meta_container":"","neve_meta_enable_content_width":"","neve_meta_content_width":0,"neve_meta_title_alignment":"","neve_meta_author_avatar":"","neve_post_elements_order":"","neve_meta_disable_header":"","neve_meta_disable_footer":"","neve_meta_disable_title":"","neve_meta_reading_time":"","_links_to":"","_links_to_target":""},"evenement-type":[416,437],"class_list":["post-33584","evenement","type-evenement","status-publish","has-post-thumbnail","hentry","evenement-type-sectoral-committees","evenement-type-sworn-translators-interpreters","pmpro-has-access"],"acf":[],"yoast_head":"<!-- This site is optimized with the Yoast SEO plugin v27.4 - https:\/\/yoast.com\/product\/yoast-seo-wordpress\/ -->\n<title>Chambre Belge des Traducteurs et Interpr\u00e8tes | Belgische Kamer van Vertalers en Tolken<\/title>\n<meta name=\"robots\" content=\"index, follow, max-snippet:-1, max-image-preview:large, max-video-preview:-1\" \/>\n<link rel=\"canonical\" href=\"https:\/\/www.cbti-bkvt.org\/en\/evenement\/reunion-pleniere-de-linguajuris\/\" \/>\n<meta property=\"og:locale\" content=\"en_US\" \/>\n<meta property=\"og:type\" content=\"article\" \/>\n<meta property=\"og:title\" content=\"Plenaire vergadering van LinguaJuris op 6 november 2025 - Chambre Belge des Traducteurs et Interpr\u00e8tes | Belgische Kamer van Vertalers en Tolken\" \/>\n<meta property=\"og:description\" content=\"LinguaJuris, de sectorcommissie van be\u00ebdigd vertalers en tolken van de BKVT, organiseert een nieuwe plenaire vergadering voor de be\u00ebdigde vertalers en tolken die lid zijn van de BKVT. De vergadering vindt plaats op donderdag 6 november 2025, van 19 tot 21 uur, in Le Grand Caf\u00e9 in Brussel. Dit is een kans bij uitstek om&hellip;&nbsp;Read More &raquo;Plenaire vergadering van LinguaJuris op 6 november 2025\" \/>\n<meta property=\"og:url\" content=\"https:\/\/www.cbti-bkvt.org\/en\/evenement\/reunion-pleniere-de-linguajuris\/\" \/>\n<meta property=\"og:site_name\" content=\"Chambre Belge des Traducteurs et Interpr\u00e8tes | Belgische Kamer van Vertalers en Tolken\" \/>\n<meta property=\"article:modified_time\" content=\"2025-10-16T10:33:20+00:00\" \/>\n<meta property=\"og:image\" content=\"https:\/\/www.cbti-bkvt.org\/wp-content\/uploads\/annie-spratt-hCb3lIB8L8E-unsplash-1024x672.jpg\" \/>\n\t<meta property=\"og:image:width\" content=\"1024\" \/>\n\t<meta property=\"og:image:height\" content=\"672\" \/>\n\t<meta property=\"og:image:type\" content=\"image\/jpeg\" \/>\n<meta name=\"twitter:card\" content=\"summary_large_image\" \/>\n<meta name=\"twitter:label1\" content=\"Est. reading time\" \/>\n\t<meta name=\"twitter:data1\" content=\"2 minutes\" \/>\n<script type=\"application\/ld+json\" class=\"yoast-schema-graph\">{\"@context\":\"https:\\\/\\\/schema.org\",\"@graph\":[{\"@type\":\"WebPage\",\"@id\":\"https:\\\/\\\/www.cbti-bkvt.org\\\/en\\\/evenement\\\/reunion-pleniere-de-linguajuris\\\/\",\"url\":\"https:\\\/\\\/www.cbti-bkvt.org\\\/en\\\/evenement\\\/reunion-pleniere-de-linguajuris\\\/\",\"name\":\"Plenaire vergadering van LinguaJuris op 6 november 2025 - Chambre Belge des Traducteurs et Interpr\u00e8tes | Belgische Kamer van Vertalers en Tolken\",\"isPartOf\":{\"@id\":\"https:\\\/\\\/www.cbti-bkvt.org\\\/en\\\/#website\"},\"primaryImageOfPage\":{\"@id\":\"https:\\\/\\\/www.cbti-bkvt.org\\\/en\\\/evenement\\\/reunion-pleniere-de-linguajuris\\\/#primaryimage\"},\"image\":{\"@id\":\"https:\\\/\\\/www.cbti-bkvt.org\\\/en\\\/evenement\\\/reunion-pleniere-de-linguajuris\\\/#primaryimage\"},\"thumbnailUrl\":\"https:\\\/\\\/www.cbti-bkvt.org\\\/wp-content\\\/uploads\\\/annie-spratt-hCb3lIB8L8E-unsplash.jpg\",\"datePublished\":\"2025-07-07T15:41:02+00:00\",\"dateModified\":\"2025-10-16T10:33:20+00:00\",\"breadcrumb\":{\"@id\":\"https:\\\/\\\/www.cbti-bkvt.org\\\/en\\\/evenement\\\/reunion-pleniere-de-linguajuris\\\/#breadcrumb\"},\"inLanguage\":\"en-US\",\"potentialAction\":[{\"@type\":\"ReadAction\",\"target\":[\"https:\\\/\\\/www.cbti-bkvt.org\\\/en\\\/evenement\\\/reunion-pleniere-de-linguajuris\\\/\"]}]},{\"@type\":\"ImageObject\",\"inLanguage\":\"en-US\",\"@id\":\"https:\\\/\\\/www.cbti-bkvt.org\\\/en\\\/evenement\\\/reunion-pleniere-de-linguajuris\\\/#primaryimage\",\"url\":\"https:\\\/\\\/www.cbti-bkvt.org\\\/wp-content\\\/uploads\\\/annie-spratt-hCb3lIB8L8E-unsplash.jpg\",\"contentUrl\":\"https:\\\/\\\/www.cbti-bkvt.org\\\/wp-content\\\/uploads\\\/annie-spratt-hCb3lIB8L8E-unsplash.jpg\",\"width\":7678,\"height\":5038},{\"@type\":\"BreadcrumbList\",\"@id\":\"https:\\\/\\\/www.cbti-bkvt.org\\\/en\\\/evenement\\\/reunion-pleniere-de-linguajuris\\\/#breadcrumb\",\"itemListElement\":[{\"@type\":\"ListItem\",\"position\":1,\"name\":\"Home\",\"item\":\"https:\\\/\\\/www.cbti-bkvt.org\\\/en\\\/\"},{\"@type\":\"ListItem\",\"position\":2,\"name\":\"\u00c9v\u00e8nements\",\"item\":\"https:\\\/\\\/www.cbti-bkvt.org\\\/en\\\/evenement\\\/\"},{\"@type\":\"ListItem\",\"position\":3,\"name\":\"Plenaire vergadering van LinguaJuris op 6 november 2025\"}]},{\"@type\":\"WebSite\",\"@id\":\"https:\\\/\\\/www.cbti-bkvt.org\\\/en\\\/#website\",\"url\":\"https:\\\/\\\/www.cbti-bkvt.org\\\/en\\\/\",\"name\":\"Chambre Belge des Traducteurs et Interpr\u00e8tes | Belgische Kamer van Vertalers en Tolken\",\"description\":\"M\u00e9tiers de la traduction \u00e9crite, l\u2019interpr\u00e9tation de conf\u00e9rence, la traduction et l\u2019interpr\u00e9tation en milieu judiciaire.\",\"potentialAction\":[{\"@type\":\"SearchAction\",\"target\":{\"@type\":\"EntryPoint\",\"urlTemplate\":\"https:\\\/\\\/www.cbti-bkvt.org\\\/en\\\/?s={search_term_string}\"},\"query-input\":{\"@type\":\"PropertyValueSpecification\",\"valueRequired\":true,\"valueName\":\"search_term_string\"}}],\"inLanguage\":\"en-US\"}]}<\/script>\n<!-- \/ Yoast SEO plugin. -->","yoast_head_json":{"title":"Chambre Belge des Traducteurs et Interpr\u00e8tes | Belgische Kamer van Vertalers en Tolken","robots":{"index":"index","follow":"follow","max-snippet":"max-snippet:-1","max-image-preview":"max-image-preview:large","max-video-preview":"max-video-preview:-1"},"canonical":"https:\/\/www.cbti-bkvt.org\/en\/evenement\/reunion-pleniere-de-linguajuris\/","og_locale":"en_US","og_type":"article","og_title":"Plenaire vergadering van LinguaJuris op 6 november 2025 - Chambre Belge des Traducteurs et Interpr\u00e8tes | Belgische Kamer van Vertalers en Tolken","og_description":"LinguaJuris, de sectorcommissie van be\u00ebdigd vertalers en tolken van de BKVT, organiseert een nieuwe plenaire vergadering voor de be\u00ebdigde vertalers en tolken die lid zijn van de BKVT. De vergadering vindt plaats op donderdag 6 november 2025, van 19 tot 21 uur, in Le Grand Caf\u00e9 in Brussel. Dit is een kans bij uitstek om&hellip;&nbsp;Read More &raquo;Plenaire vergadering van LinguaJuris op 6 november 2025","og_url":"https:\/\/www.cbti-bkvt.org\/en\/evenement\/reunion-pleniere-de-linguajuris\/","og_site_name":"Chambre Belge des Traducteurs et Interpr\u00e8tes | Belgische Kamer van Vertalers en Tolken","article_modified_time":"2025-10-16T10:33:20+00:00","og_image":[{"width":1024,"height":672,"url":"https:\/\/www.cbti-bkvt.org\/wp-content\/uploads\/annie-spratt-hCb3lIB8L8E-unsplash-1024x672.jpg","type":"image\/jpeg"}],"twitter_card":"summary_large_image","twitter_misc":{"Est. reading time":"2 minutes"},"schema":{"@context":"https:\/\/schema.org","@graph":[{"@type":"WebPage","@id":"https:\/\/www.cbti-bkvt.org\/en\/evenement\/reunion-pleniere-de-linguajuris\/","url":"https:\/\/www.cbti-bkvt.org\/en\/evenement\/reunion-pleniere-de-linguajuris\/","name":"Plenaire vergadering van LinguaJuris op 6 november 2025 - Chambre Belge des Traducteurs et Interpr\u00e8tes | Belgische Kamer van Vertalers en Tolken","isPartOf":{"@id":"https:\/\/www.cbti-bkvt.org\/en\/#website"},"primaryImageOfPage":{"@id":"https:\/\/www.cbti-bkvt.org\/en\/evenement\/reunion-pleniere-de-linguajuris\/#primaryimage"},"image":{"@id":"https:\/\/www.cbti-bkvt.org\/en\/evenement\/reunion-pleniere-de-linguajuris\/#primaryimage"},"thumbnailUrl":"https:\/\/www.cbti-bkvt.org\/wp-content\/uploads\/annie-spratt-hCb3lIB8L8E-unsplash.jpg","datePublished":"2025-07-07T15:41:02+00:00","dateModified":"2025-10-16T10:33:20+00:00","breadcrumb":{"@id":"https:\/\/www.cbti-bkvt.org\/en\/evenement\/reunion-pleniere-de-linguajuris\/#breadcrumb"},"inLanguage":"en-US","potentialAction":[{"@type":"ReadAction","target":["https:\/\/www.cbti-bkvt.org\/en\/evenement\/reunion-pleniere-de-linguajuris\/"]}]},{"@type":"ImageObject","inLanguage":"en-US","@id":"https:\/\/www.cbti-bkvt.org\/en\/evenement\/reunion-pleniere-de-linguajuris\/#primaryimage","url":"https:\/\/www.cbti-bkvt.org\/wp-content\/uploads\/annie-spratt-hCb3lIB8L8E-unsplash.jpg","contentUrl":"https:\/\/www.cbti-bkvt.org\/wp-content\/uploads\/annie-spratt-hCb3lIB8L8E-unsplash.jpg","width":7678,"height":5038},{"@type":"BreadcrumbList","@id":"https:\/\/www.cbti-bkvt.org\/en\/evenement\/reunion-pleniere-de-linguajuris\/#breadcrumb","itemListElement":[{"@type":"ListItem","position":1,"name":"Home","item":"https:\/\/www.cbti-bkvt.org\/en\/"},{"@type":"ListItem","position":2,"name":"\u00c9v\u00e8nements","item":"https:\/\/www.cbti-bkvt.org\/en\/evenement\/"},{"@type":"ListItem","position":3,"name":"Plenaire vergadering van LinguaJuris op 6 november 2025"}]},{"@type":"WebSite","@id":"https:\/\/www.cbti-bkvt.org\/en\/#website","url":"https:\/\/www.cbti-bkvt.org\/en\/","name":"Chambre Belge des Traducteurs et Interpr\u00e8tes | Belgische Kamer van Vertalers en Tolken","description":"M\u00e9tiers de la traduction \u00e9crite, l\u2019interpr\u00e9tation de conf\u00e9rence, la traduction et l\u2019interpr\u00e9tation en milieu judiciaire.","potentialAction":[{"@type":"SearchAction","target":{"@type":"EntryPoint","urlTemplate":"https:\/\/www.cbti-bkvt.org\/en\/?s={search_term_string}"},"query-input":{"@type":"PropertyValueSpecification","valueRequired":true,"valueName":"search_term_string"}}],"inLanguage":"en-US"}]}},"_links":{"self":[{"href":"https:\/\/www.cbti-bkvt.org\/en\/wp-json\/wp\/v2\/evenement\/33584","targetHints":{"allow":["GET"]}}],"collection":[{"href":"https:\/\/www.cbti-bkvt.org\/en\/wp-json\/wp\/v2\/evenement"}],"about":[{"href":"https:\/\/www.cbti-bkvt.org\/en\/wp-json\/wp\/v2\/types\/evenement"}],"wp:featuredmedia":[{"embeddable":true,"href":"https:\/\/www.cbti-bkvt.org\/en\/wp-json\/wp\/v2\/media\/33580"}],"wp:attachment":[{"href":"https:\/\/www.cbti-bkvt.org\/en\/wp-json\/wp\/v2\/media?parent=33584"}],"wp:term":[{"taxonomy":"evenement-type","embeddable":true,"href":"https:\/\/www.cbti-bkvt.org\/en\/wp-json\/wp\/v2\/evenement-type?post=33584"}],"curies":[{"name":"wp","href":"https:\/\/api.w.org\/{rel}","templated":true}]}}

<p>LinguaJuris, de sectorcommissie van beëdigd vertalers en tolken van de BKVT, organiseert een <strong>nieuwe plenaire vergadering voor de beëdigde vertalers en tolken die lid zijn van de BKVT</strong>. De vergadering vindt plaats <strong>op donderdag 6 november 2025, van 19 tot 21 uur</strong>, in Le Grand Café in Brussel.</p>



<p>Dit is een kans bij uitstek om het ontwerp voor te stellen van het Koninklijk Besluit inzake permanente vorming, waar de BVT’s binnenkort zullen moeten aan voldoen. Ook de recente ontwikkelingen in ons beroep zullen aan bod komen.</p>



<p>🗓️ Op de agenda:</p>



<ul class="wp-block-list">
<li>Verplichte permanente vorming: hoe en waaraan?</li>



<li>Hoe de lijsten opstellen van vereiste activiteiten en vorming en hoe deze up-to-date houden?</li>



<li>Moeten we hier meteen aan beginnen?</li>
</ul>



<p>Deze bijeenkomst is bedoeld als een plek voor uitwisseling en discussie. Alle BVT’s zijn van harte uitgenodigd.</p>



<p>📍 Adres:</p>



<p>Le Grand Café (https://www.legrandcafe.be/)<br>Anspachlaan 78<br>1000 Brussel, België<br>1ste verdieping</p>



<p>Le Grand Café ligt op het Beursplein, vlakbij de Brusselse Grote Markt.</p>



<p>👉 Inschrijven uiterlijk op 4 november 2025: <a href="mailto:secretariaat@translators.be">secretariaat@translators.be</a></p>



<p>👉 <a href="https://www.cbti-bkvt.org/wp-content/uploads/BKVT-CBTI-LinguaJuris-2025-11-06_nl-Uitnodiging-vergadering-6-november-PDF-A4-1.pdf">Download de uitnodiging</a></p>



<p>Ben je geen lid? Vul gerust het <a href="https://www.cbti-bkvt.org/nl/joining/benefits">lidmaatschapsformulier</a> in en blijf op de hoogte van onze komende activiteiten! </p>

<!-- This site is optimized with the Yoast SEO plugin v27.4 - https://yoast.com/product/yoast-seo-wordpress/ -->
<title>Chambre Belge des Traducteurs et Interprètes | Belgische Kamer van Vertalers en Tolken</title>
<meta name="robots" content="index, follow, max-snippet:-1, max-image-preview:large, max-video-preview:-1" />
<link rel="canonical" href="https://www.cbti-bkvt.org/en/evenement/reunion-pleniere-de-linguajuris/" />
<meta property="og:locale" content="en_US" />
<meta property="og:type" content="article" />
<meta property="og:title" content="Plenaire vergadering van LinguaJuris op 6 november 2025 - Chambre Belge des Traducteurs et Interprètes | Belgische Kamer van Vertalers en Tolken" />
<meta property="og:description" content="LinguaJuris, de sectorcommissie van beëdigd vertalers en tolken van de BKVT, organiseert een nieuwe plenaire vergadering voor de beëdigde vertalers en tolken die lid zijn van de BKVT. De vergadering vindt plaats op donderdag 6 november 2025, van 19 tot 21 uur, in Le Grand Café in Brussel. Dit is een kans bij uitstek om&hellip;&nbsp;Read More &raquo;Plenaire vergadering van LinguaJuris op 6 november 2025" />
<meta property="og:url" content="https://www.cbti-bkvt.org/en/evenement/reunion-pleniere-de-linguajuris/" />
<meta property="og:site_name" content="Chambre Belge des Traducteurs et Interprètes | Belgische Kamer van Vertalers en Tolken" />
<meta property="article:modified_time" content="2025-10-16T10:33:20+00:00" />
<meta property="og:image" content="https://www.cbti-bkvt.org/wp-content/uploads/annie-spratt-hCb3lIB8L8E-unsplash-1024x672.jpg" />
	<meta property="og:image:width" content="1024" />
	<meta property="og:image:height" content="672" />
	<meta property="og:image:type" content="image/jpeg" />
<meta name="twitter:card" content="summary_large_image" />
<meta name="twitter:label1" content="Est. reading time" />
	<meta name="twitter:data1" content="2 minutes" />
<script type="application/ld+json" class="yoast-schema-graph">{"@context":"https:\/\/schema.org","@graph":[{"@type":"WebPage","@id":"https:\/\/www.cbti-bkvt.org\/en\/evenement\/reunion-pleniere-de-linguajuris\/","url":"https:\/\/www.cbti-bkvt.org\/en\/evenement\/reunion-pleniere-de-linguajuris\/","name":"Plenaire vergadering van LinguaJuris op 6 november 2025 - Chambre Belge des Traducteurs et Interprètes | Belgische Kamer van Vertalers en Tolken","isPartOf":{"@id":"https:\/\/www.cbti-bkvt.org\/en\/#website"},"primaryImageOfPage":{"@id":"https:\/\/www.cbti-bkvt.org\/en\/evenement\/reunion-pleniere-de-linguajuris\/#primaryimage"},"image":{"@id":"https:\/\/www.cbti-bkvt.org\/en\/evenement\/reunion-pleniere-de-linguajuris\/#primaryimage"},"thumbnailUrl":"https:\/\/www.cbti-bkvt.org\/wp-content\/uploads\/annie-spratt-hCb3lIB8L8E-unsplash.jpg","datePublished":"2025-07-07T15:41:02+00:00","dateModified":"2025-10-16T10:33:20+00:00","breadcrumb":{"@id":"https:\/\/www.cbti-bkvt.org\/en\/evenement\/reunion-pleniere-de-linguajuris\/#breadcrumb"},"inLanguage":"en-US","potentialAction":[{"@type":"ReadAction","target":["https:\/\/www.cbti-bkvt.org\/en\/evenement\/reunion-pleniere-de-linguajuris\/"]}]},{"@type":"ImageObject","inLanguage":"en-US","@id":"https:\/\/www.cbti-bkvt.org\/en\/evenement\/reunion-pleniere-de-linguajuris\/#primaryimage","url":"https:\/\/www.cbti-bkvt.org\/wp-content\/uploads\/annie-spratt-hCb3lIB8L8E-unsplash.jpg","contentUrl":"https:\/\/www.cbti-bkvt.org\/wp-content\/uploads\/annie-spratt-hCb3lIB8L8E-unsplash.jpg","width":7678,"height":5038},{"@type":"BreadcrumbList","@id":"https:\/\/www.cbti-bkvt.org\/en\/evenement\/reunion-pleniere-de-linguajuris\/#breadcrumb","itemListElement":[{"@type":"ListItem","position":1,"name":"Home","item":"https:\/\/www.cbti-bkvt.org\/en\/"},{"@type":"ListItem","position":2,"name":"Évènements","item":"https:\/\/www.cbti-bkvt.org\/en\/evenement\/"},{"@type":"ListItem","position":3,"name":"Plenaire vergadering van LinguaJuris op 6 november 2025"}]},{"@type":"WebSite","@id":"https:\/\/www.cbti-bkvt.org\/en\/#website","url":"https:\/\/www.cbti-bkvt.org\/en\/","name":"Chambre Belge des Traducteurs et Interprètes | Belgische Kamer van Vertalers en Tolken","description":"Métiers de la traduction écrite, l’interprétation de conférence, la traduction et l’interprétation en milieu judiciaire.","potentialAction":[{"@type":"SearchAction","target":{"@type":"EntryPoint","urlTemplate":"https:\/\/www.cbti-bkvt.org\/en\/?s={search_term_string}"},"query-input":{"@type":"PropertyValueSpecification","valueRequired":true,"valueName":"search_term_string"}}],"inLanguage":"en-US"}]}</script>
<!-- / Yoast SEO plugin. -->

Chambre Belge des Traducteurs et Interprètes | Belgische Kamer van Vertalers en Tolken

Plenaire vergadering van LinguaJuris op 6 november 2025 - Chambre Belge des Traducteurs et Interprètes | Belgische Kamer van Vertalers en Tolken

LinguaJuris, de sectorcommissie van beëdigd vertalers en tolken van de BKVT, organiseert een nieuwe plenaire vergadering voor de beëdigde vertalers en tolken die lid zijn van de BKVT. De vergadering vindt plaats op donderdag 6 november 2025, van 19 tot 21 uur, in Le Grand Café in Brussel. Dit is een kans bij uitstek om&hellip;&nbsp;Read More &raquo;Plenaire vergadering van LinguaJuris op 6 november 2025

Évènements

Métiers de la traduction écrite, l’interprétation de conférence, la traduction et l’interprétation en milieu judiciaire.
